Raporty NOAA

Zaznacz rok lub miesiac
V/Λ2018 > Sty Lut Mar Kwi Maj Cze Lip Sie Wrz Paz Lis Gru
V/Λ2017 > Sty Lut Mar Kwi Maj Cze Lip Sie Wrz Paz Lis Gru
V/Λ2016 > Sty Lut Mar Kwi Maj Cze Lip Sie Wrz Paz Lis Gru
V/Λ2015 > Sty Lut Mar Kwi Maj Cze Lip Sie Wrz Paz Lis Gru
V/Λ2014 > Sty Lut Mar Kwi Maj Cze Lip Sie Wrz Paz Lis Gru
V/Λ2013 > Sty Lut Mar Kwi Maj Cze Lip Sie Wrz Paz Lis Gru
V/Λ2012 > Sty Lut Mar Kwi Maj Cze Lip Sie Wrz Paz Lis Gru
V/Λ2011 > Sty Lut Mar Kwi Maj Cze Lip Sie Wrz Paz Lis Gru

Raport z 2015 Lip
                   Monthly Climatological Summary for lip 2015

Name: Jejkowice   City: Jejkowice   State: Slaskie
Elevation: 273 m  Lat: N 50 05' 13"   Lon: E 018 31' 38"

                  Temperature (C), Rain (mm), Wind Speed (km/h)

                                      Heat  Cool        Avg
    Mean                              Deg   Deg         Wind                 Dom
Day Temp  High   Time   Low    Time   Days  Days  Rain  Speed High   Time    Dir
----------------------------------------------------------------------------------
 1  21,4  26,9   17:36  15,1   04:43   0,5   3,5   0,0   3,2  25,7   10:28   ENE
 2  22,8  29,1   17:16  15,5   05:10   0,3   4,8   0,0   1,3  32,2   16:29   ENE
 3  23,9  31,2   18:02  15,8   04:53   0,2   5,8   0,0   0,9  14,5   12:46   ESE
 4  25,6  32,7   17:15  17,1   04:21   0,1   7,4   0,0   3,1  22,5   08:54     S
 5  27,0  34,8   16:51  19,1   05:00   0,0   8,7   0,0   2,1  16,1   12:50   SSE
 6  25,8  31,8   14:26  21,2   04:59   0,0   7,5   0,0   4,7  40,2   16:30    SE
 7  26,0  33,9   18:33  16,9   05:03   0,1   7,8   0,0   1,9  25,7   17:22   SSE
 8  21,5  27,8   02:38  17,9   23:38   0,0   3,1  29,0   8,4  88,5   04:47     S
 9  17,0  21,7   13:36  12,6   23:59   2,0   0,6   0,0   7,4  46,7   13:58     S
10  14,8  18,8   15:08  11,5   05:49   3,5   0,0   0,0   8,6  43,5   11:22     S
11  16,6  22,9   17:10   8,9   05:10   2,7   1,1   0,0   6,1  32,2   12:29     S
12  20,6  27,0   16:50  12,9   05:16   0,9   3,2   0,0   4,3  43,5   22:45    SE
13  16,6  20,4   17:47  14,7   03:38   1,9   0,2   8,5   6,7  43,5   00:01     S
14  18,8  23,3   15:40  15,6   05:25   0,9   1,3   0,3   4,9  29,0   11:01     S
15  19,6  24,3   17:41  16,9   06:05   0,3   1,5   1,5   5,5  29,0   19:13     S
16  22,3  29,1   18:10  15,3   05:22   0,3   4,3   0,0   2,0  25,7   15:27     S
17  25,8  32,7   16:34  18,6   05:20   0,0   7,5   0,0   2,2  27,4   17:35   SSE
18  25,5  34,8   17:07  19,7   18:30   0,0   7,2  26,9   4,9  90,1   18:05   ESE
19  26,1  33,2   16:16  19,8   04:43   0,0   7,8   0,1   4,7  83,7   19:52   SSE
20  22,6  28,0   18:13  18,2   07:52   0,0   4,3   0,0   4,5  43,5   00:24   SSE
21  24,9  33,6   18:22  16,3   04:52   0,2   6,8   0,0   2,3  25,7   11:40   SSE
22  28,3  35,7   17:37  20,4   05:09   0,0  10,0   0,0   1,9  27,4   01:05   ENE
23  25,1  27,1   10:57  22,6   05:26   0,0   6,8   0,0   4,2  32,2   11:31   ESE
24  25,1  31,1   17:30  20,3   04:56   0,0   6,8   0,0   3,0  25,7   01:00   ENE
25  24,6  31,4   12:10  20,1   23:03   0,0   6,3   6,7   5,3  75,6   12:49   SSE
26  19,4  24,7   18:05  15,6   06:35   0,5   1,6   5,5   6,1  33,8   00:05     S
27  17,1  21,3   17:15  13,5   05:10   1,8   0,6   0,7   6,0  35,4   14:59     S
28  18,9  23,3   14:16  15,1   05:11   0,9   1,5   0,1  10,0  56,3   14:25     S
29  18,6  23,7   17:57  15,2   06:56   0,9   1,3   0,4   7,5  35,4   16:20     S
30  18,3  22,8   17:10  13,8   06:00   1,3   1,3   0,0   8,7  40,2   13:05     S
31  17,6  23,7   17:56  13,1   04:14   1,8   1,1   0,0   4,4  29,0   13:58     E
----------------------------------------------------------------------------------
    21,9  35,7    22     8,9    11    21,1 131,7  79,7   4,7  90,1    18     SSE

Max >=  20,0: 30
Max <=  10,0:  0
Min <=   0,0:  0
Min <= -10,0:  0
Max Rain: 29,0 on day 8
Days of Rain: 9 (>= 0,2 mm)  5 (>= 2,0 mm)  2 (>= 20,0 mm)
Heat Base: 18,3  Cool Base: 18,3  Method: Integration