Raporty NOAA

Zaznacz rok lub miesiac

Raport z 2015 Sie
                   Monthly Climatological Summary for sie 2015

Name: Rybnik-Smolna   City: Rybnik-Smolna   State: Slaskie
Elevation: 273 m  Lat: N 50 05' 13"   Lon: E 018 31' 38"

                  Temperature (C), Rain (mm), Wind Speed (km/h)

                                      Heat  Cool        Avg
    Mean                              Deg   Deg         Wind                 Dom
Day Temp  High   Time   Low    Time   Days  Days  Rain  Speed High   Time    Dir
----------------------------------------------------------------------------------
 1  19,8  27,2   18:20  11,7   05:26   1,6   3,1   0,0   1,1  12,9   13:08     E
 2  21,2  25,7   13:43  16,6   05:50   0,3   3,2   0,0   0,5   9,7   11:12   ENE
 3  23,4  32,6   17:56  15,1   05:08   0,5   5,7   0,0   1,5  24,1   13:06    NE
 4  25,1  33,0   17:00  17,8   05:02   0,0   6,8   0,0   0,9  17,7   14:58     E
 5  25,2  31,9   17:06  21,0   02:56   0,0   6,9   0,0   3,6  29,0   08:54    SE
 6  26,4  34,9   18:23  18,6   05:14   0,0   8,0   0,0   0,7  19,3   13:00   ENE
 7  28,5  36,1   17:31  21,2   05:34   0,0  10,2   0,0   1,2  19,3   14:40     E
 8  29,3  36,0   17:15  22,4   05:18   0,0  11,0   0,0   2,9  22,5   10:14   ESE
 9  28,6  35,4   14:52  23,2   05:46   0,0  10,3   0,0   2,9  17,7   12:15   SSE
10  27,5  35,2   14:59  21,4   05:42   0,0   9,1   0,0   3,4  32,2   17:28   ENE
11  28,5  36,3   15:44  22,8   05:23   0,0  10,2   0,0   1,0  25,7   18:04   ENE
12  25,7  34,8   14:27  21,2   05:39   0,0   7,1   0,4   3,6  48,3   15:36     E
13  26,1  33,7   17:26  19,6   05:00   0,0   7,8   0,0   3,8  40,2   17:54   ENE
14  26,9  32,8   14:29  21,2   05:47   0,0   8,6   0,0   1,7  19,3   15:33     E
15  25,8  33,4   13:51  20,7   05:56   0,0   7,4   0,0   1,8  24,1   14:57     E
16  22,2  25,9   15:34  19,3   23:43   0,0   3,9   0,6   3,7  33,8   14:24     E
17  19,2  21,3   18:12  16,9   05:18   0,1   1,0   1,7   2,4  24,1   12:40   ENE
18  21,6  25,9   14:49  18,5   05:50   0,0   3,3   0,0   3,0  40,2   14:50   ESE
19  20,0  25,1   16:09  14,9   05:58   0,5   2,2   0,0   4,4  38,6   13:31    SE
20  18,7  24,6   16:52  12,8   06:00   1,4   1,8   0,0   4,0  40,2   14:00   ESE
21  19,2  25,3   15:51  12,6   06:00   1,4   2,2   0,0   2,8  33,8   14:04   ESE
22  17,8  23,8   14:38  12,9   06:06   1,5   1,0   0,0   4,6  38,6   16:28   ENE
23  19,7  26,6   16:33  14,3   05:47   1,1   2,6   0,0   1,3  16,1   13:39    NE
24  21,7  26,9   14:31  15,8   03:20   0,5   3,9   0,0   3,8  27,4   13:36    NE
25  18,4  22,3   07:50  14,1   23:21   1,2   1,3   8,5   3,9  37,0   10:56     S
26  17,4  26,7   18:36  11,7   06:30   1,3   2,4   0,0   0,7  14,5   14:02    SE
27  21,7  28,8   15:49  13,2   05:36   1,0   4,4   0,0   5,4  35,4   12:55     S
28  24,6  31,7   15:09  18,3   06:00   0,0   6,3   0,0   7,0  37,0   10:04     S
29  21,5  25,8   16:58  18,5   06:38   0,0   3,2   0,0   5,2  27,4   01:55    NE
30  25,7  34,2   15:49  17,3   05:54   0,1   7,5   0,0   3,7  29,0   17:20     S
31  27,4  34,1   15:28  19,9   06:10   0,0   9,1   0,0   5,1  38,6   16:16   SSE
----------------------------------------------------------------------------------
    23,4  36,3    11    11,7     1    12,5 171,5  11,2   2,9  48,3    12     ESE

Max >=  20,0: 31
Max <=  10,0:  0
Min <=   0,0:  0
Min <= -10,0:  0
Max Rain: 8,5 on day 25
Days of Rain: 4 (>= 0,2 mm)  1 (>= 2,0 mm)  0 (>= 20,0 mm)
Heat Base: 18,3  Cool Base: 18,3  Method: Integration