Raporty NOAA

Zaznacz rok lub miesiac

Raport z 2015 Wrz
                   Monthly Climatological Summary for wrz 2015

Name: Rybnik-Smolna   City: Rybnik-Smolna   State: Slaskie
Elevation: 273 m  Lat: N 50 05' 13"   Lon: E 018 31' 38"

                  Temperature (C), Rain (mm), Wind Speed (km/h)

                                      Heat  Cool        Avg
    Mean                              Deg   Deg         Wind                 Dom
Day Temp  High   Time   Low    Time   Days  Days  Rain  Speed High   Time    Dir
----------------------------------------------------------------------------------
 1  26,9  33,8   17:04  20,1   06:23   0,0   8,6   0,0   6,9  35,4   12:05     S
 2  18,5  23,7   00:00  15,7   10:00   0,8   1,0   0,4   3,9  41,8   05:44   SSE
 3  18,7  23,8   16:20  13,7   06:23   1,1   1,5   0,0   1,9  22,5   13:43   ENE
 4  16,8  22,1   18:10  14,2   06:47   2,0   0,4   6,7   8,1  32,2   01:43   SSE
 5  16,7  21,9   15:30  12,8   05:10   2,2   0,6   0,0  13,3  37,0   16:00     S
 6  13,0  15,8   13:30  11,0   09:40   5,3   0,0   3,1  23,8  59,5   15:00     S
 7  13,0  16,8   17:10  11,0   00:00   5,3   0,0   0,0  24,1  43,5   11:20     S
 8  12,6  17,4   16:10   8,5   06:10   5,7   0,0   0,0  14,7  43,5   21:30     S
 9  12,7  16,9   18:10  10,4   07:20   5,5   0,0   0,0   6,9  24,1   13:50   ENE
10  14,6  19,8   17:02   9,6   06:15   3,7   0,1   0,1   2,4  32,2   12:54     E
11  15,3  19,6   13:56  12,4   06:31   3,1   0,1   1,3   0,3   9,7   05:38   ENE
12  16,8  22,4   16:41  12,8   06:39   2,3   0,8   0,0   2,9  29,0   16:05     S
13  18,3  25,2   16:07  11,7   04:55   2,0   2,0   0,0   1,5  16,1   12:59    NE
14  20,0  26,0   14:25  13,7   05:53   1,0   2,7   1,8   4,1  35,4   12:30    NE
15  19,0  24,6   16:38  13,9   05:46   1,1   1,8   0,0   2,1  22,5   00:30   SSE
16  22,2  27,8   17:37  16,7   06:42   0,2   4,1   0,0   4,5  48,3   13:03    SE
17  24,3  30,2   17:05  16,6   06:45   0,1   6,1   0,0   4,6  46,7   23:53   ESE
18  18,5  24,9   00:00  14,9   23:54   0,6   0,8   0,6   4,7  45,1   00:49   ENE
19  16,2  20,9   16:31  14,1   07:30   2,3   0,2   2,8   1,9  17,7   15:57   ENE
20  14,2  16,2   16:46  10,4   23:59   4,0   0,0   0,0   3,6  32,2   12:15    SE
21  12,5  15,9   13:03   9,2   05:35   5,8   0,0   0,0   2,6  24,1   11:20   SSE
22  13,1  20,4   16:10   5,3   07:02   5,4   0,3   0,0   1,7  20,9   12:17    NE
23  17,0  21,8   14:55  13,0   00:25   2,1   0,8   0,0   1,6  14,5   20:49     S
24  15,0  18,2   17:00  10,5   06:50   3,3   0,0   0,0   4,9  30,6   15:47    NE
25  15,8  18,1   17:15  13,7   10:25   2,5   0,0   0,3   3,9  30,6   01:08   ENE
26  12,5  15,6   00:01  11,4   07:28   5,8   0,0   6,4   4,1  33,8   16:23    NE
27  12,2  15,3   17:24   9,7   07:48   6,1   0,0   0,0   5,2  37,0   13:14    NE
28  11,4  15,8   15:50   6,9   05:56   6,9   0,0   0,0   8,9  43,5   14:48    NE
29  11,6  15,4   17:16   8,9   06:24   6,7   0,0   0,0   5,5  41,8   16:35   ENE
30  10,7  14,3   16:04   8,3   21:25   7,6   0,0   0,0   3,1  37,0   09:58   ENE
----------------------------------------------------------------------------------
    16,0  33,8     1     5,3    22   100,5  31,9  23,5   5,0  59,5     6      SE

Max >=  20,0: 15
Max <=  10,0:  0
Min <=   0,0:  0
Min <= -10,0:  0
Max Rain: 6,7 on day 4
Days of Rain: 9 (>= 0,2 mm)  4 (>= 2,0 mm)  0 (>= 20,0 mm)
Heat Base: 18,3  Cool Base: 18,3  Method: Integration