Raporty NOAA

Zaznacz rok lub miesiac
V/Λ2018 > Sty Lut Mar Kwi Maj Cze Lip Sie Wrz Paz Lis Gru
V/Λ2017 > Sty Lut Mar Kwi Maj Cze Lip Sie Wrz Paz Lis Gru
V/Λ2016 > Sty Lut Mar Kwi Maj Cze Lip Sie Wrz Paz Lis Gru
V/Λ2015 > Sty Lut Mar Kwi Maj Cze Lip Sie Wrz Paz Lis Gru
V/Λ2014 > Sty Lut Mar Kwi Maj Cze Lip Sie Wrz Paz Lis Gru
V/Λ2013 > Sty Lut Mar Kwi Maj Cze Lip Sie Wrz Paz Lis Gru
V/Λ2012 > Sty Lut Mar Kwi Maj Cze Lip Sie Wrz Paz Lis Gru
V/Λ2011 > Sty Lut Mar Kwi Maj Cze Lip Sie Wrz Paz Lis Gru

Raport z 2015 Paz
                   Monthly Climatological Summary for pa 2015

Name: Rybnik-Smolna   City: Rybnik-Smolna   State: Slaskie
Elevation: 273 m  Lat: N 50 05' 13"   Lon: E 018 31' 38"

                  Temperature (C), Rain (mm), Wind Speed (km/h)

                                      Heat  Cool        Avg
    Mean                              Deg   Deg         Wind                 Dom
Day Temp  High   Time   Low    Time   Days  Days  Rain  Speed High   Time    Dir
----------------------------------------------------------------------------------
 1  10,4  17,3   16:24   4,7   06:37   7,9   0,0   0,0   1,0  29,0   12:57   ENE
 2  11,0  20,2   16:22   2,4   06:58   7,5   0,2   0,0   0,7  11,3   12:30     S
 3  14,2  21,9   15:32   6,0   06:46   4,7   0,6   0,0   1,6  16,1   13:12    NE
 4  16,7  21,7   14:26  11,2   06:08   2,3   0,7   0,0   6,1  35,4   14:31     S
 5  16,0  21,0   16:33  11,1   23:58   2,7   0,4   0,0   2,1  22,5   13:26     E
 6  14,3  21,2   16:42   7,2   07:03   4,4   0,4   0,0   0,6  14,5   14:55   ENE
 7  13,0  16,1   14:31   8,2   23:59   5,3   0,0   0,0   2,8  30,6   17:11   ESE
 8   9,3  14,7   14:52   4,2   06:39   9,0   0,0   0,0   0,8  19,3   13:13   ENE
 9   8,7  12,5   14:34   5,8   07:46   9,5   0,0   1,7   3,9  20,9   23:30   ESE
10   6,4  10,9   14:26   3,1   07:14  11,8   0,0   0,0   5,1  27,4   13:01    SE
11   5,4   9,3   14:13   1,8   06:49  12,9   0,0   0,0   5,5  40,2   16:32     E
12   2,5   4,2   00:48   0,9   10:33  15,6   0,0   3,0   8,3  38,6   05:33   ENE
13   3,9   6,2   14:26   1,7   00:00  14,4   0,0   0,0   0,6   8,0   16:48    SE
14   7,5   9,5   17:42   5,4   00:00  10,7   0,0   0,4   1,4  20,9   19:08     E
15   8,3  10,2   15:22   6,6   04:52  10,0   0,0   3,4   1,3  16,1   09:53     E
16  11,9  15,9   13:46   8,9   00:12   6,4   0,0   4,2   0,6  12,9   16:41   ENE
17  11,6  14,3   13:25   8,6   23:37   6,7   0,0   0,1   3,3  20,9   16:32     S
18   8,4  12,8   15:55   3,2   07:50   9,9   0,0   0,0   2,8  24,1   12:30     S
19   9,0  12,5   12:56   6,6   07:24   9,3   0,0   0,0   6,5  30,6   14:28    NE
20   7,1   8,1   15:53   6,1   04:43  11,2   0,0   0,0   4,9  25,7   09:06     E
21   8,1   9,2   14:10   7,1   01:45  10,2   0,0   7,3   5,2  24,1   10:27     S
22   8,2  10,2   15:52   7,2   05:47  10,1   0,0   0,7   3,7  19,3   22:16     S
23  10,1  12,3   14:33   7,6   04:41   8,2   0,0   0,8   6,8  38,6   13:59     S
24  10,9  15,3   15:46   7,3   23:46   7,4   0,0   0,0   1,5  11,3   00:51     S
25   9,8  11,9   14:40   6,1   03:03   8,8   0,0   0,3   7,2  25,7   06:23     S
26   9,0  13,1   14:10   4,9   23:17   9,3   0,0   0,0   1,7  14,5   03:13   ENE
27   7,6  14,9   14:41   3,1   06:22  10,7   0,0   0,0   0,3  11,3   13:25   ENE
28   8,5  16,5   13:51   2,1   06:28   9,8   0,0   0,0   0,2   6,4   11:25     E
29   9,7  14,7   14:10   5,2   06:30   8,0   0,0   0,0   2,5  17,7   17:56   SSE
30  10,2  15,2   14:50   6,9   23:53   8,0   0,0   0,0   1,6   9,7   13:53    NE
31   5,7  10,7   14:21   2,9   23:22  12,6   0,0   0,0   0,2   6,4   08:28   ENE
----------------------------------------------------------------------------------
     9,5  21,9     3     0,9    12   275,3   2,3  21,9   2,9  40,2    11      SE

Max >=  20,0:  5
Max <=  10,0:  6
Min <=   0,0:  0
Min <= -10,0:  0
Max Rain: 7,3 on day 21
Days of Rain: 9 (>= 0,2 mm)  4 (>= 2,0 mm)  0 (>= 20,0 mm)
Heat Base: 18,3  Cool Base: 18,3  Method: Integration