Raporty NOAA

Zaznacz rok lub miesiac

Raport z 2015 Lis
                   Monthly Climatological Summary for lis 2015

Name: Rybnik-Smolna   City: Rybnik-Smolna   State: Slaskie
Elevation: 273 m  Lat: N 50 05' 13"   Lon: E 018 31' 38"

                  Temperature (C), Rain (mm), Wind Speed (km/h)

                                      Heat  Cool        Avg
    Mean                              Deg   Deg         Wind                 Dom
Day Temp  High   Time   Low    Time   Days  Days  Rain  Speed High   Time    Dir
----------------------------------------------------------------------------------
 1   8,4  13,5   13:30   2,7   00:30   9,9   0,0   0,0   8,7  38,6   12:59     S
 2   9,1  15,6   14:41   4,7   23:06   8,5   0,0   0,0   7,4  32,2   02:58     S
 3   8,4  16,1   14:49   2,9   02:20   9,9   0,0   0,0   1,7  19,3   09:49     E
 4   8,9  15,1   14:31   4,3   07:22   9,4   0,0   0,0   4,2  29,0   10:41     S
 5   6,4  12,5   14:27   1,8   06:33  11,9   0,0   0,0   0,9  16,1   11:59     E
 6   7,8  14,4   14:27  -0,3   06:33  10,4   0,0   0,0   1,7  24,1   23:38   SSE
 7  11,6  13,4   10:57  10,5   03:39   6,7   0,0   1,0   5,2  27,4   08:29     S
 8  13,6  17,0   12:37   8,1   23:45   4,7   0,0   0,1   7,5  45,1   11:25     S
 9  10,5  13,2   23:14   5,9   03:56   7,8   0,0   1,7   8,1  35,4   11:13     S
10  14,4  16,6   13:46  12,4   05:35   3,9   0,0   0,4  10,5  46,7   14:04     S
11  14,1  15,4   00:00  12,6   06:35   3,9   0,0   1,8   6,6  30,6   13:44     S
12  12,0  13,6   00:00   8,7   23:59   6,3   0,0   0,0   6,6  29,0   12:03     S
13   9,3  12,6   13:45   5,4   07:30   9,0   0,0   0,0   7,1  38,6   13:20     S
14   8,1  10,1   13:20   5,8   23:35  10,1   0,0  13,0  12,1  56,3   03:54     S
15   7,8  12,0   23:56   5,2   05:26  10,5   0,0  13,3  14,3  43,5   13:29     S
16   9,4  11,9   00:00   6,8   07:06   8,9   0,0   5,9   2,1  29,0   00:13   ESE
17  10,4  12,1   23:07   8,7   00:00   7,9   0,0   2,4  10,1  38,6   11:27     S
18  12,8  15,3   12:24  10,2   22:04   5,5   0,0  13,4  16,8  90,1   09:23     S
19  11,4  13,8   13:17   9,4   03:35   6,9   0,0   1,8  17,2  51,5   07:48     S
20   8,0   9,8   00:00   5,4   23:39  10,3   0,0   8,0   5,9  27,4   18:31     S
21   4,3   5,4   00:00   2,9   23:04  14,0   0,0   5,7   2,4  22,5   04:45     S
22   2,8   4,7   13:59   1,1   06:06  15,5   0,0   1,1   1,3  20,9   18:07     S
23   1,5   3,9   13:43  -0,2   07:13  16,7   0,0   0,0   6,4  29,0   09:41     S
24   0,7   3,7   14:10  -1,7   23:10  17,3   0,0   0,4   4,0  22,5   13:33     S
25   0,4   3,9   12:57  -4,7   06:06  17,9   0,0   0,1   4,8  30,6   15:46     S
26   1,9   4,1   12:46  -0,4   21:04  16,4   0,0   0,0   3,1  27,4   17:36   ENE
27   0,8   2,8   12:54  -1,5   05:35  17,2   0,0   0,0   1,7  17,7   13:11   ENE
28   1,7   4,7   14:55   0,7   02:14  16,6   0,0   0,0   3,8  20,9   20:50     S
29   3,3   5,8   23:45   0,8   05:52  14,8   0,0   2,4  13,0  41,8   11:09     S
30   6,8   9,5   11:18   4,2   21:32  11,5   0,0   7,4  14,7  53,1   07:13     S
----------------------------------------------------------------------------------
     7,6  17,0     8    -4,7    25   320,3   0,0  79,9   7,0  90,1    18       S

Max >=  20,0:  0
Max <=  10,0: 11
Min <=   0,0:  6
Min <= -10,0:  0
Max Rain: 13,4 on day 18
Days of Rain: 16 (>= 0,2 mm)  9 (>= 2,0 mm)  0 (>= 20,0 mm)
Heat Base: 18,3  Cool Base: 18,3  Method: Integration