Raporty NOAA

Zaznacz rok lub miesiac
V/Λ2018 > Sty Lut Mar Kwi Maj Cze Lip Sie Wrz Paz Lis Gru
V/Λ2017 > Sty Lut Mar Kwi Maj Cze Lip Sie Wrz Paz Lis Gru
V/Λ2016 > Sty Lut Mar Kwi Maj Cze Lip Sie Wrz Paz Lis Gru
V/Λ2015 > Sty Lut Mar Kwi Maj Cze Lip Sie Wrz Paz Lis Gru
V/Λ2014 > Sty Lut Mar Kwi Maj Cze Lip Sie Wrz Paz Lis Gru
V/Λ2013 > Sty Lut Mar Kwi Maj Cze Lip Sie Wrz Paz Lis Gru
V/Λ2012 > Sty Lut Mar Kwi Maj Cze Lip Sie Wrz Paz Lis Gru
V/Λ2011 > Sty Lut Mar Kwi Maj Cze Lip Sie Wrz Paz Lis Gru

Raport z 2015 Gru
                   Monthly Climatological Summary for gru 2015

Name: Rybnik-Smolna   City: Rybnik-Smolna   State: Slaskie
Elevation: 273 m  Lat: N 50 05' 13"   Lon: E 018 31' 38"

                  Temperature (C), Rain (mm), Wind Speed (km/h)

                                      Heat  Cool        Avg
    Mean                              Deg   Deg         Wind                 Dom
Day Temp  High   Time   Low    Time   Days  Days  Rain  Speed High   Time    Dir
----------------------------------------------------------------------------------
 1   6,8  11,0   06:32   4,2   23:41  11,5   0,0   1,5  14,8  61,2   10:00     S
 2   6,2   9,7   16:40   3,3   07:39  11,9   0,0   1,5   7,6  20,9   17:20     S
 3   7,7   9,7   13:40   3,8   23:43  10,4   0,0   0,0   2,9  11,3   16:22     S
 4   5,7   9,1   14:20   1,9   05:06  12,4   0,0   0,1  13,8  53,1   13:00     S
 5   7,2   9,5   14:00   4,8   07:12  11,0   0,0   0,1  16,2  43,5   15:09     S
 6   5,8   7,4   00:00   4,8   20:30  12,6   0,0   0,0  28,8  57,9   22:50     S
 7   6,0   7,7   15:00   4,2   07:00  12,3   0,0   0,0  17,6  45,1   00:00     S
 8   6,3   7,9   13:40   4,2   07:20  11,8   0,0   0,0   2,8  19,3   23:55   ENE
 9   5,3   6,8   01:13   3,7   18:37  12,8   0,0   3,1  10,2  38,6   12:52     S
10   5,2   7,3   13:22   1,9   23:51  12,8   0,0   0,4   3,0  22,5   02:26    SE
11   3,2   6,0   14:16   1,4   01:32  15,1   0,0   0,4  16,9  49,9   14:16     S
12   4,6   7,4   14:35   2,8   23:30  13,3   0,0   0,3  12,5  37,0   02:30     S
13   5,6   9,4   10:05   2,8   00:44  12,7   0,0   2,0  13,2  64,4   10:07     S
14   2,9   4,9   12:11   0,5   22:42  15,4   0,0   0,0   1,8  17,7   00:00     S
15   3,4   4,4   13:25   0,9   00:00  14,9   0,0   0,1   7,9  35,4   09:18     S
16   4,5   7,4   13:39   3,1   20:27  13,7   0,0   0,0   3,0  30,6   22:31     S
17   3,4   4,3   10:40   2,4   05:11  15,0   0,0   0,6  23,0  46,7   04:12     S
18   5,0   6,7   12:50   3,9   00:00  13,3   0,0   3,2  18,9  33,8   11:20     S
19   5,6   6,8   13:45   4,6   09:30  12,5   0,0   0,0   9,7  35,4   20:13   SSE
20   5,4   7,8   13:23   4,2   06:10  12,8   0,0   0,0  16,4  67,6   21:12     S
21   4,3   5,1   11:55   3,8   16:19  13,8   0,0   1,8  20,9  54,7   01:00     S
22   8,7  11,0   21:29   4,6   00:00   9,6   0,0   0,0  16,6  45,1   07:56     S
23   9,7  12,3   13:50   6,2   23:59   8,5   0,0   0,0  10,9  40,2   08:10     S
24   6,7   9,9   14:03   3,7   06:55  11,5   0,0   0,0   1,9  22,5   23:44   SSE
25   6,4   8,4   12:38   4,4   09:11  11,9   0,0   0,0  10,8  41,8   03:28     S
26   9,0  11,1   14:10   6,4   01:16   9,3   0,0   0,0  17,3  41,8   06:22     S
27   8,0  10,3   13:53   5,7   21:51  10,2   0,0   0,0   9,7  30,6   00:03     S
28   5,4   6,7   18:19   4,0   01:56  12,9   0,0   0,1   3,0  30,6   19:00   ESE
29   3,2   5,6   12:04  -1,7   23:53  15,1   0,0   0,0   2,1  24,1   17:20     E
30  -3,7  -1,7   00:00  -5,9   23:53  21,9   0,0   0,0   1,6  19,3   11:49     E
31  -4,6   0,3   14:11  -8,4   07:22  22,8   0,0   0,0   0,6  11,3   23:15    NE
----------------------------------------------------------------------------------
     5,1  12,3    23    -8,4    31   405,7   0,0  15,2  10,3  67,6    20       S

Max >=  20,0:  0
Max <=  10,0: 26
Min <=   0,0:  3
Min <= -10,0:  0
Max Rain: 3,2 on day 18
Days of Rain: 10 (>= 0,2 mm)  3 (>= 2,0 mm)  0 (>= 20,0 mm)
Heat Base: 18,3  Cool Base: 18,3  Method: Integration