Raporty NOAA

Zaznacz rok lub miesiac

Raport z 2016
                   Annual Climatological Summary for 2016

Name: Rybnik-Smolna   City: Rybnik-Smolna   State: Slaskie
Elevation: 273 m  Lat: N 50 05' 14"   Lon: E 018 31' 39"

                  Temperature (C), Heat Base: 18,3  Cool Base: 18,3
                          Dep.  Heat  Cool                       Max  Max  Min  Min
        Mean  Mean        From  Deg   Deg                        >=   <=   <=   <=
 YR MO  Max   Min   Mean  Norm  Days  Days  Hi  Date  Low  Date 20,0 10,0  0,0 -10,0
------------------------------------------------------------------------------------
 16  1   1,9  -2,9  -0,4   2,6   577     0  12,1  28 -14,3    4    0   28   20    3
 16  2   8,4   2,7   5,1   6,5   380     0  15,3  22  -3,2   27    0   18    4    0
 16  3   8,4   2,0   5,1   1,6   407     0  19,7  31  -3,1   17    0   23    6    0
 16  4  14,5   5,3   9,8   1,0   259     4  26,9   5  -0,6   26    5    6    2    0
 16  5  20,6  10,5  15,8   2,5   110    37  29,5  23   3,6   16   20    0    0    0
 16  6  24,7  14,7  20,2   3,4    23    81  33,6  25   7,6    9   28    0    0    0
 16  7  24,9  15,1  19,8   1,4    32    79  32,4  11  10,8    8   26    0    0    0
 16  8  23,2  14,0  18,6   0,6    45    55  29,1   4   8,2   12   27    0    0    0
 16  9  22,1  12,4  17,2   2,9    80    47  29,7  11   6,0   22   17    0    0    0
 16 10  11,0   5,5   8,2  -1,5   313     1  23,1   1   1,2   28    1   16    0    0
 16 11   7,5   1,7   4,7   0,7   405     0  17,6  21  -4,0   15    0   20   13    0
 16 12   2,6  -1,8   0,3   0,8   555     0   8,8  26  -6,4   13    0   31   23    0
------------------------------------------------------------------------------------
        14,2   6,6  10,4   1,9  3190   307  33,6 cze -14,3  sty  124  142   68    3

                                Precipitation (mm)

              Dep.   Max        Days of Rain
              From   Obs.           >=
 YR MO Total  Norm   Day Date  0,2  2,0 20,0
---------------------------------------------
 16  1  32,9  -0,1   7,8  25    10    5    0
 16  2  81,4  49,4  20,7  10    19   12    1
 16  3  25,8 -10,2   4,7   2    13    5    0
 16  4  38,6 -10,4   8,6   9    14    9    0
 16  5  12,4 -68,6   7,8   3     7    1    0
 16  6  42,0 -55,0  13,8  26    10    6    0
 16  7 125,0  30,0  28,2  13    13   11    2
 16  8  77,0  -4,0  17,8  10     9    7    0
 16  9  23,2 -35,8   7,6  17     7    4    0
 16 10  88,8  44,8  19,2  20    24    9    0
 16 11  27,6 -18,4  11,8   6    13    3    0
 16 12  38,8  -2,2  17,8   1    12    4    0
---------------------------------------------
       613,5 -80,5  28,2  lip  151   76    3

                                Wind Speed (km/h)
                          Dom
 YR MO   Avg.  Hi   Date  Dir
------------------------------
 16  1   5,8  61,2   30     S
 16  2   6,8  67,6   22     S
 16  3   6,2  64,4   29    SE
 16  4   4,6  48,3   26    SE
 16  5   4,3  48,3   14   ESE
 16  6   8,2  86,9   17   WSW
 16  7   9,5  64,4   12     W
 16  8   8,9  54,7    5   WSW
 16  9   8,4  45,1   30     S
 16 10   9,6  66,0    4   WNW
 16 11  12,0  69,2   19    SW
 16 12  15,6  86,9    2    SW
------------------------------
         8,3  86,9  cze    SW