Raporty NOAA

Zaznacz rok lub miesiac
V/Λ2018 > Sty Lut Mar Kwi Maj Cze Lip Sie Wrz Paz Lis Gru
V/Λ2017 > Sty Lut Mar Kwi Maj Cze Lip Sie Wrz Paz Lis Gru
V/Λ2016 > Sty Lut Mar Kwi Maj Cze Lip Sie Wrz Paz Lis Gru
V/Λ2015 > Sty Lut Mar Kwi Maj Cze Lip Sie Wrz Paz Lis Gru
V/Λ2014 > Sty Lut Mar Kwi Maj Cze Lip Sie Wrz Paz Lis Gru
V/Λ2013 > Sty Lut Mar Kwi Maj Cze Lip Sie Wrz Paz Lis Gru
V/Λ2012 > Sty Lut Mar Kwi Maj Cze Lip Sie Wrz Paz Lis Gru
V/Λ2011 > Sty Lut Mar Kwi Maj Cze Lip Sie Wrz Paz Lis Gru

Raport z 2016 Sty
                   Monthly Climatological Summary for sty 2016

Name: Rybnik-Smolna   City: Rybnik-Smolna   State: Slaskie
Elevation: 273 m  Lat: N 50 05' 13"   Lon: E 018 31' 38"

                  Temperature (C), Rain (mm), Wind Speed (km/h)

                                      Heat  Cool        Avg
    Mean                              Deg   Deg         Wind                 Dom
Day Temp  High   Time   Low    Time   Days  Days  Rain  Speed High   Time    Dir
----------------------------------------------------------------------------------
 1  -3,8  -1,1   14:01  -7,8   23:58  22,1   0,0   0,0   1,8  17,7   09:58    NE
 2  -9,0  -6,3   14:39 -10,8   06:37  27,3   0,0   0,0   1,3  19,3   09:23     E
 3 -11,9  -9,2   14:46 -13,6   07:50  29,5   0,0   0,0   0,4  11,3   00:04   ENE
 4 -10,5  -7,4   15:48 -14,3   05:48  28,8   0,0   0,0   0,1   4,8   00:11   ENE
 5  -5,2  -2,4   19:59  -8,4   00:28  23,5   0,0   0,0   1,5  25,7   20:44    SE
 6  -1,1   0,6   13:50  -2,6   00:00  19,4   0,0   0,0   2,8  25,7   03:18   SSE
 7  -1,0  -0,2   15:32  -2,2   23:59  19,1   0,0   0,0   0,6  11,3   10:41    SE
 8   0,5   4,1   14:36  -3,7   04:41  17,8   0,0   1,3   7,9  37,0   11:49     S
 9   1,8   4,1   13:39  -1,2   08:02  16,4   0,0   0,1   1,5  24,1   00:20     S
10   2,8   4,7   14:24   1,4   08:45  15,5   0,0   0,1   2,5  24,1   17:03   ESE
11   3,7   5,0   11:33   1,9   03:41  14,6   0,0   3,1   4,1  32,2   05:44     S
12   4,3   5,8   17:00   2,8   03:34  14,0   0,0   1,3  12,4  49,9   11:43     S
13   3,5   5,7   13:39   1,9   23:23  14,8   0,0   7,3  11,5  40,2   23:45     S
14   1,4   3,4   14:36  -0,6   08:01  16,7   0,0   0,0   4,7  41,8   00:04     S
15   1,7   4,1   14:40  -0,2   23:55  16,5   0,0   0,0   5,9  29,0   14:04     S
16  -1,5  -0,1   00:02  -5,1   23:58  19,8   0,0   0,0   3,1  25,7   15:21    SE
17  -4,2  -1,7   15:08  -7,7   06:20  22,5   0,0   0,0   1,6  20,9   12:55    NE
18  -3,6  -1,7   14:21  -5,2   08:29  21,9   0,0   0,0   2,2  16,1   01:24     E
19  -5,3  -2,9   14:21  -7,1   23:54  23,2   0,0   0,0   1,5  20,9   14:49   SSE
20  -4,3  -2,8   13:08  -7,2   00:09  22,6   0,0   0,0   9,6  40,2   10:09     S
21  -3,8  -2,8   13:34  -4,7   00:27  22,1   0,0   0,0   6,4  25,7   14:24     S
22  -5,0  -1,8   14:23  -8,5   23:29  23,3   0,0   0,0   1,5  17,7   00:54     S
23  -4,9  -1,3   14:24  -9,2   00:56  23,2   0,0   0,0   7,9  40,2   17:09     S
24   0,3   2,8   15:17  -3,1   00:00  18,0   0,0   4,5   3,8  27,4   22:52     S
25   2,6   3,1   06:37   1,7   00:00  15,7   0,0   7,8  10,2  38,6   06:48     S
26   5,4   7,6   22:11   3,1   00:00  12,8   0,0   0,7   5,8  40,2   21:49   SSE
27   8,1  10,1   20:57   6,2   00:11  10,2   0,0   0,6  15,6  41,8   07:57     S
28   8,6  12,1   12:23   4,2   23:57   9,6   0,0   1,5  12,6  43,5   13:54     S
29   5,3   8,6   14:26   2,1   03:36  13,0   0,0   0,0   9,1  41,8   14:40     S
30   8,3  11,8   14:36   5,9   03:52  10,0   0,0   0,0  16,7  61,2   09:29     S
31   4,5   8,5   01:25   1,1   07:39  13,6   0,0   4,6  16,2  59,5   05:31     S
----------------------------------------------------------------------------------
    -0,4  12,1    28   -14,3     4   577,5   0,0  32,9   5,8  61,2    30       S

Max >=  20,0:  0
Max <=  10,0: 28
Min <=   0,0: 20
Min <= -10,0:  3
Max Rain: 7,8 on day 25
Days of Rain: 10 (>= 0,2 mm)  5 (>= 2,0 mm)  0 (>= 20,0 mm)
Heat Base: 18,3  Cool Base: 18,3  Method: Integration