Raporty NOAA

Zaznacz rok lub miesiac

Raport z 2016 Lut
                   Monthly Climatological Summary for lut 2016

Name: Rybnik-Smolna   City: Rybnik-Smolna   State: Slaskie
Elevation: 273 m  Lat: N 50 05' 13"   Lon: E 018 31' 38"

                  Temperature (C), Rain (mm), Wind Speed (km/h)

                                      Heat  Cool        Avg
    Mean                              Deg   Deg         Wind                 Dom
Day Temp  High   Time   Low    Time   Days  Days  Rain  Speed High   Time    Dir
----------------------------------------------------------------------------------
 1   5,8  10,9   23:33   3,1   06:02  12,5   0,0   0,7   9,5  37,0   20:03     S
 2  10,5  11,3   03:45   9,7   06:07   7,8   0,0   0,0  20,0  56,3   09:08     S
 3   6,6  10,2   00:50   3,9   22:37  11,7   0,0   7,8   8,9  40,2   00:12     S
 4   3,8   5,3   11:29   2,6   03:33  14,5   0,0   0,0   9,8  43,5   11:32     S
 5   1,7   4,2   15:04   0,3   07:19  16,6   0,0   3,5   5,4  33,8   00:00     S
 6   5,1   9,1   14:51   2,4   00:00  12,7   0,0   1,0  13,1  37,0   11:30     S
 7   7,8  11,4   13:30   4,3   00:10  10,2   0,0   0,0   7,6  40,2   14:08   ENE
 8   9,3  11,0   22:27   7,5   08:05   9,0   0,0   0,1  10,0  49,9   23:16   SSE
 9  10,3  12,6   13:58   7,7   05:55   8,0   0,0   1,1  15,0  57,9   12:04     S
10   5,2  12,1   00:00   1,4   17:15  13,1   0,0  20,7   5,2  35,4   00:27    SE
11   4,0   6,4   12:46   2,4   00:00  14,1   0,0   1,4  11,9  40,2   13:10     S
12   3,8   6,5   11:35   1,4   06:34  14,5   0,0   0,0   4,1  24,1   02:02     S
13   3,7   5,2   15:32   2,3   04:59  14,6   0,0   0,6   0,2  11,3   00:32   ENE
14   6,3  12,0   15:44   1,7   07:22  12,0   0,0   3,4   3,1  38,6   13:08     S
15   6,4   7,2   13:43   4,9   23:48  11,9   0,0   2,7   1,7  22,5   14:17   SSE
16   3,5   4,9   00:00   1,4   23:56  14,8   0,0   0,1   6,6  35,4   15:19   ENE
17   3,2   9,9   23:39  -0,2   03:28  15,1   0,0   0,1   2,9  29,0   12:51   ESE
18   7,4   9,9   00:54   4,6   23:59  10,9   0,0   2,1   2,2  22,5   00:53    NE
19   1,9   4,7   00:00   0,9   19:30  16,1   0,0   9,0   4,3  22,5   11:03     S
20   3,0   6,1   15:18   0,7   04:52  15,0   0,0   9,6   9,8  51,5   21:16     S
21   6,9  11,1   23:55   3,1   00:59  11,4   0,0   5,8  12,1  38,6   01:25     S
22  12,7  15,3   16:04  10,8   06:30   5,6   0,0   0,0  21,6  67,6   10:33     S
23   4,3  12,4   00:00   1,2   22:52  14,0   0,0   5,1   3,6  45,1   00:21   SSE
24   2,6   5,1   12:57   0,1   23:52  15,7   0,0   3,9   4,9  32,2   13:01     S
25   1,1   4,4   11:42  -1,3   05:47  17,2   0,0   0,4   1,1  14,5   20:16     E
26   0,8   4,6   15:43  -1,9   05:50  17,5   0,0   0,3   1,9  25,7   15:53     S
27   1,4   5,6   13:08  -3,2   06:55  16,7   0,0   0,0   0,9  17,7   13:22   ENE
28   4,6   8,3   14:38   2,7   00:00  13,5   0,0   0,0   1,3  17,7   15:59    NE
29   4,5   5,0   18:58   4,0   07:33  13,8   0,0   2,0   1,9  25,7   21:37   ENE
----------------------------------------------------------------------------------
     5,1  15,3    22    -3,2    27   380,5   0,0  81,4   6,8  67,6    22       S

Max >=  20,0:  0
Max <=  10,0: 18
Min <=   0,0:  4
Min <= -10,0:  0
Max Rain: 20,7 on day 10
Days of Rain: 19 (>= 0,2 mm)  12 (>= 2,0 mm)  1 (>= 20,0 mm)
Heat Base: 18,3  Cool Base: 18,3  Method: Integration