Raporty NOAA

Zaznacz rok lub miesiac
V/Λ2018 > Sty Lut Mar Kwi Maj Cze Lip Sie Wrz Paz Lis Gru
V/Λ2017 > Sty Lut Mar Kwi Maj Cze Lip Sie Wrz Paz Lis Gru
V/Λ2016 > Sty Lut Mar Kwi Maj Cze Lip Sie Wrz Paz Lis Gru
V/Λ2015 > Sty Lut Mar Kwi Maj Cze Lip Sie Wrz Paz Lis Gru
V/Λ2014 > Sty Lut Mar Kwi Maj Cze Lip Sie Wrz Paz Lis Gru
V/Λ2013 > Sty Lut Mar Kwi Maj Cze Lip Sie Wrz Paz Lis Gru
V/Λ2012 > Sty Lut Mar Kwi Maj Cze Lip Sie Wrz Paz Lis Gru
V/Λ2011 > Sty Lut Mar Kwi Maj Cze Lip Sie Wrz Paz Lis Gru

Raport z 2016 Mar
                   Monthly Climatological Summary for mar 2016

Name: Rybnik-Smolna   City: Rybnik-Smolna   State: Slaskie
Elevation: 273 m  Lat: N 50 05' 13"   Lon: E 018 31' 38"

                  Temperature (C), Rain (mm), Wind Speed (km/h)

                                      Heat  Cool        Avg
    Mean                              Deg   Deg         Wind                 Dom
Day Temp  High   Time   Low    Time   Days  Days  Rain  Speed High   Time    Dir
----------------------------------------------------------------------------------
 1   1,0   4,5   00:00  -0,8   20:45  17,3   0,0   1,5   7,3  32,2   04:13   SSE
 2   2,4   5,0   16:22  -0,7   00:00  15,9   0,0   4,7   7,0  41,8   14:59     S
 3   4,6   6,5   13:35   2,8   23:56  13,5   0,0   0,7   1,7  24,1   20:26     E
 4   3,0   4,2   14:30   1,9   23:50  15,2   0,0   1,2   4,0  27,4   07:18    NE
 5   5,7  10,7   14:40  -0,4   04:40  12,4   0,0   0,1   5,8  27,4   15:11    NE
 6   7,4   9,6   11:22   2,7   22:54  10,9   0,0   0,0   6,6  48,3   10:14   SSE
 7   3,3   4,8   11:53   1,7   06:40  15,0   0,0   0,0   2,4  29,0   11:14   ENE
 8   3,6   5,9   12:55   1,2   23:50  14,7   0,0   2,7   2,5  24,1   14:52   SSE
 9   3,2   7,1   16:51   1,0   05:40  14,9   0,0   0,0   2,1  17,7   12:00   ESE
10   4,8   7,0   15:26   2,4   05:08  13,5   0,0   0,1   3,9  29,0   12:51    NE
11   4,2   4,7   00:00   3,6   21:27  14,1   0,0   0,8  10,7  38,6   06:18    NE
12   3,2   3,8   22:00   2,5   11:35  15,1   0,0   2,9   8,6  32,2   06:34    NE
13   3,6   5,4   13:00   1,5   00:00  14,7   0,0   0,0  26,2  45,1   15:40    NE
14   2,5   6,8   16:21  -1,1   05:50  14,5   0,0   0,4  10,0  33,8   15:04    NE
15   1,2   2,5   21:10   0,4   03:12  17,1   0,0   4,3   7,5  35,4   09:04   ENE
16   3,8   9,3   14:47  -0,5   05:59  14,5   0,0   1,5   2,4  27,4   03:57   ENE
17   4,0  10,1   16:27  -3,1   06:49  14,3   0,0   0,1   3,2  20,9   15:00     S
18   5,4  11,4   14:55   0,3   05:45  12,9   0,0   0,0   7,1  43,5   12:10     S
19   3,3   6,4   16:19   0,8   07:33  15,0   0,0   0,0   4,6  33,8   02:51   ENE
20   3,8   6,2   10:43   0,8   01:21  14,5   0,0   0,0   7,2  30,6   10:34     S
21   5,7   7,6   15:01   4,2   00:00  12,6   0,0   0,0  10,9  35,4   11:28     S
22   5,2   7,9   15:37   3,6   04:53  13,1   0,0   3,1   7,5  43,5   11:27     S
23   4,7   8,2   16:59   2,4   23:57  13,4   0,0   0,1   2,3  25,7   15:15    NE
24   4,1   8,6   15:26   0,1   06:19  14,2   0,0   0,0   5,6  48,3   15:30   ENE
25   5,8   9,1   14:01   1,3   05:00  12,5   0,0   0,0   6,0  32,2   14:08     S
26   6,9   9,3   16:42   4,7   03:05  11,4   0,0   1,1   4,6  29,0   12:47     S
27   8,6  14,4   17:16   3,4   06:22   9,3   0,0   0,0   0,7  17,7   13:18   ENE
28   9,7  15,4   17:27   4,6   07:06   8,6   0,0   0,0   5,2  37,0   13:08   SSE
29  10,4  14,6   14:55   7,3   05:17   7,8   0,0   0,0  14,7  64,4   11:25     S
30  10,1  14,8   15:20   5,3   06:29   8,2   0,0   0,5   9,9  40,2   15:25     S
31  12,3  19,7   15:58   7,6   06:58   6,0   0,0   0,0   3,8  35,4   18:49   ENE
----------------------------------------------------------------------------------
     5,1  19,7    31    -3,1    17   407,1   0,0  25,8   6,2  64,4    29     ESE

Max >=  20,0:  0
Max <=  10,0: 23
Min <=   0,0:  6
Min <= -10,0:  0
Max Rain: 4,7 on day 2
Days of Rain: 13 (>= 0,2 mm)  5 (>= 2,0 mm)  0 (>= 20,0 mm)
Heat Base: 18,3  Cool Base: 18,3  Method: Integration