Raporty NOAA

Zaznacz rok lub miesiac
V/Λ2018 > Sty Lut Mar Kwi Maj Cze Lip Sie Wrz Paz Lis Gru
V/Λ2017 > Sty Lut Mar Kwi Maj Cze Lip Sie Wrz Paz Lis Gru
V/Λ2016 > Sty Lut Mar Kwi Maj Cze Lip Sie Wrz Paz Lis Gru
V/Λ2015 > Sty Lut Mar Kwi Maj Cze Lip Sie Wrz Paz Lis Gru
V/Λ2014 > Sty Lut Mar Kwi Maj Cze Lip Sie Wrz Paz Lis Gru
V/Λ2013 > Sty Lut Mar Kwi Maj Cze Lip Sie Wrz Paz Lis Gru
V/Λ2012 > Sty Lut Mar Kwi Maj Cze Lip Sie Wrz Paz Lis Gru
V/Λ2011 > Sty Lut Mar Kwi Maj Cze Lip Sie Wrz Paz Lis Gru

Raport z 2016 Kwi
                   Monthly Climatological Summary for kwi 2016

Name: Rybnik-Smolna   City: Rybnik-Smolna   State: Slaskie
Elevation: 273 m  Lat: N 50 05' 13"   Lon: E 018 31' 38"

                  Temperature (C), Rain (mm), Wind Speed (km/h)

                                      Heat  Cool        Avg
    Mean                              Deg   Deg         Wind                 Dom
Day Temp  High   Time   Low    Time   Days  Days  Rain  Speed High   Time    Dir
----------------------------------------------------------------------------------
 1   5,8   9,8   00:00   2,2   23:18  12,5   0,0   0,6   6,3  43,5   08:55    NE
 2   7,1  15,5   17:05  -0,3   05:08  11,2   0,0   0,0   1,4  19,3   12:13   ESE
 3  11,8  20,4   16:05   3,0   06:27   6,7   0,3   0,0   2,3  20,9   16:20   SSE
 4  16,5  24,0   16:30   8,6   06:49   3,4   1,6   0,0   3,0  27,4   15:46   SSE
 5  18,8  26,9   17:24  11,1   06:44   2,1   2,6   0,0   2,5  17,7   16:38     S
 6  13,6  17,7   00:00   9,4   23:50   4,7   0,0   0,0   3,1  33,8   04:35    SE
 7  11,3  17,3   12:20   7,2   04:10   6,9   0,0   2,3   4,9  32,2   15:55    SE
 8   9,3  10,8   00:11   6,9   21:34   9,0   0,0   1,8   8,9  35,4   13:39    NE
 9   6,2   7,0   00:00   5,7   09:08  12,0   0,0   8,6  10,5  35,4   02:54    NE
10   6,0   6,6   12:54   5,7   03:39  12,3   0,0   2,4   4,4  25,7   00:58   ENE
11   8,1  10,5   18:39   6,1   00:00  10,2   0,0   0,6   1,5  20,9   09:31   ENE
12  11,3  15,5   15:59   8,6   05:45   7,0   0,0   0,0   2,0  19,3   17:30     S
13  13,2  20,3   16:26   6,6   04:22   5,2   0,2   0,0   3,2  20,9   09:40   SSE
14  10,1  12,4   00:01   8,0   23:56   8,2   0,0   5,1   4,6  38,6   09:39    SE
15  10,5  15,3   15:23   6,7   06:14   7,8   0,0   0,1   5,2  40,2   18:03     S
16  14,5  18,8   15:03   9,8   07:12   3,8   0,0   0,0   6,2  27,4   17:15     S
17  15,2  20,0   13:15   9,3   05:35   3,3   0,2   3,8   7,6  46,7   13:43     S
18   9,4  12,6   18:49   7,6   03:43   8,2   0,0   2,7   2,6  46,7   00:15   ENE
19   9,0  12,3   13:37   4,4   06:06   9,3   0,0   0,0   4,4  29,0   15:17     S
20   7,9  11,9   17:41   4,9   06:01  10,4   0,0   0,0   7,6  37,0   12:28     S
21   9,6  16,9   18:35   2,3   04:22   8,7   0,0   0,0   4,4  22,5   12:59     S
22  10,4  14,3   16:18   6,7   04:10   7,9   0,0   0,0   6,7  35,4   14:12    SE
23  10,1  14,9   13:02   4,7   05:42   8,1   0,0   0,3   1,1  20,9   23:32   ESE
24   5,0   8,0   16:35   2,5   06:29  13,1   0,0   4,5   5,2  38,6   14:12   ESE
25   4,5   7,9   18:54   1,3   05:48  13,8   0,0   0,0   4,0  38,6   14:26    SE
26   6,3  13,0   17:17  -0,6   05:42  12,0   0,0   2,0   8,4  48,3   18:36     S
27   5,4   6,6   14:33   4,0   23:59  12,9   0,0   3,3   5,2  22,5   15:53     S
28   6,0  10,9   14:45   1,7   05:28  12,3   0,0   0,5   7,4  38,6   10:27     S
29   8,9  17,0   17:20   1,4   05:50   9,4   0,0   0,0   2,4  25,7   15:00    NE
30  11,5  18,8   17:32   4,3   05:40   6,8   0,0   0,0   1,6  20,9   10:21   ENE
----------------------------------------------------------------------------------
     9,8  26,9     5    -0,6    26   259,2   4,9  38,6   4,6  48,3    26      SE

Max >=  20,0:  5
Max <=  10,0:  6
Min <=   0,0:  2
Min <= -10,0:  0
Max Rain: 8,6 on day 9
Days of Rain: 14 (>= 0,2 mm)  9 (>= 2,0 mm)  0 (>= 20,0 mm)
Heat Base: 18,3  Cool Base: 18,3  Method: Integration