Raporty NOAA

Zaznacz rok lub miesiac

Raport z 2016 Maj
                   Monthly Climatological Summary for maj 2016

Name: Rybnik-Smolna   City: Rybnik-Smolna   State: Slaskie
Elevation: 273 m  Lat: N 50 05' 13"   Lon: E 018 31' 38"

                  Temperature (C), Rain (mm), Wind Speed (km/h)

                                      Heat  Cool        Avg
    Mean                              Deg   Deg         Wind                 Dom
Day Temp  High   Time   Low    Time   Days  Days  Rain  Speed High   Time    Dir
----------------------------------------------------------------------------------
 1  11,9  17,4   15:01   6,5   05:12   6,4   0,0   0,0   4,6  32,2   13:53    NE
 2  12,3  16,1   16:44   7,7   05:48   6,0   0,0   0,0   6,5  35,4   12:15    NE
 3  12,1  17,7   13:13   9,8   05:55   6,2   0,0   7,8   4,6  38,6   19:26    NE
 4  10,9  13,2   11:37   9,4   05:49   7,4   0,0   1,7   5,1  45,1   17:04   ESE
 5  12,7  19,1   16:59   8,3   06:20   5,6   0,0   0,0   6,1  45,1   17:07   ENE
 6  15,3  21,8   15:49   8,1   05:00   3,5   0,5   0,0   3,4  41,8   15:10   ENE
 7  15,5  20,6   16:21   8,8   04:50   3,2   0,4   0,0   2,0  40,2   11:17     E
 8  14,7  19,6   17:26   9,7   05:26   3,7   0,0   0,0   2,2  33,8   16:58     E
 9  14,7  20,7   17:31   9,2   05:19   3,8   0,2   0,0   1,0  25,7   13:10     E
10  16,0  22,7   15:50   8,7   05:08   3,3   1,0   0,0   2,3  20,9   21:07     E
11  16,9  24,6   16:07   8,8   05:26   2,8   1,4   0,0   1,0  22,5   13:38   ENE
12  17,9  23,6   14:42  10,1   05:10   2,0   1,6   0,0   1,5  20,9   14:22     E
13  16,4  20,6   12:12  13,3   21:55   2,2   0,3   0,1   1,5  19,3   09:00   ESE
14  14,6  19,6   17:08  10,5   23:58   3,8   0,1   0,2   6,3  48,3   17:13     S
15   9,4  12,2   15:23   6,3   23:57   8,9   0,0   0,6   7,8  33,8   12:53     S
16   8,1  12,2   17:39   3,6   05:24  10,2   0,0   0,8   5,0  38,6   10:44     S
17   8,3  10,8   11:57   5,4   03:34  10,0   0,0   0,6   4,7  41,8   12:28     S
18  11,0  15,3   18:07   7,9   05:31   7,3   0,0   0,0   3,8  22,5   13:00     S
19  14,7  20,7   16:49   8,8   05:38   4,0   0,3   0,0   0,7  20,9   15:20   ENE
20  15,9  21,5   14:56   9,5   05:05   3,0   0,6   0,0   2,1  29,0   15:29   ESE
21  17,9  24,8   18:35  12,1   05:17   2,0   1,6   0,0   3,7  32,2   15:05   SSE
22  19,9  26,9   16:11  12,1   04:58   1,6   3,1   0,0   2,2  22,5   18:24   ESE
23  22,3  29,5   18:10  13,8   05:12   0,7   4,8   0,0   1,6  19,3   12:46   ESE
24  20,5  25,8   13:17  16,8   06:11   0,1   1,7   0,0   4,4  41,8   13:38   SSE
25  18,7  21,7   16:40   0,0   06:51   0,6   0,9   0,0  11,3  37,0   18:11    NW
26  18,0  21,1   00:00  13,1   07:58   1,2   0,9   0,0   5,0  14,5   09:18    NW
27  21,6  26,0   16:09   0,0   00:00   0,3   2,7   0,0   2,7  22,5   19:30    NE
28  22,2  25,9   12:24  15,1   06:03   0,1   3,8   0,0   4,8  29,0   16:51   ESE
29  20,2  21,6   19:23  15,8   07:18   0,2   2,1   0,6   7,5  35,4   19:07   ENE
30  23,0  26,4   14:20  17,4   06:46   0,0   4,6   0,0  10,6  30,6   16:33   ESE
31  23,1  26,1   15:08  16,7   06:58   0,0   4,8   0,0   8,8  30,6   17:26   SSW
----------------------------------------------------------------------------------
    16,0  29,5    23     0,0    25   110,1  37,4  12,4   4,3  48,3    14     ESE

Max >=  20,0: 20
Max <=  10,0:  0
Min <=   0,0:  2
Min <= -10,0:  0
Max Rain: 7,8 on day 3
Days of Rain: 7 (>= 0,2 mm)  1 (>= 2,0 mm)  0 (>= 20,0 mm)
Heat Base: 18,3  Cool Base: 18,3  Method: Integration