Raporty NOAA

Zaznacz rok lub miesiac

Raport z 2016 Cze
                   Monthly Climatological Summary for cze 2016

Name: Rybnik-Smolna   City: Rybnik-Smolna   State: Slaskie
Elevation: 273 m  Lat: N 50 05' 14"   Lon: E 018 31' 39"

                  Temperature (C), Rain (mm), Wind Speed (km/h)

                                      Heat  Cool        Avg
    Mean                              Deg   Deg         Wind                 Dom
Day Temp  High   Time   Low    Time   Days  Days  Rain  Speed High   Time    Dir
----------------------------------------------------------------------------------
 1  22,2  23,4   13:29  17,7   07:54   0,0   3,8   0,0   7,9  25,7   10:30   SSE
 2  18,7  23,0   00:00  13,5   06:27   1,0   1,4   1,8   1,8  33,8   12:04     S
 3  18,2  20,2   15:31  14,7   08:00   0,7   0,6   0,0   7,1  30,6   16:12   ENE
 4  21,1  23,8   16:30  17,0   07:47   0,0   2,9   0,0   8,1  27,4   10:31   ENE
 5  22,4  24,9   10:51  18,4   07:47   0,0   4,1   0,4   4,2  32,2   12:33     N
 6  19,9  23,1   00:00  12,8   06:56   0,4   2,0   0,0   7,3  37,0   17:03   NNE
 7  20,3  25,0   19:05  14,3   08:23   0,2   2,2   0,0   6,5  25,7   13:07   NNE
 8  23,3  25,2   18:56  16,1   08:04   0,0   4,6   0,0   8,0  24,1   12:48    NW
 9  17,7  19,2   16:27   7,6   00:00   0,4   0,0   0,0   9,8  32,2   12:12    NW
10  19,1  21,4   15:11  15,4   07:42   0,2   0,8   0,0  11,2  38,6   17:54   WNW
11  16,9  20,8   15:49   8,7   00:00   1,0   0,1   0,0   3,5  25,7   13:40   NNW
12  17,6  23,1   15:59  13,3   06:12   1,7   1,0   0,0   7,1  27,4   10:08     E
13  17,9  22,4   13:03  13,4   05:53   1,5   1,0   0,0   7,8  32,2   13:38    SE
14  18,2  22,8   12:46  13,2   04:55   1,2   1,1   0,0   7,5  38,6   13:37   WNW
15  17,2  24,8   12:18  12,4   05:13   2,1   1,0   2,0   7,9  40,2   13:30   WSW
16  19,7  25,0   18:03  12,3   04:30   1,5   2,9   0,0  14,1  49,9   14:49     S
17  20,8  27,3   09:06  16,3   23:36   0,1   2,6   0,0  23,3  86,9   10:13    SW
18  19,1  24,1   18:05  12,7   04:55   1,2   1,9   0,0   9,7  35,4   14:30    SW
19  20,8  26,1   13:33  13,1   05:08   1,0   3,5   5,0   7,8  32,2   15:14   ENE
20  15,3  17,5   18:23  14,0   04:33   3,0   0,0   6,2  11,2  37,0   01:13   NNW
21  19,1  24,7   17:01  14,1   00:49   1,3   2,0   0,0   9,7  33,8   10:06    SW
22  22,6  28,4   16:34  15,2   05:54   0,4   4,7   0,0   4,4  20,9   14:42   NNW
23  24,8  30,6   15:49  17,1   04:47   0,1   6,6   0,0   5,1  22,5   16:05   ENE
24  27,1  33,3   17:19  20,2   04:43   0,0   8,8   0,0   7,0  25,7   02:44    SE
25  26,8  33,6   16:04  21,1   06:43   0,0   8,5   8,0  11,0  66,0   19:04    SE
26  19,7  23,8   00:02  16,2   15:51   0,6   1,9  13,8  10,6  37,0   13:51     W
27  17,0  20,4   15:49  14,7   04:23   1,6   0,3   3,0   6,4  27,4   13:53   NNW
28  18,9  24,3   18:31  14,7   07:04   1,2   1,7   0,8   4,0  17,7   12:46     W
29  21,9  27,9   17:27  13,4   05:18   0,9   4,5   0,0   8,1  35,4   12:58    SW
30  22,9  30,3   16:36  17,5   05:52   0,0   4,7   1,0   8,7  53,1   17:37   SSW
----------------------------------------------------------------------------------
    20,2  33,6    25     7,6     9    23,3  81,2  42,0   8,2  86,9    17     WSW

Max >=  20,0: 28
Max <=  10,0:  0
Min <=   0,0:  0
Min <= -10,0:  0
Max Rain: 13,8 on day 26
Days of Rain: 10 (>= 0,2 mm)  6 (>= 2,0 mm)  0 (>= 20,0 mm)
Heat Base: 18,3  Cool Base: 18,3  Method: Integration