Raporty NOAA

Zaznacz rok lub miesiac
V/Λ2018 > Sty Lut Mar Kwi Maj Cze Lip Sie Wrz Paz Lis Gru
V/Λ2017 > Sty Lut Mar Kwi Maj Cze Lip Sie Wrz Paz Lis Gru
V/Λ2016 > Sty Lut Mar Kwi Maj Cze Lip Sie Wrz Paz Lis Gru
V/Λ2015 > Sty Lut Mar Kwi Maj Cze Lip Sie Wrz Paz Lis Gru
V/Λ2014 > Sty Lut Mar Kwi Maj Cze Lip Sie Wrz Paz Lis Gru
V/Λ2013 > Sty Lut Mar Kwi Maj Cze Lip Sie Wrz Paz Lis Gru
V/Λ2012 > Sty Lut Mar Kwi Maj Cze Lip Sie Wrz Paz Lis Gru
V/Λ2011 > Sty Lut Mar Kwi Maj Cze Lip Sie Wrz Paz Lis Gru

Raport z 2016 Lip
                   Monthly Climatological Summary for lip 2016

Name: Rybnik-Smolna   City: Rybnik-Smolna   State: Slaskie
Elevation: 273 m  Lat: N 50 05' 14"   Lon: E 018 31' 39"

                  Temperature (C), Rain (mm), Wind Speed (km/h)

                                      Heat  Cool        Avg
    Mean                              Deg   Deg         Wind                 Dom
Day Temp  High   Time   Low    Time   Days  Days  Rain  Speed High   Time    Dir
----------------------------------------------------------------------------------
 1  23,2  29,9   17:43  17,5   03:46   0,1   5,0   0,0   5,2  30,6   20:42     W
 2  24,2  31,6   16:49  17,9   23:22   0,0   5,9   9,0  10,6  51,5   19:13   SSW
 3  16,5  20,8   14:55  13,2   07:51   2,0   0,2  15,0  10,4  40,2   03:23    NW
 4  17,9  22,4   17:37  12,6   04:43   1,5   1,1   0,0   7,9  27,4   13:47   WNW
 5  19,3  25,3   17:57  11,8   05:27   1,4   2,4   5,2   8,4  57,9   20:14   SSW
 6  17,2  19,9   15:42  14,8   23:19   1,2   0,2   0,0  17,5  59,5   17:14     W
 7  16,5  21,0   18:47  12,1   05:53   2,4   0,5   0,0  15,2  53,1   07:09   WNW
 8  19,0  25,2   17:07  10,8   05:26   1,9   2,6   0,0   6,6  29,0   15:27   SSW
 9  18,8  22,2   14:47  14,3   04:58   0,7   1,2   2,2  15,0  62,8   13:13   WNW
10  20,1  27,0   18:16  12,2   06:09   1,5   3,3   0,0  10,5  30,6   11:53   SSW
11  25,8  32,4   17:22  18,9   02:44   0,0   7,5   0,0  19,9  61,2   10:37   SSW
12  23,1  27,2   17:30  18,6   08:19   0,0   4,8  10,8  11,2  64,4   23:21   SSW
13  19,5  24,7   16:54  16,4   07:28   0,6   1,8  28,2   8,2  30,6   00:18    NW
14  15,8  19,4   00:45  11,7   23:24   2,5   0,1  10,6  15,9  59,5   21:01     W
15  14,6  18,1   16:12  11,3   04:30   3,5   0,0   0,0  14,6  37,0   01:30     W
16  14,5  17,8   12:53  12,7   06:13   3,8   0,0   6,0  10,6  37,0   13:03     N
17  16,3  20,4   18:55  12,9   04:49   2,3   0,3   0,0   9,9  33,8   14:03   NNW
18  16,6  18,8   16:16  14,8   23:20   1,7   0,0   2,4  10,3  33,8   17:21    NW
19  17,3  21,7   15:31  14,2   03:26   1,5   0,6   0,0   8,6  35,4   16:17   WNW
20  19,0  23,3   14:31  14,5   05:34   1,0   1,8   0,0   6,0  24,1   11:16    NW
21  20,7  28,1   17:46  12,9   05:34   1,1   3,5   0,0   4,4  19,3   14:00    SW
22  22,9  28,2   16:38  16,4   04:32   0,2   4,8   0,0   5,0  30,6   11:25     N
23  23,1  29,1   18:03  15,7   06:00   0,3   4,9   0,0   5,2  22,5   23:49    NE
24  22,7  28,8   16:37  16,9   04:55   0,1   4,6   0,0   4,9  22,5   00:01   ENE
25  21,0  26,2   14:18  18,5   05:39   0,0   2,7  12,6   6,6  33,8   17:13    NW
26  22,5  28,9   17:02  18,2   05:26   0,0   4,2   0,0   6,7  32,2   22:31   NNE
27  22,9  28,7   16:10  18,6   05:34   0,0   4,6   0,0   5,9  35,4   19:44   ESE
28  20,9  25,1   16:48  18,8   06:12   0,0   2,6   0,0   5,2  19,3   00:36   WSW
29  20,3  24,8   17:05  16,4   06:00   0,2   2,3   0,6   7,7  30,6   13:26   SSW
30  21,8  27,3   16:42  16,1   03:50   0,5   4,0   0,2  13,1  45,1   12:18   SSW
31  20,6  29,0   12:59  17,4   23:47   0,1   2,4  22,2   8,6  48,3   13:40     S
----------------------------------------------------------------------------------
    19,8  32,4    11    10,8     8    32,1  79,9 125,0   9,5  64,4    12       W

Max >=  20,0: 26
Max <=  10,0:  0
Min <=   0,0:  0
Min <= -10,0:  0
Max Rain: 28,2 on day 13
Days of Rain: 13 (>= 0,2 mm)  11 (>= 2,0 mm)  2 (>= 20,0 mm)
Heat Base: 18,3  Cool Base: 18,3  Method: Integration