Raporty NOAA

Zaznacz rok lub miesiac
V/Λ2018 > Sty Lut Mar Kwi Maj Cze Lip Sie Wrz Paz Lis Gru
V/Λ2017 > Sty Lut Mar Kwi Maj Cze Lip Sie Wrz Paz Lis Gru
V/Λ2016 > Sty Lut Mar Kwi Maj Cze Lip Sie Wrz Paz Lis Gru
V/Λ2015 > Sty Lut Mar Kwi Maj Cze Lip Sie Wrz Paz Lis Gru
V/Λ2014 > Sty Lut Mar Kwi Maj Cze Lip Sie Wrz Paz Lis Gru
V/Λ2013 > Sty Lut Mar Kwi Maj Cze Lip Sie Wrz Paz Lis Gru
V/Λ2012 > Sty Lut Mar Kwi Maj Cze Lip Sie Wrz Paz Lis Gru
V/Λ2011 > Sty Lut Mar Kwi Maj Cze Lip Sie Wrz Paz Lis Gru

Raport z 2016 Sie
                   Monthly Climatological Summary for sie 2016

Name: Rybnik-Smolna   City: Rybnik-Smolna   State: Slaskie
Elevation: 273 m  Lat: N 50 05' 14"   Lon: E 018 31' 39"

                  Temperature (C), Rain (mm), Wind Speed (km/h)

                                      Heat  Cool        Avg
    Mean                              Deg   Deg         Wind                 Dom
Day Temp  High   Time   Low    Time   Days  Days  Rain  Speed High   Time    Dir
----------------------------------------------------------------------------------
 1  18,5  21,3   17:43  16,3   23:33   0,5   0,7   3,2  11,1  37,0   07:34   WNW
 2  19,2  24,6   16:25  13,3   06:21   1,1   2,0   0,0   6,1  25,7   23:49   WSW
 3  20,0  22,9   16:48  17,3   05:12   0,2   1,9   0,0   9,1  32,2   13:24    SW
 4  23,9  29,1   16:19  19,1   02:29   0,0   5,6   0,0  12,7  41,8   14:23   SSW
 5  22,1  28,2   15:29  15,1   23:39   0,4   4,2  11,0  14,7  54,7   17:55   WSW
 6  16,0  18,7   18:28  14,1   05:20   2,3   0,0  11,6   8,3  25,7   00:41     W
 7  18,3  23,3   17:15  13,1   05:11   1,4   1,4   0,0   7,8  30,6   11:46    NW
 8  20,8  27,2   16:21  13,7   06:06   1,2   3,7   0,0  12,4  33,8   18:16   SSW
 9  18,7  25,3   14:35  13,8   23:33   0,9   1,3   8,2  12,3  51,5   15:34   WNW
10  12,7  13,9   00:00  11,7   05:50   5,6   0,0  17,8   5,6  24,1   01:02     N
11  13,2  17,5   16:52  10,2   07:02   5,1   0,0   0,0   8,7  25,7   04:58    NW
12  14,5  20,1   16:35   8,2   05:48   3,9   0,1   0,0  10,5  33,8   16:59   SSW
13  16,6  20,9   17:38  12,3   04:51   2,2   0,6   0,0  12,2  32,2   18:56   SSW
14  19,4  25,6   14:36  16,3   03:47   0,5   1,6   6,6  10,2  35,4   02:59   WSW
15  18,2  21,7   16:04  14,3   06:25   0,9   0,9   0,0   7,0  24,1   12:55    NW
16  16,7  20,8   14:49  13,1   05:35   1,9   0,3   0,0   4,4  19,3   12:42   NNW
17  16,2  20,9   17:15  12,2   07:09   2,3   0,3   0,8   6,3  37,0   06:08     N
18  17,5  23,1   17:02  11,2   06:12   2,3   1,5   0,0   9,2  37,0   14:32     S
19  19,6  24,7   15:58  14,3   06:06   1,0   2,3   0,0   7,6  40,2   16:15     S
20  21,4  26,6   17:02  15,6   05:21   0,5   3,6   0,0   9,0  30,6   14:55     S
21  18,1  21,3   10:33  14,8   23:35   0,8   0,6  17,4   6,1  43,5   15:07     W
22  16,3  18,8   14:12  14,2   01:16   2,0   0,0   0,0   8,6  27,4   12:39    NW
23  18,2  23,2   14:45  12,7   05:37   1,6   1,5   0,0   5,6  27,4   17:58    NW
24  19,7  24,3   14:41  15,6   05:33   0,6   1,9   0,0   6,0  29,0   14:17     N
25  18,7  23,7   16:32  13,0   06:35   1,3   1,8   0,0  10,3  32,2   12:39     E
26  20,8  26,9   16:57  13,5   06:24   1,1   3,7   0,0   6,9  24,1   12:33    SE
27  22,0  27,9   16:06  15,3   06:06   0,5   4,2   0,0   9,2  30,6   12:20   SSW
28  22,6  28,3   16:02  16,5   05:45   0,3   4,6   0,0  11,8  38,6   14:19     S
29  21,8  25,9   13:02  17,5   23:58   0,0   3,6   0,4  10,2  35,4   17:23   WSW
30  18,0  21,3   17:21  14,9   23:58   1,0   0,7   0,0  10,0  38,6   12:29    NW
31  16,9  22,2   15:47   9,9   05:44   2,4   1,0   0,0   5,5  24,1   14:30     E
----------------------------------------------------------------------------------
    18,6  29,1     4     8,2    12    45,8  55,6  77,0   8,9  54,7     5     WSW

Max >=  20,0: 27
Max <=  10,0:  0
Min <=   0,0:  0
Min <= -10,0:  0
Max Rain: 17,8 on day 10
Days of Rain: 9 (>= 0,2 mm)  7 (>= 2,0 mm)  0 (>= 20,0 mm)
Heat Base: 18,3  Cool Base: 18,3  Method: Integration