Raporty NOAA

Zaznacz rok lub miesiac
V/Λ2018 > Sty Lut Mar Kwi Maj Cze Lip Sie Wrz Paz Lis Gru
V/Λ2017 > Sty Lut Mar Kwi Maj Cze Lip Sie Wrz Paz Lis Gru
V/Λ2016 > Sty Lut Mar Kwi Maj Cze Lip Sie Wrz Paz Lis Gru
V/Λ2015 > Sty Lut Mar Kwi Maj Cze Lip Sie Wrz Paz Lis Gru
V/Λ2014 > Sty Lut Mar Kwi Maj Cze Lip Sie Wrz Paz Lis Gru
V/Λ2013 > Sty Lut Mar Kwi Maj Cze Lip Sie Wrz Paz Lis Gru
V/Λ2012 > Sty Lut Mar Kwi Maj Cze Lip Sie Wrz Paz Lis Gru
V/Λ2011 > Sty Lut Mar Kwi Maj Cze Lip Sie Wrz Paz Lis Gru

Raport z 2016 Wrz
                   Monthly Climatological Summary for wrz 2016

Name: Rybnik-Smolna   City: Rybnik-Smolna   State: Slaskie
Elevation: 273 m  Lat: N 50 05' 14"   Lon: E 018 31' 39"

                  Temperature (C), Rain (mm), Wind Speed (km/h)

                                      Heat  Cool        Avg
    Mean                              Deg   Deg         Wind                 Dom
Day Temp  High   Time   Low    Time   Days  Days  Rain  Speed High   Time    Dir
----------------------------------------------------------------------------------
 1  19,0  26,2   17:39  11,4   05:06   1,9   2,6   0,0   8,2  29,0   11:06   SSW
 2  20,5  25,5   12:48  14,5   07:09   0,5   2,7   0,0   4,9  20,9   13:10     W
 3  20,0  25,6   14:40  13,8   06:19   1,1   2,8   0,0  10,1  33,8   14:26   SSW
 4  20,8  26,7   15:15  16,2   05:59   0,4   2,9   4,2  14,2  45,1   16:06    SW
 5  16,7  19,2   15:10  14,6   07:29   1,6   0,0   5,6  12,0  37,0   02:58   WNW
 6  15,7  18,9   17:50  13,3   06:26   2,6   0,0   3,8  13,6  45,1   04:00   NNE
 7  19,1  23,8   16:19  14,4   03:52   1,1   1,9   0,0   6,7  30,6   12:45     E
 8  21,0  26,6   15:46  15,8   05:01   0,7   3,4   0,0   8,2  29,0   15:18     S
 9  22,3  28,1   16:10  16,1   06:15   0,4   4,3   0,0   8,2  29,0   13:50     S
10  22,3  28,7   14:42  16,1   06:24   0,3   4,1   0,0   4,7  19,3   14:18    SE
11  22,4  29,7   14:50  15,3   06:48   0,5   4,5   0,0   4,4  14,5   17:38    SE
12  22,1  27,6   14:46  15,9   06:53   0,4   4,1   0,0   8,1  30,6   15:00     E
13  21,7  27,6   15:59  16,1   05:36   0,4   3,7   0,0   7,9  30,6   15:13     E
14  20,1  25,1   15:37  15,4   23:56   0,5   2,3   0,0   7,9  30,6   15:11   ENE
15  18,0  24,7   16:27  10,9   06:25   2,1   1,8   0,0   7,0  24,1   08:59   ESE
16  20,7  27,0   16:30  14,1   06:31   1,0   3,4   0,0   5,5  20,9   10:56    SE
17  17,4  20,2   00:00  16,1   23:47   1,0   0,2   7,6   6,5  29,0   13:11   ESE
18  15,1  18,4   12:00  12,1   23:55   3,2   0,0   0,4   6,8  27,4   19:31   ESE
19  12,5  13,4   18:34  10,4   23:58   5,8   0,0   0,4   5,8  33,8   14:55    NE
20  11,3  14,2   15:27   7,3   08:01   7,0   0,0   0,0   9,7  40,2   12:26     N
21  11,3  14,2   15:44   8,9   05:10   7,0   0,0   1,2   7,8  30,6   14:24   NNW
22  10,9  16,1   15:08   6,0   06:56   7,3   0,0   0,0   8,0  25,7   11:24    NW
23  12,4  17,6   15:46   6,9   06:27   5,9   0,0   0,0   6,6  22,5   13:52    SW
24  13,6  18,8   15:06   8,9   06:17   4,7   0,0   0,0   6,4  20,9   15:30    SW
25  13,2  17,6   15:21   8,0   07:44   5,1   0,0   0,0   6,6  29,0   13:45     E
26  12,1  18,9   15:00   6,8   06:10   6,2   0,0   0,0   6,1  29,0   19:17     E
27  12,1  19,2   16:12   6,6   06:42   6,3   0,0   0,0   4,5  20,9   00:12   ESE
28  14,5  19,6   15:18   8,6   06:30   4,0   0,2   0,0  13,7  40,2   15:15   SSW
29  18,1  22,1   14:42  15,2   07:13   1,1   0,9   0,0  15,5  41,8   15:24    SW
30  19,0  23,1   17:00  15,7   07:08   0,6   1,3   0,0  17,0  45,1   12:18    SW
----------------------------------------------------------------------------------
    17,2  29,7    11     6,0    22    80,7  47,1  23,2   8,4  45,1     4       S

Max >=  20,0: 17
Max <=  10,0:  0
Min <=   0,0:  0
Min <= -10,0:  0
Max Rain: 7,6 on day 17
Days of Rain: 7 (>= 0,2 mm)  4 (>= 2,0 mm)  0 (>= 20,0 mm)
Heat Base: 18,3  Cool Base: 18,3  Method: Integration