Raporty NOAA

Zaznacz rok lub miesiac

Raport z 2016 Paz
                   Monthly Climatological Summary for pa 2016

Name: Rybnik-Smolna   City: Rybnik-Smolna   State: Slaskie
Elevation: 273 m  Lat: N 50 05' 14"   Lon: E 018 31' 39"

                  Temperature (C), Rain (mm), Wind Speed (km/h)

                                      Heat  Cool        Avg
    Mean                              Deg   Deg         Wind                 Dom
Day Temp  High   Time   Low    Time   Days  Days  Rain  Speed High   Time    Dir
----------------------------------------------------------------------------------
 1  17,5  23,1   15:14  11,2   07:25   2,0   1,2   0,0   7,2  29,0   00:20   SSW
 2  15,4  19,6   13:48  12,1   06:52   3,0   0,1   2,0   7,0  35,4   17:28   SSW
 3  11,3  14,1   00:19   9,8   23:09   7,0   0,0  14,2  12,2  48,3   06:56   WNW
 4  10,4  12,7   15:41   5,7   23:34   7,9   0,0   6,0  17,9  66,0   10:58     N
 5   4,8   5,9   00:00   3,9   07:32  13,5   0,0  12,8  19,6  51,5   03:54   NNW
 6   5,7   8,4   16:40   2,9   23:53  12,6   0,0   4,4  10,1  38,6   00:51   NNE
 7   4,7   8,8   13:49   1,5   04:04  13,3   0,0   0,0   5,4  20,9   14:03     W
 8   5,4   7,7   20:55   2,9   00:46  12,9   0,0   1,4   7,0  19,3   10:40   WSW
 9   7,9  10,8   14:20   5,4   07:50  10,4   0,0   0,0   6,3  20,9   19:54     W
10   8,0   9,7   16:06   6,8   05:48  10,3   0,0   0,2   6,9  24,1   14:35    NW
11   7,0   8,6   15:05   6,0   23:52  11,1   0,0   6,8   6,3  38,6   20:15    NE
12   6,7   7,4   13:43   5,8   01:40  11,6   0,0   7,2  10,7  41,8   11:45    NE
13   5,7   7,1   00:00   3,8   21:37  12,5   0,0   0,2  12,9  38,6   01:01   ENE
14   6,5  11,3   14:40   1,5   07:06  11,8   0,0   0,0  10,9  38,6   16:58     E
15  11,7  17,4   15:30   7,0   07:28   6,6   0,0   0,0   6,6  25,7   07:54   ESE
16   6,5   9,7   00:00   4,9   23:54  11,7   0,0   0,2  10,0  33,8   19:24     E
17   6,8   9,4   18:24   4,2   06:02  11,5   0,0   0,2   6,4  25,7   00:00     E
18   9,1  11,8   11:42   7,9   22:23   8,8   0,0   1,0   8,5  32,2   12:27    SW
19   8,8  10,4   16:34   7,7   07:32   9,5   0,0   0,6  11,6  37,0   11:48   SSW
20   7,4   9,0   00:00   6,2   22:52  10,9   0,0  19,2   4,7  16,1   10:07     S
21   5,8   7,4   17:59   3,7   07:24  12,5   0,0   0,8   6,0  17,7   02:17     S
22   6,5  10,2   15:15   3,9   02:09  11,6   0,0   0,2   8,9  25,7   13:34   SSW
23   9,1  13,7   15:30   4,4   07:24   9,2   0,0   1,0   7,9  25,7   12:39    SE
24  11,2  15,6   15:30   6,9   05:06   7,1   0,0   0,0   7,1  27,4   13:55     S
25  12,5  15,2   11:11   9,1   23:40   5,8   0,0   6,2  13,2  40,2   09:35   WSW
26   8,3   9,4   13:46   5,1   23:37  10,0   0,0   0,4   6,2  25,7   09:53   NNE
27   6,0   9,5   15:38   2,9   23:47  12,3   0,0   0,0   3,4  16,1   01:48   ESE
28   6,2  10,8   15:36   1,2   06:18  12,0   0,0   1,0  14,3  38,6   12:24   SSW
29   8,5  10,1   04:51   5,9   22:09   9,4   0,0   1,0  18,9  56,3   16:43     W
30   6,5   8,7   14:21   5,1   02:45  12,3   0,0   1,2  14,1  49,9   12:53   WNW
31   6,0   7,7   14:45   4,4   04:57  12,3   0,0   0,6   8,7  27,4   11:02   WNW
----------------------------------------------------------------------------------
     8,2  23,1     1     1,2    28   313,4   1,3  88,8   9,6  66,0     4       W

Max >=  20,0:  1
Max <=  10,0: 16
Min <=   0,0:  0
Min <= -10,0:  0
Max Rain: 19,2 on day 20
Days of Rain: 24 (>= 0,2 mm)  9 (>= 2,0 mm)  0 (>= 20,0 mm)
Heat Base: 18,3  Cool Base: 18,3  Method: Integration