Raporty NOAA

Zaznacz rok lub miesiac
V/Λ2018 > Sty Lut Mar Kwi Maj Cze Lip Sie Wrz Paz Lis Gru
V/Λ2017 > Sty Lut Mar Kwi Maj Cze Lip Sie Wrz Paz Lis Gru
V/Λ2016 > Sty Lut Mar Kwi Maj Cze Lip Sie Wrz Paz Lis Gru
V/Λ2015 > Sty Lut Mar Kwi Maj Cze Lip Sie Wrz Paz Lis Gru
V/Λ2014 > Sty Lut Mar Kwi Maj Cze Lip Sie Wrz Paz Lis Gru
V/Λ2013 > Sty Lut Mar Kwi Maj Cze Lip Sie Wrz Paz Lis Gru
V/Λ2012 > Sty Lut Mar Kwi Maj Cze Lip Sie Wrz Paz Lis Gru
V/Λ2011 > Sty Lut Mar Kwi Maj Cze Lip Sie Wrz Paz Lis Gru

Raport z 2016 Lis
                   Monthly Climatological Summary for lis 2016

Name: Rybnik-Smolna   City: Rybnik-Smolna   State: Slaskie
Elevation: 273 m  Lat: N 50 05' 14"   Lon: E 018 31' 39"

                  Temperature (C), Rain (mm), Wind Speed (km/h)

                                      Heat  Cool        Avg
    Mean                              Deg   Deg         Wind                 Dom
Day Temp  High   Time   Low    Time   Days  Days  Rain  Speed High   Time    Dir
----------------------------------------------------------------------------------
 1   8,1  11,5   13:28   5,2   06:25  10,2   0,0   1,2  14,0  48,3   21:32    SW
 2   6,9   9,7   01:02   4,9   08:00  11,4   0,0   2,0  16,5  40,2   20:44   WSW
 3   2,8   5,7   00:00  -0,2   23:59  15,5   0,0   0,6  16,3  49,9   10:11   WNW
 4   3,1   7,2   14:04  -0,7   04:46  15,2   0,0   0,0  12,0  43,5   12:35   SSW
 5   7,2  10,7   14:53   3,3   04:19  11,1   0,0   0,0   7,7  33,8   14:46     S
 6   7,3  11,4   02:08   4,3   22:54  11,0   0,0  11,8   8,8  33,8   05:59   NNW
 7   4,4   7,1   12:42   1,7   23:56  13,9   0,0   0,2  10,0  37,0   14:51   WSW
 8   2,5   5,5   13:25  -0,1   23:41  14,5   0,0   0,0   5,2  17,7   09:48     S
 9   0,2   4,3   13:50  -2,8   06:43  18,1   0,0   0,2   4,4  20,9   10:31     W
10   1,2   4,4   16:01  -2,4   03:30  16,5   0,0   0,8   9,2  40,2   20:08     S
11   2,9   5,4   13:45   1,1   23:36  15,4   0,0   0,0   8,5  33,8   00:05   WNW
12   0,6   1,4   01:58  -1,2   23:59  17,7   0,0   0,0   9,9  37,0   20:22   NNE
13  -1,1   0,7   22:31  -3,8   06:18  19,4   0,0   0,0  10,8  32,2   00:38   NNW
14   0,3   2,5   13:20  -3,7   23:07  17,9   0,0   0,2   6,6  27,4   00:18     N
15   0,2   3,6   13:12  -4,0   06:51  18,1   0,0   0,0  19,2  66,0   18:56   SSW
16   1,9   3,7   18:30   0,0   00:07  15,0   0,0   1,8  25,7  57,9   01:52   SSW
17   4,6   5,8   15:58   2,8   00:00  13,7   0,0   0,0  21,9  57,9   08:41   SSW
18   8,2  11,1   13:31   4,6   05:19  10,1   0,0   0,0  13,2  62,8   11:49     S
19  11,0  14,5   15:47   6,9   22:32   7,3   0,0   5,8  15,7  69,2   20:26     S
20   9,8  13,6   19:58   5,6   06:29   8,3   0,0   0,0   8,4  30,6   17:08     S
21  13,5  17,6   13:53   9,9   06:06   4,8   0,0   0,0  14,0  59,5   14:08   SSE
22  13,8  17,4   12:17  10,1   23:19   4,5   0,0   0,0  14,2  53,1   11:01   SSE
23  11,2  14,6   14:00   7,8   07:48   7,1   0,0   0,0   7,8  24,1   12:20     S
24   9,2  11,1   13:13   7,1   23:30   9,1   0,0   0,4   4,9  20,9   23:51   NNW
25   4,9   7,1   00:00   0,9   23:34  13,4   0,0   0,8   7,4  25,7   03:33   NNE
26   3,8   8,4   13:56   0,8   00:03  14,4   0,0   0,0   4,6  24,1   22:57   WSW
27   4,0   6,9   00:00   1,3   23:51  14,3   0,0   1,8  16,0  56,3   12:11   WNW
28  -0,6   1,4   00:00  -1,8   23:57  18,9   0,0   0,0  18,6  48,3   10:45    NW
29  -0,7   0,8   18:06  -2,9   02:29  19,0   0,0   0,0  14,7  53,1   10:02   WNW
30  -1,1   0,6   03:05  -2,4   07:08  19,4   0,0   0,0  15,4  40,2   18:59    SW
----------------------------------------------------------------------------------
     4,7  17,6    21    -4,0    15   405,2   0,0  27,6  12,0  69,2    19      SW

Max >=  20,0:  0
Max <=  10,0: 20
Min <=   0,0: 13
Min <= -10,0:  0
Max Rain: 11,8 on day 6
Days of Rain: 13 (>= 0,2 mm)  3 (>= 2,0 mm)  0 (>= 20,0 mm)
Heat Base: 18,3  Cool Base: 18,3  Method: Integration