Raporty NOAA

Zaznacz rok lub miesiac
V/Λ2018 > Sty Lut Mar Kwi Maj Cze Lip Sie Wrz Paz Lis Gru
V/Λ2017 > Sty Lut Mar Kwi Maj Cze Lip Sie Wrz Paz Lis Gru
V/Λ2016 > Sty Lut Mar Kwi Maj Cze Lip Sie Wrz Paz Lis Gru
V/Λ2015 > Sty Lut Mar Kwi Maj Cze Lip Sie Wrz Paz Lis Gru
V/Λ2014 > Sty Lut Mar Kwi Maj Cze Lip Sie Wrz Paz Lis Gru
V/Λ2013 > Sty Lut Mar Kwi Maj Cze Lip Sie Wrz Paz Lis Gru
V/Λ2012 > Sty Lut Mar Kwi Maj Cze Lip Sie Wrz Paz Lis Gru
V/Λ2011 > Sty Lut Mar Kwi Maj Cze Lip Sie Wrz Paz Lis Gru

Raport z 2016 Gru
                   Monthly Climatological Summary for gru 2016

Name: Rybnik-Smolna   City: Rybnik-Smolna   State: Slaskie
Elevation: 273 m  Lat: N 50 05' 14"   Lon: E 018 31' 39"

                  Temperature (C), Rain (mm), Wind Speed (km/h)

                                      Heat  Cool        Avg
    Mean                              Deg   Deg         Wind                 Dom
Day Temp  High   Time   Low    Time   Days  Days  Rain  Speed High   Time    Dir
----------------------------------------------------------------------------------
 1   0,9   4,5   23:59  -1,2   01:22  17,4   0,0  17,8  17,5  45,1   23:59    SW
 2   2,4   5,1   02:54   0,4   13:15  15,9   0,0   2,8  23,3  86,9   08:54   WNW
 3   0,1   1,3   00:45  -2,3   23:57  18,2   0,0   0,0  12,8  38,6   05:02   WNW
 4  -2,2   1,0   14:29  -4,4   07:27  20,1   0,0   0,0   7,0  17,7   00:01   SSW
 5  -1,3   2,7   12:24  -4,9   07:15  19,6   0,0   0,0  17,3  45,1   13:06    SW
 6  -1,3   0,3   19:41  -3,2   06:42  19,2   0,0   0,0  13,2  32,2   00:06   WSW
 7   0,4   2,3   13:32  -0,5   05:30  17,9   0,0   0,2  15,4  61,2   23:31    SW
 8   1,1   2,6   12:07   0,2   00:00  17,2   0,0   0,0  28,3  64,4   08:22   SSW
 9   1,9   3,6   19:08  -0,3   07:26  16,4   0,0   0,0  17,4  45,1   08:57   SSW
10   6,1   7,7   13:43   3,3   00:00  12,1   0,0   0,0  20,5  49,9   08:20    SW
11   6,1   8,1   16:18   4,9   23:58  12,2   0,0   0,4  23,5  83,7   16:34   WSW
12   1,4   5,3   00:56  -4,1   23:59  16,9   0,0   7,2  15,7  54,7   13:44    NW
13  -2,8  -0,3   14:01  -6,4   06:12  21,0   0,0   0,0  14,1  45,1   16:46   SSW
14  -0,6   1,5   20:11  -2,2   07:35  18,2   0,0   0,8  17,3  45,1   05:01    SW
15   0,8   1,5   12:22   0,1   23:47  15,9   0,0   1,2   7,0  33,8   04:47     N
16  -0,8   2,1   13:57  -3,4   08:50  18,9   0,0   0,0  12,0  43,5   23:20   SSW
17  -0,5   3,6   13:56  -3,4   23:36  18,8   0,0   0,0  16,4  45,1   10:44    SW
18  -1,0   0,7   22:07  -3,2   00:00  19,2   0,0   0,0   8,0  30,6   01:32    SW
19   0,2   1,6   14:36  -1,2   23:54  18,1   0,0   0,2   7,7  29,0   22:33   SSW
20  -2,6  -1,1   00:00  -4,0   23:53  20,9   0,0   0,0   7,1  27,4   00:37     S
21  -2,4   0,8   12:36  -4,7   03:58  20,7   0,0   0,0  14,2  56,3   23:33   SSW
22  -3,4  -2,2   12:05  -4,1   04:32  21,7   0,0   0,0  23,2  56,3   07:57    SW
23  -2,6  -0,9   12:51  -3,9   06:16  20,8   0,0   0,0  11,9  38,6   01:59   SSW
24  -0,2   2,0   22:27  -2,2   00:00  18,5   0,0   0,6  24,0  61,2   09:35    SW
25   3,1   4,8   23:12   1,7   00:44  15,2   0,0   5,4  17,4  43,5   08:15    SW
26   6,2   8,8   14:45   4,4   23:57  12,1   0,0   1,0  19,7  62,8   19:35   WSW
27   3,3   4,7   14:17   1,9   03:27  15,0   0,0   1,2  24,1  67,6   14:47     W
28   0,7   2,7   00:00  -0,3   07:11  17,6   0,0   0,0  19,0  51,5   12:21    NW
29  -1,1   0,9   14:31  -3,6   23:52  19,4   0,0   0,0   7,4  30,6   05:25    NW
30  -2,5   1,3   13:26  -5,3   07:31  20,5   0,0   0,0   6,5  17,7   21:19   SSW
31  -1,6   3,1   13:47  -4,1   07:09  19,9   0,0   0,0  13,0  37,0   22:50   SSW
----------------------------------------------------------------------------------
     0,3   8,8    26    -6,4    13   555,5   0,0  38,8  15,6  86,9     2      SW

Max >=  20,0:  0
Max <=  10,0: 31
Min <=   0,0: 23
Min <= -10,0:  0
Max Rain: 17,8 on day 1
Days of Rain: 12 (>= 0,2 mm)  4 (>= 2,0 mm)  0 (>= 20,0 mm)
Heat Base: 18,3  Cool Base: 18,3  Method: Integration