Raporty NOAA

Zaznacz rok lub miesiac
V/Λ2018 > Sty Lut Mar Kwi Maj Cze Lip Sie Wrz Paz Lis Gru
V/Λ2017 > Sty Lut Mar Kwi Maj Cze Lip Sie Wrz Paz Lis Gru
V/Λ2016 > Sty Lut Mar Kwi Maj Cze Lip Sie Wrz Paz Lis Gru
V/Λ2015 > Sty Lut Mar Kwi Maj Cze Lip Sie Wrz Paz Lis Gru
V/Λ2014 > Sty Lut Mar Kwi Maj Cze Lip Sie Wrz Paz Lis Gru
V/Λ2013 > Sty Lut Mar Kwi Maj Cze Lip Sie Wrz Paz Lis Gru
V/Λ2012 > Sty Lut Mar Kwi Maj Cze Lip Sie Wrz Paz Lis Gru
V/Λ2011 > Sty Lut Mar Kwi Maj Cze Lip Sie Wrz Paz Lis Gru

Raport z 2017
                   Annual Climatological Summary for 2017

Name: Rybnik-Smolna   City: Rybnik-Smolna   State: Slaskie
Elevation: 273 m  Lat: N 50 05' 14"   Lon: E 018 31' 39"

                  Temperature (C), Heat Base: 18,3  Cool Base: 18,3
                          Dep.  Heat  Cool                       Max  Max  Min  Min
        Mean  Mean        From  Deg   Deg                        >=   <=   <=   <=
 YR MO  Max   Min   Mean  Norm  Days  Days  Hi  Date  Low  Date 20,0 10,0  0,0 -10,0
------------------------------------------------------------------------------------
 17  1  -1,0  -7,5  -4,2  -1,2   692     0   5,1  13 -19,5    8    0   31   30    8
 17  2   4,2  -1,7   1,2   2,6   476     0  15,3  27  -9,3   12    0   23   15    0
 17  3  11,1   3,4   7,2   3,7   342     0  19,8  31  -0,7   14    0   16    2    0
 17  4  11,5   4,4   7,7  -1,1   315     2  23,3   2  -1,7   21    2   13    3    0
 17  5  19,3  10,0  14,5   1,2   140    22  29,7  30  -0,4   10   14    1    1    0
 17  6  24,2  13,8  19,2   2,4    41    69  31,4  28   9,4   11   25    0    0    0
 17  7  24,4  14,9  19,5   1,1    34    72  32,1  31   9,2   14   27    0    0    0
 17  8  25,9  15,6  20,5   2,5    33   100  33,6   1   9,8   24   27    0    0    0
 17  9  17,0  10,6  13,6  -0,7   146     6  24,4   9   5,9   29    6    0    0    0
 17 10  14,0   7,6  10,6   0,9   237     2  22,3  17   1,8   31    4    5    0    0
 17 11   7,5   2,9   5,0   1,0   397     0  14,2   5  -0,8   27    0   24    6    0
 17 12   4,7  -0,1   2,4   2,9   489     0  13,7  12  -6,7    2    0   27   16    0
------------------------------------------------------------------------------------
        13,6   6,2   9,8   1,3  3348   275  33,6 sie -19,5  sty  105  140   73    8

                                Precipitation (mm)

              Dep.   Max        Days of Rain
              From   Obs.           >=
 YR MO Total  Norm   Day Date  0,2  2,0 20,0
---------------------------------------------
 17  1   0,0 -33,0   0,0   0     0    0    0
 17  2  29,6  -2,4   6,6   3    11    5    0
 17  3  30,8  -5,2   8,6  22    13    5    0
 17  4  91,2  42,2  27,0  28    23   10    1
 17  5  30,4 -50,6   5,6  24    17    6    0
 17  6  41,2 -55,8  10,2  10     9    6    0
 17  7  70,0 -25,0  17,6  28    16    7    0
 17  8  49,2 -31,8  15,0  20    10    6    0
 17  9 107,2  48,2  24,0  17    20   12    1
 17 10  76,8  32,8  23,2  29    14    8    2
 17 11  38,0  -8,0   7,2   2    20    7    0
 17 12  13,6 -27,4   2,8  29    13    3    0
---------------------------------------------
       578,0-116,0  27,0  kwi  166   75    4

                                Wind Speed (km/h)
                          Dom
 YR MO   Avg.  Hi   Date  Dir
------------------------------
 17  1  12,1  67,6    4    SW
 17  2  12,1  83,7   24   SSW
 17  3  12,9  72,4   18   WSW
 17  4  13,2  86,9    6   WNW
 17  5  10,8  54,7    1    NW
 17  6  11,9  78,9    6   WSW
 17  7  10,2  90,1    7   WSW
 17  8   8,6  95,0   11    SW
 17  9  11,2  72,4   13   WSW
 17 10  13,8  86,9   29   WSW
 17 11  11,5  61,2   19    SW
 17 12  14,6  83,7   12    SW
------------------------------
        11,9  95,0  sie   WSW