Raporty NOAA

Zaznacz rok lub miesiac
V/Λ2018 > Sty Lut Mar Kwi Maj Cze Lip Sie Wrz Paz Lis Gru
V/Λ2017 > Sty Lut Mar Kwi Maj Cze Lip Sie Wrz Paz Lis Gru
V/Λ2016 > Sty Lut Mar Kwi Maj Cze Lip Sie Wrz Paz Lis Gru
V/Λ2015 > Sty Lut Mar Kwi Maj Cze Lip Sie Wrz Paz Lis Gru
V/Λ2014 > Sty Lut Mar Kwi Maj Cze Lip Sie Wrz Paz Lis Gru
V/Λ2013 > Sty Lut Mar Kwi Maj Cze Lip Sie Wrz Paz Lis Gru
V/Λ2012 > Sty Lut Mar Kwi Maj Cze Lip Sie Wrz Paz Lis Gru
V/Λ2011 > Sty Lut Mar Kwi Maj Cze Lip Sie Wrz Paz Lis Gru

Raport z 2017 Sty
                   Monthly Climatological Summary for sty 2017

Name: Rybnik-Smolna   City: Rybnik-Smolna   State: Slaskie
Elevation: 273 m  Lat: N 50 05' 14"   Lon: E 018 31' 39"

                  Temperature (C), Rain (mm), Wind Speed (km/h)

                                      Heat  Cool        Avg
    Mean                              Deg   Deg         Wind                 Dom
Day Temp  High   Time   Low    Time   Days  Days  Rain  Speed High   Time    Dir
----------------------------------------------------------------------------------
 1  -1,1   2,4   13:41  -4,3   06:33  19,4   0,0   0,0  17,6  45,1   14:01   SSW
 2  -3,1  -0,9   00:53  -5,1   07:51  21,4   0,0   0,0  18,1  64,4   02:34    SW
 3  -1,4   1,1   18:18  -4,7   05:47  19,7   0,0   0,0  20,2  56,3   22:27    SW
 4   0,5   3,1   14:39  -1,5   04:05  17,8   0,0   0,0  30,5  67,6   03:10   WSW
 5  -4,3  -0,3   00:00  -9,1   23:59  22,6   0,0   0,0  20,6  66,0   09:23   NNW
 6 -11,1  -9,0   00:00 -15,8   23:42  29,4   0,0   0,0  11,5  46,7   13:19   NNE
 7 -15,5 -12,3   12:07 -18,6   08:50  33,8   0,0   0,0   6,3  17,7   14:50   SSW
 8 -13,2  -7,4   15:13 -19,5   07:50  31,3   0,0   0,0   4,8  19,3   13:41   ENE
 9 -11,3  -6,3   12:27 -17,1   07:08  29,6   0,0   0,0   3,9  16,1   02:18    SW
10  -9,5  -5,6   13:50 -14,2   06:00  27,3   0,0   0,0   9,3  35,4   11:22     S
11  -6,8  -1,9   15:14 -12,7   07:55  23,7   0,0   0,0  16,3  48,3   23:29     S
12  -1,2   2,6   14:14  -5,3   02:12  19,5   0,0   0,0  20,9  56,3   00:44    SW
13   2,8   5,1   11:00   0,1   00:00  15,3   0,0   0,0  21,4  64,4   12:46   SSW
14  -0,1   1,7   12:36  -1,7   23:43  18,4   0,0   0,0  13,4  38,6   00:50     W
15  -1,3   0,7   15:17  -2,5   04:41  19,6   0,0   0,0  15,1  41,8   15:58    SW
16  -2,3  -0,1   15:58  -4,1   06:29  20,6   0,0   0,0   6,4  24,1   00:26    SW
17  -2,4  -1,5   13:12  -3,3   04:38  20,7   0,0   0,0   9,2  32,2   12:40   NNE
18  -5,8  -3,3   00:00  -7,4   23:13  23,7   0,0   0,0  10,1  32,2   08:56   ENE
19  -7,5  -4,8   13:43 -12,1   23:26  25,6   0,0   0,0   4,3  22,5   03:46   ENE
20  -4,4  -0,4   13:30 -10,8   00:00  22,2   0,0   0,0   5,9  17,7   17:25    SW
21  -0,2   2,6   14:29  -2,3   06:35  18,5   0,0   0,0   3,7  14,5   05:00   SSW
22  -0,4   3,3   14:18  -4,1   07:11  18,7   0,0   0,0   8,1  22,5   22:57     S
23  -2,0   2,8   14:27  -5,7   23:26  20,3   0,0   0,0  13,3  35,4   08:34    SW
24  -4,6  -2,9   17:23  -6,1   05:37  22,9   0,0   0,0   5,3  25,7   01:14   WNW
25  -2,1  -0,4   15:39  -3,6   00:49  20,4   0,0   0,0   5,4  17,7   09:34   NNW
26  -1,4   1,2   12:06  -5,1   23:46  19,7   0,0   0,0   5,8  22,5   11:14    SE
27  -2,5   1,8   14:14  -5,3   01:03  20,2   0,0   0,0  12,7  32,2   10:30   SSW
28  -5,7  -2,2   14:00  -8,7   07:22  24,0   0,0   0,0  13,7  37,0   13:35   SSW
29  -5,0  -0,4   14:38  -7,2   00:00  23,2   0,0   0,0  16,8  40,2   01:36   SSW
30  -4,6   0,0   13:37  -7,6   06:40  22,9   0,0   0,0  16,0  40,2   00:16   SSW
31  -2,0   1,2   14:39  -6,3   00:00  20,3   0,0   0,0   7,8  37,0   02:03    SW
----------------------------------------------------------------------------------
    -4,2   5,1    13   -19,5     8   692,7   0,0   0,0  12,1  67,6     4      SW

Max >=  20,0:  0
Max <=  10,0: 31
Min <=   0,0: 30
Min <= -10,0:  8
Max Rain: 0,0 on day 0
Days of Rain: 0 (>= 0,2 mm)  0 (>= 2,0 mm)  0 (>= 20,0 mm)
Heat Base: 18,3  Cool Base: 18,3  Method: Integration