Raporty NOAA

Zaznacz rok lub miesiac

Raport z 2017 Lut
                   Monthly Climatological Summary for lut 2017

Name: Rybnik-Smolna   City: Rybnik-Smolna   State: Slaskie
Elevation: 273 m  Lat: N 50 05' 14"   Lon: E 018 31' 39"

                  Temperature (C), Rain (mm), Wind Speed (km/h)

                                      Heat  Cool        Avg
    Mean                              Deg   Deg         Wind                 Dom
Day Temp  High   Time   Low    Time   Days  Days  Rain  Speed High   Time    Dir
----------------------------------------------------------------------------------
 1  -0,1   1,7   12:35  -1,6   05:50  18,4   0,0   1,2   1,5  14,5   18:52    NE
 2   0,5   1,7   02:32  -0,3   01:52  17,8   0,0   3,6   9,7  38,6   09:10   SSW
 3   1,6   2,6   13:39   0,7   17:36  16,4   0,0   6,6   9,4  29,0   02:33   SSE
 4   0,7   1,6   13:24   0,0   07:03  17,5   0,0   0,2   7,8  24,1   17:36   ESE
 5   2,1   4,6   13:52   0,1   04:01  16,2   0,0   0,0   8,2  29,0   12:37   SSW
 6   0,1   2,9   00:50  -2,4   23:42  18,2   0,0   0,0   6,8  25,7   14:49   NNE
 7  -3,3  -2,1   00:05  -5,5   23:58  21,6   0,0   0,0   8,0  25,7   01:06   NNE
 8  -6,5  -5,4   00:00  -7,6   08:58  24,8   0,0   0,0   8,8  27,4   02:31   ENE
 9  -6,0  -4,3   15:54  -7,2   05:11  23,5   0,0   0,0   8,6  27,4   18:15   ENE
10  -3,3   0,2   15:25  -6,3   03:08  21,6   0,0   0,0   7,3  29,0   21:12     E
11  -4,0   0,7   13:41  -7,2   07:03  22,3   0,0   0,0   8,9  29,0   02:23     E
12  -4,5  -0,2   13:47  -9,3   07:03  22,8   0,0   0,0   8,0  24,1   17:28     E
13  -6,5  -4,2   00:00  -8,0   04:00  24,8   0,0   0,0   5,4  20,9   03:56   ESE
14  -2,7   5,1   14:58  -7,7   04:06  21,0   0,0   0,0   3,2  16,1   10:50   WSW
15   3,1  10,8   15:07  -3,9   06:44  15,2   0,0   0,0   4,3  12,9   03:31   SSW
16   4,0   7,3   14:12   0,8   01:24  14,2   0,0   0,0  17,4  46,7   06:38   SSW
17   2,0   4,0   11:09   0,1   17:42  16,3   0,0   3,8  14,1  45,1   05:16   SSW
18   2,1   3,7   14:07   0,2   01:04  16,2   0,0   0,8   6,7  20,9   00:06     W
19   2,2   4,3   15:39   1,1   05:50  16,1   0,0   0,2  11,4  41,8   17:04    SW
20   2,9   6,1   13:20   0,1   06:36  15,4   0,0   1,6  20,6  56,3   21:55    SW
21   5,2   7,0   15:45   3,8   01:09  13,1   0,0   4,0  20,2  54,7   00:00    SW
22   6,2   9,4   20:32   2,1   06:03  12,0   0,0   1,2  25,5  66,0   09:48    SW
23   7,9  12,7   21:46   4,3   01:17  10,4   0,0   6,4  18,6  57,9   18:39    SW
24   6,2  12,0   00:00  -0,7   23:47  12,1   0,0   0,0  25,9  83,7   03:54     W
25   1,0   4,0   14:22  -2,1   03:32  17,3   0,0   0,0  14,6  61,2   11:09   WSW
26   4,4   5,9   11:24   1,0   00:00  12,2   0,0   0,0  27,6  70,8   10:55    SW
27   8,6  15,3   15:45   2,5   07:02   9,7   0,0   0,0  14,8  40,2   02:01     S
28   9,3  11,3   11:06   5,9   07:06   9,0   0,0   0,0  17,7  64,4   12:24   SSW
----------------------------------------------------------------------------------
     1,2  15,3    27    -9,3    12   476,1   0,0  29,6  12,1  83,7    24     SSW

Max >=  20,0:  0
Max <=  10,0: 23
Min <=   0,0: 15
Min <= -10,0:  0
Max Rain: 6,6 on day 3
Days of Rain: 11 (>= 0,2 mm)  5 (>= 2,0 mm)  0 (>= 20,0 mm)
Heat Base: 18,3  Cool Base: 18,3  Method: Integration