Raporty NOAA

Zaznacz rok lub miesiac

Raport z 2017 Mar
                   Monthly Climatological Summary for mar 2017

Name: Rybnik-Smolna   City: Rybnik-Smolna   State: Slaskie
Elevation: 273 m  Lat: N 50 05' 14"   Lon: E 018 31' 39"

                  Temperature (C), Rain (mm), Wind Speed (km/h)

                                      Heat  Cool        Avg
    Mean                              Deg   Deg         Wind                 Dom
Day Temp  High   Time   Low    Time   Days  Days  Rain  Speed High   Time    Dir
----------------------------------------------------------------------------------
 1   6,2  10,0   00:25   4,1   07:17  12,1   0,0   0,8  18,0  49,9   01:05    SW
 2   6,8  11,1   15:03   3,4   03:48  11,5   0,0   0,4  24,0  70,8   08:42    SW
 3   6,7   9,9   15:02   3,3   07:15  11,6   0,0   0,0  15,9  46,7   14:51    SW
 4  11,7  16,4   16:08   5,7   05:19   6,6   0,0   0,0  17,2  59,5   13:27     S
 5  12,0  15,7   00:03   6,7   23:53   6,3   0,0   6,8  17,8  56,3   00:26    SW
 6   6,5   9,1   14:42   3,7   23:35  11,8   0,0   3,4  11,9  41,8   13:35    SW
 7   4,7   7,5   15:05   2,2   23:51  13,6   0,0   0,4  12,4  37,0   22:17   WSW
 8   4,5   9,8   14:29   1,1   23:48  13,8   0,0   0,0   6,2  25,7   00:31   ENE
 9   3,3   5,7   18:58   0,2   01:54  15,0   0,0   1,6   9,6  48,3   07:26    SW
10   4,6   7,9   12:35   2,0   03:30  13,7   0,0   0,6  11,5  41,8   14:47     N
11   4,6   7,6   14:50   2,1   23:58  13,7   0,0   0,0  11,6  32,2   11:43   NNW
12   3,7   5,9   13:54   1,8   06:03  13,9   0,0   0,0   7,9  33,8   17:37    NE
13   4,3   8,3   16:00   0,4   05:52  13,4   0,0   0,0   4,9  22,5   09:47    NE
14   4,4   8,6   15:53  -0,7   06:14  13,9   0,0   0,0   5,7  25,7   13:54   WNW
15   6,7  11,2   14:16   2,6   00:31  11,4   0,0   0,0  13,6  56,3   14:20     W
16   6,7   9,7   15:39   4,2   06:04  11,6   0,0   0,0  15,9  53,1   13:56   WNW
17   7,8  13,2   13:28   2,1   05:48  10,5   0,0   1,6  17,7  64,4   10:11    SW
18   5,4   9,3   15:30   2,8   07:45  12,5   0,0   3,4  21,1  72,4   18:38   WSW
19   4,0   7,4   14:54   1,7   07:10  14,2   0,0   2,2  17,2  51,5   01:06     W
20   9,9  12,3   14:14   4,6   00:00   8,4   0,0   0,8  15,1  45,1   07:11   WSW
21  11,0  13,3   12:37   8,8   00:41   7,3   0,0   0,0  13,5  43,5   05:54    SW
22   5,5  10,2   00:34   3,7   13:46  12,7   0,0   8,6  13,0  43,5   09:26   NNE
23   6,9  11,0   14:24   4,4   00:27  11,4   0,0   0,0   9,7  35,4   01:51     E
24   6,5   7,9   17:22   3,5   23:15  11,7   0,0   0,0   8,6  30,6   11:12   NNW
25   6,2  10,2   14:58   1,5   05:25  12,1   0,0   0,0  13,2  53,1   15:01   WNW
26   4,3   8,2   17:45   0,1   06:47  13,4   0,0   0,0   8,1  35,4   10:39   NNE
27   7,0  13,7   16:30  -0,4   07:03  11,3   0,0   0,0   9,6  29,0   15:42   WSW
28  12,2  19,1   16:18   4,9   06:49   6,2   0,0   0,0  10,3  29,0   15:43   WSW
29  13,0  18,4   14:58   8,2   07:21   5,3   0,0   0,2  15,3  51,5   16:20     W
30  11,2  14,6   15:23   8,8   06:02   7,1   0,0   0,0   8,4  27,4   00:10     W
31  13,7  19,8   16:25   7,7   06:17   4,7   0,1   0,0  14,4  40,2   13:52    SW
----------------------------------------------------------------------------------
     7,2  19,8    31    -0,7    14   342,7   0,1  30,8  12,9  72,4    18     WSW

Max >=  20,0:  0
Max <=  10,0: 16
Min <=   0,0:  2
Min <= -10,0:  0
Max Rain: 8,6 on day 22
Days of Rain: 13 (>= 0,2 mm)  5 (>= 2,0 mm)  0 (>= 20,0 mm)
Heat Base: 18,3  Cool Base: 18,3  Method: Integration