Raporty NOAA

Zaznacz rok lub miesiac
V/Λ2018 > Sty Lut Mar Kwi Maj Cze Lip Sie Wrz Paz Lis Gru
V/Λ2017 > Sty Lut Mar Kwi Maj Cze Lip Sie Wrz Paz Lis Gru
V/Λ2016 > Sty Lut Mar Kwi Maj Cze Lip Sie Wrz Paz Lis Gru
V/Λ2015 > Sty Lut Mar Kwi Maj Cze Lip Sie Wrz Paz Lis Gru
V/Λ2014 > Sty Lut Mar Kwi Maj Cze Lip Sie Wrz Paz Lis Gru
V/Λ2013 > Sty Lut Mar Kwi Maj Cze Lip Sie Wrz Paz Lis Gru
V/Λ2012 > Sty Lut Mar Kwi Maj Cze Lip Sie Wrz Paz Lis Gru
V/Λ2011 > Sty Lut Mar Kwi Maj Cze Lip Sie Wrz Paz Lis Gru

Raport z 2017 Kwi
                   Monthly Climatological Summary for kwi 2017

Name: Rybnik-Smolna   City: Rybnik-Smolna   State: Slaskie
Elevation: 273 m  Lat: N 50 05' 14"   Lon: E 018 31' 39"

                  Temperature (C), Rain (mm), Wind Speed (km/h)

                                      Heat  Cool        Avg
    Mean                              Deg   Deg         Wind                 Dom
Day Temp  High   Time   Low    Time   Days  Days  Rain  Speed High   Time    Dir
----------------------------------------------------------------------------------
 1  15,7  21,8   17:02  10,2   06:26   3,1   0,6   0,0  11,5  35,4   14:04   SSE
 2  17,8  23,3   15:54  12,6   06:26   1,9   1,4   0,0  16,3  46,7   11:21   SSW
 3  11,7  15,7   12:06   8,7   06:40   6,6   0,0   0,0  10,2  48,3   14:54     N
 4  13,2  19,7   15:58   7,1   04:25   5,0   0,1   0,0   9,8  41,8   13:30   ENE
 5   9,7  13,9   00:00   8,5   22:43   8,6   0,0   0,8  11,4  35,4   19:05    NW
 6   5,8   8,6   00:00   3,4   09:42  12,5   0,0   6,4  16,9  86,9   16:31    NW
 7   5,4   7,3   23:20   2,7   06:29  12,9   0,0   4,6  12,7  35,4   02:00   WNW
 8   9,2  12,3   12:41   7,0   23:59   9,0   0,0   1,2  13,4  40,2   10:35    NW
 9  10,8  16,2   16:40   5,4   06:55   7,5   0,0   0,0   4,3  22,5   16:44   WSW
10  13,4  19,3   16:48   6,5   06:18   5,0   0,1   0,4  18,3  51,5   17:18   SSW
11   7,8  13,4   00:00   6,1   07:27  10,5   0,0   2,2  17,2  53,1   10:23   WNW
12   7,6  10,9   16:00   4,0   05:29  10,3   0,0   1,2  20,4  59,5   16:31    SW
13   8,5  10,3   17:19   6,8   07:53   9,8   0,0   2,4  15,3  45,1   14:57     W
14   8,3  11,8   17:39   4,6   08:08  10,0   0,0   1,0  12,5  43,5   13:40   WNW
15   9,6  13,6   15:34   5,8   04:12   8,5   0,0   0,2  15,2  49,9   16:23    SW
16   6,0   9,2   15:09   3,6   21:33  12,3   0,0   2,2  15,5  66,0   00:17   WNW
17   5,2   9,9   16:10   2,5   05:57  13,1   0,0   1,6   6,1  45,1   17:36     W
18   2,2   4,3   00:18   0,0   23:33  16,1   0,0   1,0  13,3  41,8   22:24     N
19   1,1   3,7   18:30  -0,2   06:30  17,2   0,0   5,2  17,8  62,8   17:31   NNE
20   2,1   3,3   12:18   0,9   05:12  16,2   0,0   0,0  14,7  49,9   09:05   NNE
21   3,5   9,1   16:30  -1,7   05:56  12,3   0,0   0,0  12,3  40,2   14:21   WSW
22   7,1   9,6   14:13   4,2   10:20  11,2   0,0   0,8  19,1  53,1   13:41     W
23   4,3   7,5   13:52   0,6   06:47  14,0   0,0   3,2  16,3  72,4   11:39   WNW
24   6,7  11,7   17:35   2,5   02:37  11,6   0,0   0,6  14,3  41,8   16:19    SW
25  10,8  16,2   13:16   5,8   05:06   7,2   0,0   0,2  16,6  69,2   13:11   SSW
26   4,9   9,3   00:00   3,1   23:57  13,4   0,0   9,8   9,2  41,8   00:42   NNE
27   2,7   4,3   17:36   0,7   11:30  14,5   0,0  18,4   5,9  20,9   00:23   NNE
28   3,1   4,0   03:48   1,9   10:39  15,1   0,0  27,0   9,7  35,4   07:32   NNW
29   7,3  12,4   16:52   3,0   05:29  10,7   0,0   0,6   9,0  30,6   04:35   WNW
30   8,7  12,7   16:17   5,7   04:36   9,6   0,0   0,2   8,3  37,0   18:54   ENE
----------------------------------------------------------------------------------
     7,7  23,3     2    -1,7    21   315,7   2,2  91,2  13,2  86,9     6     WNW

Max >=  20,0:  2
Max <=  10,0: 13
Min <=   0,0:  3
Min <= -10,0:  0
Max Rain: 27,0 on day 28
Days of Rain: 23 (>= 0,2 mm)  10 (>= 2,0 mm)  1 (>= 20,0 mm)
Heat Base: 18,3  Cool Base: 18,3  Method: Integration