Raporty NOAA

Zaznacz rok lub miesiac
V/Λ2018 > Sty Lut Mar Kwi Maj Cze Lip Sie Wrz Paz Lis Gru
V/Λ2017 > Sty Lut Mar Kwi Maj Cze Lip Sie Wrz Paz Lis Gru
V/Λ2016 > Sty Lut Mar Kwi Maj Cze Lip Sie Wrz Paz Lis Gru
V/Λ2015 > Sty Lut Mar Kwi Maj Cze Lip Sie Wrz Paz Lis Gru
V/Λ2014 > Sty Lut Mar Kwi Maj Cze Lip Sie Wrz Paz Lis Gru
V/Λ2013 > Sty Lut Mar Kwi Maj Cze Lip Sie Wrz Paz Lis Gru
V/Λ2012 > Sty Lut Mar Kwi Maj Cze Lip Sie Wrz Paz Lis Gru
V/Λ2011 > Sty Lut Mar Kwi Maj Cze Lip Sie Wrz Paz Lis Gru

Raport z 2017 Maj
                   Monthly Climatological Summary for maj 2017

Name: Rybnik-Smolna   City: Rybnik-Smolna   State: Slaskie
Elevation: 273 m  Lat: N 50 05' 14"   Lon: E 018 31' 39"

                  Temperature (C), Rain (mm), Wind Speed (km/h)

                                      Heat  Cool        Avg
    Mean                              Deg   Deg         Wind                 Dom
Day Temp  High   Time   Low    Time   Days  Days  Rain  Speed High   Time    Dir
----------------------------------------------------------------------------------
 1  10,0  14,8   16:56   4,7   05:54   8,3   0,0   0,0  18,1  54,7   08:14     E
 2   9,6  12,7   18:39   5,5   05:23   8,7   0,0   1,6   7,2  37,0   09:59     E
 3  12,0  15,9   15:00   8,0   05:02   6,3   0,0   1,0   8,5  32,2   21:00    NE
 4  11,2  15,2   18:00   9,2   07:30   7,1   0,0   2,6  12,0  24,1   00:00     N
 5  12,4  18,0   14:30   9,4   05:30   5,9   0,0   1,8  16,2  30,6   14:30     N
 6  12,7  15,9   17:30  10,9   02:00   5,6   0,0   0,8  18,6  25,7   13:30   NNW
 7  11,4  14,7   16:00   8,8   22:33   6,7   0,0   0,0  15,7  37,0   18:20    NW
 8   9,0  13,4   15:32   6,0   23:58   9,3   0,0   0,4  14,0  41,8   18:06    NW
 9   4,8   6,9   17:54   2,1   07:00  12,7   0,0   0,0  11,7  41,8   12:30     N
10   5,9  10,9   18:08  -0,4   04:50  12,2   0,0   0,0  11,9  37,0   15:05    SW
11  13,1  20,2   17:22   5,3   04:34   5,4   0,2   0,0  10,2  30,6   14:09   SSW
12  14,9  20,4   13:16  10,8   04:13   3,7   0,3   2,0  10,2  35,4   08:27     E
13  14,2  18,4   14:28  11,6   03:02   4,0   0,0   0,0   6,0  30,6   17:41   ENE
14  15,3  20,8   15:25   7,9   06:17   3,5   0,5   0,2   5,8  29,0   15:28   ESE
15  14,8  18,6   18:02  12,2   04:41   3,3   0,0   0,4   6,0  30,6   19:06    NW
16  15,5  19,9   17:47  11,1   05:03   3,0   0,2   0,2   8,7  35,4   16:13   NNW
17  16,9  23,3   16:11   9,2   04:29   2,5   1,1   0,0   5,8  27,4   11:12   ESE
18  19,2  25,2   16:47  11,3   05:53   1,6   2,5   0,0   8,2  32,2   10:33   SSE
19  21,1  26,5   16:47  14,0   05:34   0,9   3,7   0,0   9,2  38,6   13:00    SE
20  15,1  20,0   00:00  12,2   23:43   3,3   0,1   0,0  15,6  40,2   20:53    NW
21  15,2  19,7   16:25  11,9   01:10   3,2   0,1   0,2  17,2  51,5   04:30   NNW
22  16,7  22,8   17:50  12,3   06:09   2,5   0,9   0,0   8,3  27,4   14:35   NNW
23  18,1  24,4   13:01  12,1   04:54   1,7   1,5   0,0   5,9  29,0   16:05     W
24  13,5  17,0   00:00  10,4   23:49   4,8   0,0   5,6  14,4  51,5   13:59   WNW
25  12,4  18,0   16:11   9,4   01:53   5,8   0,0   5,0  14,2  38,6   07:31    NW
26  15,2  19,6   17:45  10,6   05:47   3,2   0,1   2,0   8,4  35,4   22:09   WNW
27  17,0  21,8   17:43  12,3   05:11   2,1   0,7   0,0   6,8  32,2   14:07    NE
28  18,8  25,5   17:40  10,3   05:59   1,9   2,4   0,0   7,1  27,4   09:55   SSE
29  20,6  26,0   17:12  15,3   04:51   0,6   3,0   0,4  17,8  46,7   09:32    SW
30  21,9  29,7   15:58  17,2   23:09   0,1   3,7   5,2  14,5  46,7   17:32    SW
31  19,8  23,1   14:40  16,9   04:48   0,3   1,7   1,0  14,8  51,5   00:14     W
----------------------------------------------------------------------------------
    14,5  29,7    30    -0,4    10   140,2  22,7  30,4  10,8  54,7     1      NW

Max >=  20,0: 14
Max <=  10,0:  1
Min <=   0,0:  1
Min <= -10,0:  0
Max Rain: 5,6 on day 24
Days of Rain: 17 (>= 0,2 mm)  6 (>= 2,0 mm)  0 (>= 20,0 mm)
Heat Base: 18,3  Cool Base: 18,3  Method: Integration