Raporty NOAA

Zaznacz rok lub miesiac
V/Λ2018 > Sty Lut Mar Kwi Maj Cze Lip Sie Wrz Paz Lis Gru
V/Λ2017 > Sty Lut Mar Kwi Maj Cze Lip Sie Wrz Paz Lis Gru
V/Λ2016 > Sty Lut Mar Kwi Maj Cze Lip Sie Wrz Paz Lis Gru
V/Λ2015 > Sty Lut Mar Kwi Maj Cze Lip Sie Wrz Paz Lis Gru
V/Λ2014 > Sty Lut Mar Kwi Maj Cze Lip Sie Wrz Paz Lis Gru
V/Λ2013 > Sty Lut Mar Kwi Maj Cze Lip Sie Wrz Paz Lis Gru
V/Λ2012 > Sty Lut Mar Kwi Maj Cze Lip Sie Wrz Paz Lis Gru
V/Λ2011 > Sty Lut Mar Kwi Maj Cze Lip Sie Wrz Paz Lis Gru

Raport z 2017 Cze
                   Monthly Climatological Summary for cze 2017

Name: Rybnik-Smolna   City: Rybnik-Smolna   State: Slaskie
Elevation: 273 m  Lat: N 50 05' 14"   Lon: E 018 31' 39"

                  Temperature (C), Rain (mm), Wind Speed (km/h)

                                      Heat  Cool        Avg
    Mean                              Deg   Deg         Wind                 Dom
Day Temp  High   Time   Low    Time   Days  Days  Rain  Speed High   Time    Dir
----------------------------------------------------------------------------------
 1  17,4  21,6   18:20  13,2   05:29   1,6   0,7   0,0  13,9  46,7   09:51   WNW
 2  18,1  24,6   17:19  10,3   05:24   2,1   1,9   0,0   8,6  30,6   12:43     W
 3  20,0  26,1   16:26  11,1   05:01   1,3   2,9   0,0   4,1  20,9   23:07   ESE
 4  19,1  27,1   14:45  13,9   04:58   1,4   2,3   6,8  15,4  67,6   15:26   SSW
 5  18,1  23,6   16:31  14,1   02:33   1,5   1,3   0,0   8,4  32,2   01:00     N
 6  21,3  27,1   15:55  15,9   05:00   0,6   3,6   6,8  15,2  78,9   21:35   SSE
 7  16,1  19,6   18:27  13,3   04:00   2,3   0,1   1,0  17,3  49,9   03:14   WSW
 8  16,2  21,6   16:49   9,9   04:33   2,6   0,5   0,0   6,9  29,0   11:52   WSW
 9  19,2  26,0   17:01  11,4   04:24   1,7   2,7   0,0   6,2  25,7   10:31   SSE
10  15,5  19,0   16:58  12,7   23:57   2,8   0,0  10,2   8,6  37,0   09:22   WNW
11  17,5  24,2   15:20   9,4   04:27   2,6   1,8   0,0   4,9  22,5   12:34    SW
12  20,0  26,5   16:17  13,2   04:55   1,2   2,9   0,0  15,6  56,3   09:49    SW
13  16,9  19,4   15:15  13,7   05:35   1,5   0,1   0,0  16,2  43,5   08:47   WNW
14  15,6  19,0   19:13  12,4   04:27   2,7   0,0   0,0  11,9  46,7   11:10    NW
15  18,2  24,3   17:13  10,9   05:50   1,8   1,7   0,0   4,2  19,3   10:43   WSW
16  16,6  20,8   12:43  12,3   23:46   1,9   0,2   7,6  12,9  64,4   16:17   WSW
17  11,8  13,2   10:33  10,4   05:23   6,5   0,0   4,0  17,4  53,1   11:19   WNW
18  17,1  23,2   16:15  12,6   00:00   2,2   1,1   0,0  10,6  33,8   00:51   NNW
19  20,9  27,5   18:03  13,2   03:51   1,0   3,6   0,0   5,9  29,0   12:46     W
20  23,5  29,7   17:45  16,0   04:58   0,3   5,5   0,0  11,9  38,6   13:36    SW
21  21,0  24,8   17:18  17,2   07:54   0,1   2,8   0,0   9,3  37,0   15:44   NNW
22  21,5  28,0   17:11  13,2   05:17   0,9   4,2   0,0   7,9  35,4   22:37   WSW
23  20,4  23,5   12:09  17,1   05:20   0,1   2,2   4,0  16,7  66,0   11:56     W
24  21,8  27,6   17:29  16,1   05:36   0,3   3,6   0,0  11,6  40,2   14:01   WSW
25  22,2  26,6   16:30  16,6   05:09   0,1   4,0   0,0  13,3  48,3   13:46   WSW
26  20,8  24,2   16:41  15,9   05:54   0,2   2,7   0,0  12,4  51,5   12:39     W
27  22,0  26,6   15:47  16,8   05:08   0,2   3,9   0,0   8,0  29,0   20:11     E
28  25,5  31,4   14:02  17,4   02:04   0,1   7,2   0,0  16,0  61,2   18:15   SSE
29  22,3  25,0   16:44  18,2   22:51   0,0   4,0   0,2  23,3  69,2   18:00   SSW
30  19,7  23,9   17:30  16,2   02:26   0,4   1,8   0,6  23,0  66,0   12:53    SW
----------------------------------------------------------------------------------
    19,2  31,4    28     9,4    11    42,0  69,3  41,2  11,9  78,9     6     WSW

Max >=  20,0: 25
Max <=  10,0:  0
Min <=   0,0:  0
Min <= -10,0:  0
Max Rain: 10,2 on day 10
Days of Rain: 9 (>= 0,2 mm)  6 (>= 2,0 mm)  0 (>= 20,0 mm)
Heat Base: 18,3  Cool Base: 18,3  Method: Integration