Raporty NOAA

Zaznacz rok lub miesiac

Raport z 2017 Lip
                   Monthly Climatological Summary for lip 2017

Name: Rybnik-Smolna   City: Rybnik-Smolna   State: Slaskie
Elevation: 273 m  Lat: N 50 05' 14"   Lon: E 018 31' 39"

                  Temperature (C), Rain (mm), Wind Speed (km/h)

                                      Heat  Cool        Avg
    Mean                              Deg   Deg         Wind                 Dom
Day Temp  High   Time   Low    Time   Days  Days  Rain  Speed High   Time    Dir
----------------------------------------------------------------------------------
 1  18,8  23,1   14:11  14,4   03:33   1,0   1,5   0,0  13,4  64,4   15:00   WSW
 2  17,4  21,7   16:27  14,4   10:22   1,4   0,5   1,2  14,8  45,1   19:05     W
 3  16,6  19,9   17:25  14,2   05:14   1,8   0,1   0,0  12,7  45,1   12:32    NW
 4  17,1  22,3   17:05  11,2   04:07   2,3   1,1   0,0  12,8  43,5   17:22   WSW
 5  18,3  24,8   15:10  12,4   04:48   1,6   1,6   3,6   9,3  56,3   16:26   WSW
 6  17,9  23,3   16:39  13,1   04:41   1,6   1,2   1,6   4,8  24,1   16:49   NNW
 7  17,0  23,3   17:42  12,8   04:36   2,0   0,8  13,6   9,8  90,1   18:46     S
 8  19,5  24,3   12:59  15,9   04:56   0,6   1,8   0,0  10,0  49,9   17:30     W
 9  22,6  28,6   15:57  14,9   05:30   0,4   4,4   0,0   6,6  22,5   11:23   SSW
10  23,2  27,8   17:18  19,0   03:51   0,0   4,9   0,6   9,8  38,6   19:52   SSE
11  20,0  23,1   17:01  17,3   23:58   0,0   1,7   7,2  10,9  29,0   05:45    SW
12  20,3  26,0   15:52  14,7   04:45   0,8   2,8   1,8  10,2  35,4   16:22   SSW
13  15,5  17,9   01:32  12,8   07:14   2,7   0,0   1,8  22,0  69,2   04:21   WNW
14  16,0  21,2   16:27   9,2   06:07   2,8   0,5   0,0   4,8  25,7   22:01    NW
15  16,3  19,1   13:47  12,4   04:31   2,1   0,1   0,6   7,3  35,4   16:22   NNE
16  17,5  22,6   16:48  11,2   04:36   2,1   1,3   0,0   7,2  25,7   13:30    NW
17  18,3  24,2   14:23  14,0   04:36   1,2   1,3   0,4  10,3  43,5   11:21    SW
18  21,7  27,3   16:53  15,3   04:16   0,6   4,0   0,0   3,8  25,7   14:49    NW
19  24,0  29,7   16:12  16,9   05:48   0,1   5,8   0,0   9,2  38,6   12:45     S
20  25,1  31,1   15:08  20,0   05:56   0,0   6,8   0,0  12,3  46,7   16:17    SW
21  21,1  25,5   17:18  18,2   11:52   0,0   2,7  10,8   8,1  45,1   03:02   WNW
22  22,7  28,6   15:50  16,3   05:21   0,2   4,6   1,0   7,5  69,2   21:02    SE
23  20,5  29,2   12:56  17,5   05:26   0,1   2,2   1,8   8,1  53,1   13:47    SW
24  20,2  24,7   12:06  15,2   05:35   0,6   2,5   3,6   6,2  30,6   19:25    SE
25  16,7  20,1   16:58  14,7   08:24   1,8   0,2   2,8  14,4  38,6   14:46   WSW
26  16,6  20,2   18:01  13,1   05:51   1,9   0,2   0,0  17,3  48,3   11:06   SSW
27  15,9  18,4   11:34  14,3   05:09   2,4   0,0   0,0  10,9  45,1   13:38   WSW
28  17,4  21,7   12:53  14,4   05:54   1,4   0,4  17,6   9,0  37,0   15:42    SW
29  20,2  25,4   17:24  14,7   04:39   0,7   2,6   0,0   8,8  32,2   13:24   WSW
30  23,9  30,5   17:12  15,8   05:19   0,4   6,0   0,0  11,7  35,4   15:30     S
31  26,8  32,1   16:55  21,3   05:47   0,0   8,5   0,0  11,2  33,8   13:57    SW
----------------------------------------------------------------------------------
    19,5  32,1    31     9,2    14    34,6  72,1  70,0  10,2  90,1     7     WSW

Max >=  20,0: 27
Max <=  10,0:  0
Min <=   0,0:  0
Min <= -10,0:  0
Max Rain: 17,6 on day 28
Days of Rain: 16 (>= 0,2 mm)  7 (>= 2,0 mm)  0 (>= 20,0 mm)
Heat Base: 18,3  Cool Base: 18,3  Method: Integration