Raporty NOAA

Zaznacz rok lub miesiac
V/Λ2018 > Sty Lut Mar Kwi Maj Cze Lip Sie Wrz Paz Lis Gru
V/Λ2017 > Sty Lut Mar Kwi Maj Cze Lip Sie Wrz Paz Lis Gru
V/Λ2016 > Sty Lut Mar Kwi Maj Cze Lip Sie Wrz Paz Lis Gru
V/Λ2015 > Sty Lut Mar Kwi Maj Cze Lip Sie Wrz Paz Lis Gru
V/Λ2014 > Sty Lut Mar Kwi Maj Cze Lip Sie Wrz Paz Lis Gru
V/Λ2013 > Sty Lut Mar Kwi Maj Cze Lip Sie Wrz Paz Lis Gru
V/Λ2012 > Sty Lut Mar Kwi Maj Cze Lip Sie Wrz Paz Lis Gru
V/Λ2011 > Sty Lut Mar Kwi Maj Cze Lip Sie Wrz Paz Lis Gru

Raport z 2017 Sie
                   Monthly Climatological Summary for sie 2017

Name: Rybnik-Smolna   City: Rybnik-Smolna   State: Slaskie
Elevation: 273 m  Lat: N 50 05' 14"   Lon: E 018 31' 39"

                  Temperature (C), Rain (mm), Wind Speed (km/h)

                                      Heat  Cool        Avg
    Mean                              Deg   Deg         Wind                 Dom
Day Temp  High   Time   Low    Time   Days  Days  Rain  Speed High   Time    Dir
----------------------------------------------------------------------------------
 1  28,0  33,6   16:21  21,3   04:46   0,0   9,7   0,0  11,6  40,2   11:48   SSE
 2  25,8  29,8   17:35  22,1   06:24   0,0   7,5   0,0   5,6  35,4   04:17     W
 3  24,7  32,9   14:25  20,0   04:18   0,0   6,4   1,4  10,2  70,8   17:44   SSW
 4  23,5  27,2   17:57  19,4   05:28   0,0   5,2   0,2   8,7  30,6   12:23    SW
 5  24,8  30,3   16:53  18,9   05:51   0,0   6,2   0,0   6,3  25,7   03:43   WSW
 6  19,9  22,7   00:00  18,3   05:58   0,0   1,6   0,0  10,5  38,6   02:55   NNW
 7  18,1  21,5   14:17  14,5   23:59   1,0   0,8   0,0  11,5  33,8   18:44   ENE
 8  18,7  25,3   16:32  11,7   05:09   2,0   2,4   0,0  12,1  40,2   09:28   ESE
 9  23,7  30,6   18:26  17,3   05:44   0,1   5,5   0,0   7,3  35,4   12:27   SSE
10  25,6  32,2   17:10  19,3   20:33   0,0   7,3   2,0   9,4  93,3   04:53   SSE
11  25,0  32,9   14:32  18,1   04:02   0,0   6,7   7,6  11,1  95,0   00:55   ESE
12  17,2  20,9   17:34  14,4   09:43   1,3   0,2   6,2   9,1  33,8   00:15   WNW
13  17,6  23,4   17:17  13,0   04:27   1,8   1,1   0,0   4,5  22,5   08:34    NW
14  18,2  22,7   16:20  15,4   06:01   1,0   1,0   4,4   8,5  24,1   19:11     N
15  20,7  28,1   17:04  13,9   05:44   1,0   3,5   0,0   5,9  22,5   03:41   ESE
16  21,3  29,4   14:37  15,2   05:50   0,5   3,5   0,0   9,1  41,8   15:57   WNW
17  20,8  25,3   17:22  17,4   06:04   0,1   2,6   0,0   4,4  22,5   00:43    NE
18  23,9  30,2   17:43  16,5   05:45   0,2   5,8   0,0   9,8  32,2   12:48     S
19  19,3  23,8   00:00  15,5   23:56   0,8   1,7  11,8   8,0  29,0   02:18    SW
20  14,8  18,1   18:13  12,5   23:54   3,5   0,0  15,0   5,6  40,2   07:15   NNW
21  14,6  19,0   15:49  11,6   01:19   3,7   0,0   0,2  10,0  33,8   12:12     W
22  14,2  18,1   16:05  11,6   02:14   4,0   0,0   0,4  11,0  51,5   18:28     W
23  14,3  18,9   17:02  11,0   01:23   3,9   0,0   0,0  10,3  25,7   08:27     W
24  17,3  24,3   15:53   9,8   05:49   2,8   1,8   0,0  11,0  41,8   14:46   SSW
25  21,4  27,1   17:18  16,8   06:10   0,2   3,2   0,0   6,4  32,2   12:54     W
26  21,8  28,3   16:52  17,0   07:21   0,1   3,6   0,0   4,3  19,3   13:26   ENE
27  21,6  26,4   14:01  17,6   06:17   0,0   3,4   0,0  11,0  49,9   03:25   WNW
28  17,2  20,4   16:27  13,1   06:38   1,5   0,4   0,0   8,1  25,7   09:14    NW
29  17,8  23,2   17:49  11,2   05:54   1,8   1,4   0,0   4,7  22,5   14:26   ESE
30  19,7  26,6   16:55  12,8   05:46   1,5   2,8   0,0  10,6  38,6   11:15     S
31  22,9  30,3   17:00  15,7   06:21   0,5   5,1   0,0  10,3  33,8   12:52     S
----------------------------------------------------------------------------------
    20,5  33,6     1     9,8    24    33,3 100,4  49,2   8,6  95,0    11      SW

Max >=  20,0: 27
Max <=  10,0:  0
Min <=   0,0:  0
Min <= -10,0:  0
Max Rain: 15,0 on day 20
Days of Rain: 10 (>= 0,2 mm)  6 (>= 2,0 mm)  0 (>= 20,0 mm)
Heat Base: 18,3  Cool Base: 18,3  Method: Integration