Raporty NOAA

Zaznacz rok lub miesiac
V/Λ2018 > Sty Lut Mar Kwi Maj Cze Lip Sie Wrz Paz Lis Gru
V/Λ2017 > Sty Lut Mar Kwi Maj Cze Lip Sie Wrz Paz Lis Gru
V/Λ2016 > Sty Lut Mar Kwi Maj Cze Lip Sie Wrz Paz Lis Gru
V/Λ2015 > Sty Lut Mar Kwi Maj Cze Lip Sie Wrz Paz Lis Gru
V/Λ2014 > Sty Lut Mar Kwi Maj Cze Lip Sie Wrz Paz Lis Gru
V/Λ2013 > Sty Lut Mar Kwi Maj Cze Lip Sie Wrz Paz Lis Gru
V/Λ2012 > Sty Lut Mar Kwi Maj Cze Lip Sie Wrz Paz Lis Gru
V/Λ2011 > Sty Lut Mar Kwi Maj Cze Lip Sie Wrz Paz Lis Gru

Raport z 2017 Wrz
                   Monthly Climatological Summary for wrz 2017

Name: Rybnik-Smolna   City: Rybnik-Smolna   State: Slaskie
Elevation: 273 m  Lat: N 50 05' 14"   Lon: E 018 31' 39"

                  Temperature (C), Rain (mm), Wind Speed (km/h)

                                      Heat  Cool        Avg
    Mean                              Deg   Deg         Wind                 Dom
Day Temp  High   Time   Low    Time   Days  Days  Rain  Speed High   Time    Dir
----------------------------------------------------------------------------------
 1  16,5  21,7   00:00  11,9   23:54   2,2   0,4  12,6  14,1  35,4   21:44    NW
 2  12,5  14,5   17:37  11,1   08:59   5,8   0,0   1,0   9,2  33,8   10:07    NW
 3  12,0  13,1   00:01  11,0   08:17   6,2   0,0  14,2  10,1  38,6   18:03   NNW
 4  13,5  17,9   14:54  10,4   06:50   4,8   0,0   0,2  14,6  46,7   14:59     W
 5  13,4  15,4   13:08  11,5   03:27   4,9   0,0   0,4  12,4  54,7   12:05     W
 6  16,4  20,2   16:14  12,9   01:14   2,2   0,3   1,6  11,8  57,9   23:35    SW
 7  14,4  16,7   13:51  12,3   06:41   3,9   0,0   0,2  16,1  48,3   00:31     W
 8  15,1  19,9   16:34  10,4   06:15   3,4   0,2   0,0  16,1  53,1   16:03   SSW
 9  18,7  24,4   15:47  12,2   06:12   1,5   1,9   0,0  13,1  51,5   13:39     S
10  17,9  21,9   15:36  14,7   07:39   1,0   0,6   0,0   8,1  29,0   12:07     W
11  17,8  23,1   11:46  13,6   23:58   1,5   1,0   3,0   7,4  49,9   23:25    SW
12  13,6  16,6   15:51  11,9   21:44   4,7   0,0   5,2   7,7  30,6   00:00   WSW
13  14,9  18,3   22:49  10,8   06:34   3,4   0,0   0,2  24,3  72,4   16:50    SW
14  18,6  23,8   15:02  10,9   23:52   1,5   1,8   3,0  26,5  59,5   00:00    SW
15  12,9  15,5   14:33  10,4   03:53   5,4   0,0   0,0  17,2  53,1   06:57    SW
16  12,2  13,1   17:33  11,0   07:17   6,1   0,0   4,0   3,7  17,7   09:55   ESE
17  11,1  12,3   00:03   9,9   23:39   7,2   0,0  24,0  11,0  37,0   22:19   NNW
18  12,2  16,8   15:25   8,2   06:45   6,0   0,0   0,0  13,7  38,6   14:17    SW
19  10,7  13,2   15:43   7,6   04:47   7,6   0,0   2,2   5,8  29,0   20:08    NE
20  10,6  11,2   14:53   9,9   08:28   7,7   0,0   5,4  14,2  41,8   12:19   NNW
21  10,3  11,9   16:23   8,6   07:30   7,9   0,0   8,8  16,4  57,9   22:57    NW
22  11,0  12,0   18:03  10,4   07:12   7,3   0,0   5,0   8,9  29,0   12:19    NW
23  10,3  11,4   21:08   8,9   06:42   8,0   0,0  15,0  13,4  48,3   10:14   WNW
24  12,6  15,0   15:59  11,1   07:16   5,7   0,0   0,8   3,6  17,7   00:39   NNE
25  14,1  19,1   14:28  11,8   08:01   4,2   0,0   0,4   5,3  22,5   23:06    SE
26  13,7  18,9   15:27  10,7   06:51   4,6   0,0   0,0   6,2  24,1   18:40     E
27  12,6  17,5   15:56  10,0   07:56   5,4   0,0   0,0   8,0  25,7   06:13     E
28  12,7  19,0   15:40   7,6   07:06   5,6   0,0   0,0   7,9  30,6   15:47     E
29  12,3  18,4   16:14   5,9   07:12   6,0   0,0   0,0   6,7  27,4   11:12     S
30  13,5  17,2   16:02  10,6   23:58   4,8   0,0   0,0   6,2  19,3   09:05   SSE
----------------------------------------------------------------------------------
    13,6  24,4     9     5,9    29   146,5   6,2 107,2  11,2  72,4    13     WSW

Max >=  20,0:  6
Max <=  10,0:  0
Min <=   0,0:  0
Min <= -10,0:  0
Max Rain: 24,0 on day 17
Days of Rain: 20 (>= 0,2 mm)  12 (>= 2,0 mm)  1 (>= 20,0 mm)
Heat Base: 18,3  Cool Base: 18,3  Method: Integration