Raporty NOAA

Zaznacz rok lub miesiac

Raport z 2017 Paz
                   Monthly Climatological Summary for pa 2017

Name: Rybnik-Smolna   City: Rybnik-Smolna   State: Slaskie
Elevation: 273 m  Lat: N 50 05' 14"   Lon: E 018 31' 39"

                  Temperature (C), Rain (mm), Wind Speed (km/h)

                                      Heat  Cool        Avg
    Mean                              Deg   Deg         Wind                 Dom
Day Temp  High   Time   Low    Time   Days  Days  Rain  Speed High   Time    Dir
----------------------------------------------------------------------------------
 1  11,7  17,1   16:20   6,2   06:28   6,6   0,0   0,0   7,1  33,8   10:27   SSE
 2  11,3  16,4   15:20   5,5   07:08   7,0   0,0   0,0  14,4  46,7   14:09     S
 3  10,7  12,6   00:00   9,1   21:20   7,6   0,0  22,0  11,4  45,1   17:09   WSW
 4  11,3  14,1   14:00   8,3   07:52   7,0   0,0   0,0  16,6  49,9   13:13    SW
 5  11,6  15,3   18:06   9,8   12:04   6,7   0,0   2,4  25,6  77,2   22:14   WSW
 6   9,0  10,9   14:49   7,6   07:06   9,3   0,0   9,0  14,5  61,2   00:33   WSW
 7   9,6  12,6   16:25   7,6   06:30   8,3   0,0   2,4  12,4  37,0   20:43   WSW
 8   9,1  11,5   16:07   6,8   23:51   9,2   0,0   3,6  16,4  49,9   04:42    SW
 9   7,7  12,0   16:30   5,1   05:55  10,6   0,0   0,0  15,7  41,8   13:28     W
10   8,5  11,2   14:12   5,6   00:51   9,6   0,0   0,6  17,0  41,8   09:38    SW
11  12,8  15,6   12:29  10,4   03:12   5,5   0,0   0,0  18,4  43,5   13:13    SW
12  14,3  17,8   14:00  11,1   06:52   3,6   0,0   0,0  20,7  51,5   13:53    SW
13  12,5  15,3   15:38  10,3   08:30   5,5   0,0   0,0  12,6  57,9   11:52     W
14  12,8  16,8   15:59   9,9   07:42   5,5   0,0   0,0   9,8  27,4   14:55    SW
15  15,3  20,4   15:26  11,2   06:29   3,4   0,3   0,0   7,5  24,1   12:55    SW
16  16,2  21,2   14:58  12,4   03:34   2,6   0,5   0,0  17,2  46,7   09:31   SSW
17  16,3  22,3   14:56  11,7   06:33   2,8   0,8   0,0  11,7  25,7   07:44   SSW
18  16,0  21,7   14:53  11,4   07:48   2,9   0,6   0,0   5,7  19,3   00:54     S
19  13,1  17,7   14:09   8,3   07:59   5,0   0,0   0,0   5,7  14,5   07:10     S
20  11,3  17,3   15:20   5,6   06:12   6,9   0,0   0,0   6,6  19,3   21:05   SSE
21  10,7  12,6   14:25   8,7   23:30   7,6   0,0   0,0   8,9  30,6   02:53   SSW
22   8,9  10,7   13:40   6,6   07:32   9,4   0,0   5,0   5,9  27,4   13:37   SSW
23   8,6   9,9   15:51   7,6   06:50   9,7   0,0   0,2  12,8  35,4   14:12   NNW
24   8,1  11,0   15:08   5,6   23:44  10,2   0,0   0,0   9,6  38,6   03:05     N
25   8,2  12,0   19:34   3,6   06:35   9,9   0,0   0,8  13,9  46,7   19:32   SSW
26  12,3  15,2   15:40   9,8   07:42   6,0   0,0   0,2  10,7  29,0   00:24   WSW
27   9,6  12,3   00:56   8,0   18:26   8,7   0,0   6,2  13,6  51,5   16:34   WNW
28   7,5   9,3   12:57   6,1   06:51  10,8   0,0   0,6  18,6  51,5   23:25   WSW
29   6,1   8,4   00:44   2,1   19:05  12,7   0,0  23,2  31,9  86,9   10:14     W
30   3,8   6,1   12:17   2,0   22:22  13,1   0,0   0,6  22,4  83,7   15:52   WNW
31   3,9   5,9   12:40   1,8   06:40  14,0   0,0   0,0  14,6  45,1   10:37     W
----------------------------------------------------------------------------------
    10,6  22,3    17     1,8    31   237,7   2,2  76,8  13,8  86,9    29     WSW

Max >=  20,0:  4
Max <=  10,0:  5
Min <=   0,0:  0
Min <= -10,0:  0
Max Rain: 23,2 on day 29
Days of Rain: 14 (>= 0,2 mm)  8 (>= 2,0 mm)  2 (>= 20,0 mm)
Heat Base: 18,3  Cool Base: 18,3  Method: Integration