Raporty NOAA

Zaznacz rok lub miesiac

Raport z 2017 Gru
                   Monthly Climatological Summary for gru 2017

Name: Rybnik-Smolna   City: Rybnik-Smolna   State: Slaskie
Elevation: 273 m  Lat: N 50 05' 14"   Lon: E 018 31' 39"

                  Temperature (C), Rain (mm), Wind Speed (km/h)

                                      Heat  Cool        Avg
    Mean                              Deg   Deg         Wind                 Dom
Day Temp  High   Time   Low    Time   Days  Days  Rain  Speed High   Time    Dir
----------------------------------------------------------------------------------
 1  -0,5   1,2   13:50  -3,9   22:51  18,8   0,0   2,2   6,4  24,1   08:52    SW
 2  -2,2   0,4   12:58  -6,7   03:50  20,0   0,0   0,0   1,8  14,5   18:47   NNE
 3  -0,4   0,8   13:14  -2,3   23:48  18,2   0,0   0,0   6,3  32,2   23:52   NNW
 4  -0,7   1,1   16:34  -3,7   02:11  19,0   0,0   0,0  16,7  38,6   06:05   WSW
 5   1,2   3,5   23:43   0,1   08:01  17,0   0,0   0,8  15,5  32,2   00:30   WSW
 6   3,6   4,6   05:55   2,8   19:44  14,7   0,0   0,4  18,4  43,5   05:53   WSW
 7   3,0   4,2   14:48   1,4   07:03  15,3   0,0   0,0  22,6  62,8   22:11    SW
 8   3,3   4,9   08:02   1,7   23:40  14,7   0,0   0,2  19,7  45,1   06:10    SW
 9   1,0   2,2   12:53  -0,3   17:38  16,9   0,0   0,0  10,5  33,8   19:48   WSW
10   0,6   3,8   23:59  -1,6   06:46  17,7   0,0   0,0  20,8  64,4   19:39   SSW
11   8,1  12,9   23:56   3,8   00:00  10,2   0,0   0,0  27,6  78,9   12:54     S
12   9,2  13,7   07:17   3,7   00:00   9,0   0,0   0,0  27,6  83,7   08:00    SW
13   2,0   4,2   12:57  -0,6   22:04  15,6   0,0   0,0  13,1  40,2   23:20   SSW
14   3,6   5,8   15:07   0,8   00:04  14,7   0,0   0,0  22,9  82,1   12:45   SSW
15   3,6   5,7   13:40   1,4   21:55  14,7   0,0   0,0  11,9  49,9   13:56    SW
16   0,6   1,6   00:00  -0,9   07:35  17,6   0,0   0,0   6,1  24,1   20:41   WSW
17   0,8   2,7   13:40  -0,6   08:01  17,5   0,0   0,0   6,1  22,5   23:55    SW
18  -0,2   1,4   12:41  -2,4   23:10  18,5   0,0   0,0   7,7  27,4   18:08     N
19  -2,3  -0,8   15:50  -4,2   07:58  20,6   0,0   0,0   4,7  19,3   06:27   WSW
20  -1,1   0,1   14:20  -2,3   00:43  19,4   0,0   0,0   6,3  24,1   13:31   WNW
21  -0,1   3,5   22:56  -2,6   00:39  18,4   0,0   1,2  13,6  41,8   12:22    SW
22   3,2   4,3   12:40   1,7   08:28  14,9   0,0   2,4  13,6  41,8   13:13     W
23   4,0   7,2   23:52   2,6   07:14  14,3   0,0   0,2  18,4  45,1   13:52   WSW
24   7,3   8,7   12:59   5,8   03:50  11,0   0,0   0,8  19,1  38,6   07:12    SW
25   6,3   8,6   12:16   3,7   23:37  12,0   0,0   0,2  19,0  43,5   04:20    SW
26   3,9   6,5   12:23   2,1   06:32  13,6   0,0   0,0  17,6  51,5   11:39    SW
27   5,1  10,6   22:40  -2,0   07:41  13,2   0,0   0,0  16,7  74,0   22:46   SSE
28   6,1  10,1   00:05   2,2   22:24  12,2   0,0   0,8  18,1  56,3   07:41     S
29   0,2   2,4   00:00  -1,8   23:53  18,1   0,0   2,8   7,9  27,4   00:09   WSW
30  -0,8   2,4   23:51  -3,9   05:28  19,1   0,0   0,6  14,6  59,5   23:50     S
31   5,9   8,9   22:17   2,3   00:03  12,4   0,0   1,0  22,5  59,5   03:16   SSW
----------------------------------------------------------------------------------
     2,4  13,7    12    -6,7     2   489,3   0,0  13,6  14,6  83,7    12      SW

Max >=  20,0:  0
Max <=  10,0: 27
Min <=   0,0: 16
Min <= -10,0:  0
Max Rain: 2,8 on day 29
Days of Rain: 13 (>= 0,2 mm)  3 (>= 2,0 mm)  0 (>= 20,0 mm)
Heat Base: 18,3  Cool Base: 18,3  Method: Integration