Raporty NOAA

Zaznacz rok lub miesiac

Raport z 2018
                   Annual Climatological Summary for 2018

Name: Rybnik-Smolna   City: Rybnik-Smolna   State: Slaskie
Elevation: 273 m  Lat: N 50° 05' 14"   Lon: E 018° 31' 39"

                  Temperature (°C), Heat Base: 18,3  Cool Base: 18,3
                          Dep.  Heat  Cool                       Max  Max  Min  Min
        Mean  Mean        From  Deg   Deg                        >=   <=   <=   <=
 YR MO  Max   Min   Mean  Norm  Days  Days  Hi  Date  Low  Date 20,0 10,0  0,0 -10,0
------------------------------------------------------------------------------------
 18  1   4,5   0,1   2,3   5,3   495     0  10,8   6  -6,5   15    0   30   14    0
 18  2  -0,3  -4,9  -2,6  -1,2   580     0   5,6   1 -13,9   26    0   28   25    4
 18  3   5,5  -1,7   1,8  -1,7   500     0  16,5  11 -14,8    2    0   24   17    4
 18  4  20,6   9,7  15,2   6,4   121    28  27,8  29   1,2    2   19    0    0    0
 18  5  22,4  12,4  17,4   4,1    71    44  29,6  31   7,6    6   22    0    0    0
 18  6  23,2  14,6  18,7   1,9    45    54  30,3  21   8,8   23   21    0    0    0
 18  7  25,3  15,4  20,3   1,9    27    90  31,3   5   7,9    2   26    0    0    0
 18  8  26,9  16,6  21,7   3,7    19   125  32,8   9   8,0   27   29    0    0    0
 18  9  21,6  11,7  16,3   2,0    96    36  27,7  12   2,1   30   22    0    0    0
 18 10  16,3   7,6  11,8   2,1   209     8  23,3  11   1,4   22   11    4    0    0
 18 11   9,0   3,5   6,1   2,1   366     0  20,3   1  -6,4   29    1   17   11    0
 18 12   4,4   0,2   2,5   3,0   187     0   7,8   4  -6,1    1    0   12    6    0
------------------------------------------------------------------------------------
        14,9   7,1  11,0   2,5  2720   387  32,8 sie -14,8  mar  151  115   73    8

                                Precipitation (mm)

              Dep.   Max        Days of Rain
              From   Obs.           >=
 YR MO Total  Norm   Day Date  0,2  2,0 20,0
---------------------------------------------
 18  1   9,4 -23,6   3,0  30     9    2    0
 18  2   7,6 -24,4   6,0   1     5    1    0
 18  3  14,8 -21,2   5,8  16     7    4    0
 18  4   4,8 -44,2   1,6   1     5    0    0
 18  5  67,2 -13,8  16,4   3    13    8    0
 18  6  91,8  -5,2  25,6   2    13    7    1
 18  7  46,4 -48,6  14,2  17    11    6    0
 18  8  29,0 -52,0   6,8  30    10    5    0
 18  9  34,4 -24,6   6,8  24    11    8    0
 18 10  35,8  -8,2   7,8  28    13    6    0
 18 11  10,0 -36,0   4,0  13     9    2    0
 18 12  30,2 -10,8   5,8   2    10    8    0
---------------------------------------------
       381,4-312,6  25,6  cze  116   57    1

                                Wind Speed (km/h)
                          Dom
 YR MO   Avg.  Hi   Date  Dir
------------------------------
 18  1  14,3  80,5   18   SSW
 18  2   8,1  59,5   24    NE
 18  3  11,6  80,5   12     S
 18  4  11,9  70,8    8    SW
 18  5   9,6  66,0   29    NE
 18  6  10,2  70,8   21   WNW
 18  7   9,5  61,2   18    NW
 18  8   8,2  56,3    4   ESE
 18  9  10,2  80,5   24    SW
 18 10  10,8  82,1   30    SW
 18 11   9,4  49,9   26   ESE
 18 12  17,2  66,0   10    SW
------------------------------
        10,9  82,1  paź    SW