Raporty NOAA

Zaznacz rok lub miesiac

Raport z 2018 Sty
                   Monthly Climatological Summary for sty 2018

Name: Rybnik-Smolna   City: Rybnik-Smolna   State: Slaskie
Elevation: 273 m  Lat: N 50 05' 14"   Lon: E 018 31' 39"

                  Temperature (C), Rain (mm), Wind Speed (km/h)

                                      Heat  Cool        Avg
    Mean                              Deg   Deg         Wind                 Dom
Day Temp  High   Time   Low    Time   Days  Days  Rain  Speed High   Time    Dir
----------------------------------------------------------------------------------
 1   5,4   8,7   00:13   2,7   23:56  12,6   0,0   0,0  16,9  48,3   11:35   SSW
 2   3,1   5,2   14:42   0,8   07:07  15,2   0,0   0,0  13,0  43,5   10:39    SW
 3   3,1   4,9   16:23   0,4   07:41  15,2   0,0   0,2  21,7  72,4   13:14   SSW
 4   5,1   6,6   13:41   3,7   07:01  13,2   0,0   0,0  19,5  51,5   00:55   SSW
 5   7,0   8,8   19:31   5,1   08:07  11,3   0,0   1,0  21,9  70,8   03:54    SW
 6   8,5  10,8   12:50   6,9   02:42   9,4   0,0   0,0   8,6  30,6   09:33    SW
 7   5,0   7,6   00:44   2,2   22:07  13,3   0,0   0,4   9,4  37,0   12:35   NNE
 8   1,0   2,2   00:00  -0,3   23:43  17,3   0,0   0,6  12,8  40,2   17:56   ENE
 9   0,9   4,3   13:34  -2,2   07:02  17,4   0,0   0,0  11,9  32,2   05:24     E
10   4,5   6,6   15:28   2,7   00:00  13,8   0,0   2,6   4,4  20,9   00:11    NE
11   3,8   5,2   02:22   1,2   23:50  14,4   0,0   1,0   2,5  19,3   17:11    NE
12   0,7   1,6   08:00  -0,7   21:34  17,6   0,0   0,0  13,2  40,2   18:12   ENE
13  -1,0  -0,2   12:55  -3,0   23:50  19,3   0,0   0,0  18,6  49,9   03:17   ENE
14  -3,7  -0,8   14:17  -6,4   23:57  22,0   0,0   0,0  10,5  37,0   01:08     E
15  -3,9  -0,2   14:19  -6,5   01:01  22,2   0,0   0,0   9,0  37,0   13:30   SSE
16  -0,9   2,1   12:35  -4,7   00:00  19,2   0,0   0,0  18,3  62,8   21:33   SSW
17   1,0   2,5   11:13  -0,3   06:14  17,3   0,0   0,2  16,5  37,0   10:08    SW
18   1,8   5,7   22:00  -0,9   04:20  16,5   0,0   0,4  25,5  80,5   15:36    SW
19   2,1   4,4   00:00   0,1   23:58  16,2   0,0   0,0  11,0  57,9   00:18     W
20   0,0   2,3   13:23  -1,6   23:40  17,9   0,0   0,0  10,7  30,6   11:45   SSW
21  -1,0   0,5   11:25  -2,0   19:25  19,3   0,0   0,0   8,8  40,2   19:16   NNE
22  -2,3  -0,1   12:51  -3,6   21:53  20,6   0,0   0,0   6,3  30,6   13:22     E
23  -1,2   0,8   15:19  -3,8   03:16  19,5   0,0   0,0   5,9  22,5   17:37     S
24   3,3   5,1   13:01   0,7   00:00  15,0   0,0   0,0  23,2  64,4   12:33   SSW
25   4,2   6,8   13:56   2,2   23:29  14,1   0,0   0,0  20,0  54,7   09:07    SW
26   2,6   4,8   12:29   0,5   04:25  15,7   0,0   0,0  14,0  48,3   13:52   SSW
27   2,3   3,9   12:49   0,3   03:09  15,9   0,0   0,0   3,3  19,3   00:18    SW
28   4,3   6,3   23:27   2,1   06:06  14,0   0,0   0,0  22,8  56,3   09:35    SW
29   7,2   8,9   12:07   5,7   05:03  11,1   0,0   0,0  24,3  69,2   12:57    SW
30   4,8   7,9   01:38   1,1   23:57  13,5   0,0   0,0  21,7  67,6   10:31     W
31   2,9   6,1   12:22  -0,4   05:20  15,4   0,0   0,0  17,3  51,5   12:38   SSW
----------------------------------------------------------------------------------
     2,3  10,8     6    -6,5    15   495,4   0,0   6,4  14,3  80,5    18     SSW

Max >=  20,0:  0
Max <=  10,0: 30
Min <=   0,0: 14
Min <= -10,0:  0
Max Rain: 2,6 on day 10
Days of Rain: 8 (>= 0,2 mm)  1 (>= 2,0 mm)  0 (>= 20,0 mm)
Heat Base: 18,3  Cool Base: 18,3  Method: Integration