Raporty NOAA

Zaznacz rok lub miesiac

Raport z 2018 Lut
                   Monthly Climatological Summary for lut 2018

Name: Rybnik-Smolna   City: Rybnik-Smolna   State: Slaskie
Elevation: 273 m  Lat: N 50 05' 14"   Lon: E 018 31' 39"

                  Temperature (C), Rain (mm), Wind Speed (km/h)

                                      Heat  Cool        Avg
    Mean                              Deg   Deg         Wind                 Dom
Day Temp  High   Time   Low    Time   Days  Days  Rain  Speed High   Time    Dir
----------------------------------------------------------------------------------
 1   4,5   5,6   13:45   1,7   23:43  13,1   0,0   6,0   9,6  33,8   04:17    SW
 2   2,3   4,6   13:14   0,1   22:56  16,0   0,0   0,4   8,7  24,1   15:08   SSW
 3   1,3   4,8   12:01  -1,1   05:25  16,5   0,0   0,0   6,6  19,3   08:59    SW
 4   0,2   1,6   13:28  -0,6   07:29  18,1   0,0   0,0  10,6  32,2   08:00   WNW
 5  -2,4   0,8   11:21  -6,9   23:43  20,7   0,0   0,0   6,7  25,7   02:52   NNE
 6  -5,2  -1,6   14:41  -9,6   06:35  23,5   0,0   0,0   4,8  17,7   13:57    SE
 7  -2,8  -0,5   23:26  -5,9   07:06  20,0   0,0   0,0   6,1  20,9   18:06     E
 8  -1,8  -0,7   00:25  -2,5   14:36  20,1   0,0   0,0   9,9  29,0   16:42   NNW
 9  -2,0   1,7   14:39  -5,1   22:24  20,3   0,0   0,8   5,0  19,3   00:02   NNW
10  -2,2  -0,2   14:02  -3,9   03:42  19,8   0,0   0,0   2,7  14,5   16:07    NW
11  -1,0   1,0   14:44  -4,2   07:55  19,3   0,0   0,0   7,4  25,7   12:59     S
12   1,6   3,5   14:58   0,3   05:48  16,7   0,0   0,2   8,1  37,0   00:49    SW
13   0,4   2,3   00:15  -0,8   07:22  17,9   0,0   0,2   6,5  20,9   00:44     N
14  -0,6   1,1   12:59  -2,1   04:25  18,2   0,0   0,0   7,9  29,0   11:54   NNE
15  -0,9   0,9   14:39  -2,8   22:10  19,2   0,0   0,0   4,9  19,3   00:25     E
16  -0,6   1,0   16:07  -2,6   00:00  18,9   0,0   0,0  16,1  48,3   10:04    SW
17   0,3   3,7   14:08  -2,2   08:21  18,0   0,0   0,0   4,9  25,7   00:08   SSW
18   0,1   1,6   14:00  -2,6   23:47  18,2   0,0   0,0   7,7  25,7   11:15     N
19  -0,9   2,3   15:07  -3,4   04:11  19,2   0,0   0,0   7,6  37,0   10:23   ESE
20  -1,9   2,9   15:48  -5,3   06:18  19,9   0,0   0,0   6,4  22,5   14:51   ENE
21  -2,5  -0,7   20:56  -5,1   06:05  20,8   0,0   0,0   6,2  32,2   16:43    NE
22  -2,8  -1,4   00:03  -4,4   22:13  21,1   0,0   0,0  10,6  40,2   13:13    NE
23  -3,9  -2,1   14:00  -5,4   07:38  22,2   0,0   0,0   7,5  33,8   14:34    NE
24  -6,9  -4,0   13:52  -9,8   23:12  24,5   0,0   0,0  11,0  59,5   16:05     N
25 -10,8  -8,8   14:24 -12,5   07:15  29,1   0,0   0,0   7,6  29,0   12:24    NE
26 -11,3  -8,9   14:18 -13,9   07:03  29,6   0,0   0,0   8,9  33,8   12:51    NE
27 -11,9  -9,9   14:04 -13,3   06:22  30,2   0,0   0,0  16,4  43,5   15:00   ENE
28 -11,1  -8,3   15:55 -13,3   04:50  29,3   0,0   0,0   9,9  35,4   01:42   ENE
----------------------------------------------------------------------------------
    -2,6   5,6     1   -13,9    26   580,4   0,0   7,6   8,1  59,5    24      NE

Max >=  20,0:  0
Max <=  10,0: 28
Min <=   0,0: 25
Min <= -10,0:  4
Max Rain: 6,0 on day 1
Days of Rain: 5 (>= 0,2 mm)  1 (>= 2,0 mm)  0 (>= 20,0 mm)
Heat Base: 18,3  Cool Base: 18,3  Method: Integration