Raporty NOAA

Zaznacz rok lub miesiac
V/Λ2018 > Sty Lut Mar Kwi Maj Cze Lip Sie Wrz Paz Lis Gru
V/Λ2017 > Sty Lut Mar Kwi Maj Cze Lip Sie Wrz Paz Lis Gru
V/Λ2016 > Sty Lut Mar Kwi Maj Cze Lip Sie Wrz Paz Lis Gru
V/Λ2015 > Sty Lut Mar Kwi Maj Cze Lip Sie Wrz Paz Lis Gru
V/Λ2014 > Sty Lut Mar Kwi Maj Cze Lip Sie Wrz Paz Lis Gru
V/Λ2013 > Sty Lut Mar Kwi Maj Cze Lip Sie Wrz Paz Lis Gru
V/Λ2012 > Sty Lut Mar Kwi Maj Cze Lip Sie Wrz Paz Lis Gru
V/Λ2011 > Sty Lut Mar Kwi Maj Cze Lip Sie Wrz Paz Lis Gru

Raport z 2018 Mar
                   Monthly Climatological Summary for mar 2018

Name: Rybnik-Smolna   City: Rybnik-Smolna   State: Slaskie
Elevation: 273 m  Lat: N 50 05' 14"   Lon: E 018 31' 39"

                  Temperature (C), Rain (mm), Wind Speed (km/h)

                                      Heat  Cool        Avg
    Mean                              Deg   Deg         Wind                 Dom
Day Temp  High   Time   Low    Time   Days  Days  Rain  Speed High   Time    Dir
----------------------------------------------------------------------------------
 1 -10,0  -4,7   14:38 -14,6   06:31  28,3   0,0   0,0   7,4  25,7   17:31     E
 2  -9,7  -4,9   14:52 -14,8   06:06  25,2   0,0   0,0   8,3  30,6   11:27   ENE
 3  -8,4  -3,9   15:05 -13,8   06:18  26,7   0,0   0,0   4,4  22,5   15:46    NE
 4  -5,8   0,2   15:26 -12,3   06:20  24,1   0,0   0,0   5,5  22,5   11:50    SE
 5  -1,3   2,6   14:33  -6,7   02:51  19,6   0,0   0,0  10,0  38,6   08:44   SSW
 6   2,0   5,2   14:21  -0,4   05:59  16,3   0,0   1,2   4,8  25,7   22:41   ESE
 7   4,2   7,1   13:53   1,7   01:12  14,1   0,0   0,0  17,0  56,3   14:29    SW
 8   5,2   7,6   12:59   2,7   04:59  13,1   0,0   0,0  16,8  48,3   14:57    SW
 9   5,0   8,6   13:49   2,1   02:47  13,3   0,0   0,0  17,6  51,5   07:27    SW
10   7,5  11,9   15:18   1,9   07:12  10,6   0,0   0,0   8,7  30,6   10:59   SSW
11  10,4  16,5   14:22   6,0   07:20   7,6   0,0   0,0  10,3  35,4   14:46   SSE
12  12,1  14,9   11:07   8,8   23:42   5,4   0,0   2,0  26,9  80,5   13:54     S
13   9,6  12,4   12:45   7,1   06:28   8,7   0,0   0,8  18,6  54,7   13:16    SW
14   5,7   8,7   00:00   3,6   23:47  11,1   0,0   2,2   9,3  32,2   10:31     W
15   3,8   6,6   15:40   1,4   05:52  14,5   0,0   0,0   8,4  33,8   19:55   ENE
16   1,6   4,5   14:36  -2,7   23:54  16,6   0,0   5,8   9,9  37,0   20:02   ENE
17  -4,8  -2,5   00:22  -6,8   23:53  23,1   0,0   0,0  18,6  54,7   16:33   ENE
18  -6,6  -4,1   12:55  -9,3   05:30  24,9   0,0   0,0  25,0  62,8   20:13   ENE
19  -6,1  -4,8   21:40  -7,7   05:08  24,4   0,0   0,0  11,8  51,5   00:24   ENE
20  -2,9   0,3   19:08  -5,3   00:00  20,7   0,0   0,0   7,2  30,6   14:45   NNW
21  -1,3   1,7   15:26  -3,4   23:52  19,6   0,0   0,0  12,0  37,0   08:22   NNW
22   0,4   5,4   15:56  -4,6   05:36  17,3   0,0   0,0  15,9  48,3   09:27   SSW
23   1,7   4,7   12:21  -1,3   04:22  16,6   0,0   0,0   4,4  17,7   12:05   NNW
24   4,3   8,9   15:23   0,9   04:15  13,7   0,0   0,0   6,3  32,2   11:57     E
25   3,2   7,3   15:59  -0,8   07:20  13,6   0,0   0,0  14,6  43,5   14:50    SW
26   3,2   6,4   16:06  -0,9   05:58  15,1   0,0   0,0   9,3  35,4   16:07    SW
27   3,1   4,9   16:44   1,1   23:55  14,2   0,0   0,4   9,4  37,0   11:26    NW
28   4,3   9,4   15:11  -0,6   02:56  14,0   0,0   0,0   9,6  40,2   13:17   SSE
29   7,6  10,4   15:05   5,4   05:48  10,7   0,0   2,4  15,0  48,3   08:54   WSW
30   8,3  12,7   15:11   3,2   06:41  10,0   0,0   0,0   8,0  33,8   12:24     S
31  11,0  15,4   15:06   6,7   04:45   7,3   0,0   0,0  11,2  43,5   10:42   SSE
----------------------------------------------------------------------------------
     1,8  16,5    11   -14,8     2   500,4   0,0  14,8  11,6  80,5    12       S

Max >=  20,0:  0
Max <=  10,0: 24
Min <=   0,0: 17
Min <= -10,0:  4
Max Rain: 5,8 on day 16
Days of Rain: 7 (>= 0,2 mm)  4 (>= 2,0 mm)  0 (>= 20,0 mm)
Heat Base: 18,3  Cool Base: 18,3  Method: Integration