Raporty NOAA

Zaznacz rok lub miesiac
V/Λ2018 > Sty Lut Mar Kwi Maj Cze Lip Sie Wrz Paz Lis Gru
V/Λ2017 > Sty Lut Mar Kwi Maj Cze Lip Sie Wrz Paz Lis Gru
V/Λ2016 > Sty Lut Mar Kwi Maj Cze Lip Sie Wrz Paz Lis Gru
V/Λ2015 > Sty Lut Mar Kwi Maj Cze Lip Sie Wrz Paz Lis Gru
V/Λ2014 > Sty Lut Mar Kwi Maj Cze Lip Sie Wrz Paz Lis Gru
V/Λ2013 > Sty Lut Mar Kwi Maj Cze Lip Sie Wrz Paz Lis Gru
V/Λ2012 > Sty Lut Mar Kwi Maj Cze Lip Sie Wrz Paz Lis Gru
V/Λ2011 > Sty Lut Mar Kwi Maj Cze Lip Sie Wrz Paz Lis Gru

Raport z 2018 Maj
                   Monthly Climatological Summary for maj 2018

Name: Rybnik-Smolna   City: Rybnik-Smolna   State: Slaskie
Elevation: 273 m  Lat: N 50° 05' 14"   Lon: E 018° 31' 39"

                  Temperature (°C), Rain (mm), Wind Speed (km/h)

                                      Heat  Cool        Avg
    Mean                              Deg   Deg         Wind                 Dom
Day Temp  High   Time   Low    Time   Days  Days  Rain  Speed High   Time    Dir
----------------------------------------------------------------------------------
 1  18,3  22,5   14:07  13,2   03:45   1,1   1,1   0,0  11,5  49,9   15:54   WSW
 2  17,8  23,7   17:45  11,4   07:48   2,2   1,7   0,0   9,3  33,8   18:57   ENE
 3  20,7  28,7   15:43  14,8   23:13   0,8   3,2  16,4   8,8  51,5   19:38     W
 4  15,3  19,5   17:19  11,4   07:03   3,0   0,1   0,2  14,0  40,2   00:52   NNW
 5  14,5  18,9   15:56  10,3   06:17   3,8   0,0   0,0  12,1  37,0   12:40   NNE
 6  14,6  20,4   16:51   7,6   05:25   4,0   0,3   0,0  10,7  43,5   13:29    NE
 7  16,4  22,1   17:45   9,3   05:06   2,8   0,9   0,0   8,2  45,1   14:46    NE
 8  16,2  20,3   12:01  12,1   04:54   2,5   0,4   5,4   8,6  54,7   20:18   ENE
 9  16,3  22,0   15:50  14,1   01:07   2,2   0,3  14,2   9,2  48,3   21:02   ENE
10  18,8  25,1   15:46  12,4   06:20   1,7   2,3   0,0   5,1  48,3   20:57    SE
11  18,5  22,9   15:16  14,1   05:27   0,9   1,1   3,8   4,8  37,0   16:49     W
12  16,8  22,2   17:08  13,8   06:25   1,6   0,4   0,0   4,4  20,9   12:30   ENE
13  18,1  23,1   15:24  11,3   04:54   1,8   1,7   0,0  15,3  51,5   10:48     E
14  15,4  18,1   13:43  11,8   23:52   2,9   0,0   0,0  17,3  59,5   09:27     E
15  12,4  16,6   12:22   8,4   05:02   5,9   0,0   1,4   8,9  43,5   14:39   ENE
16  13,9  18,3   15:09  10,4   05:25   4,4   0,0   0,6   5,7  32,2   16:47     W
17  12,5  14,1   14:19  11,1   06:42   5,8   0,0  13,6  17,5  49,9   16:10   WSW
18  12,9  14,9   19:06  11,5   09:02   5,4   0,0   0,4  15,5  48,3   09:01    NW
19  13,9  19,8   17:38  10,9   08:23   4,5   0,1   2,4  10,5  35,4   18:33   NNW
20  15,4  20,4   16:58   8,4   05:27   3,3   0,4   0,0   7,5  33,8   15:49    NE
21  15,6  19,6   15:03   9,5   05:16   3,0   0,2   0,0  14,3  43,5   10:17   ENE
22  17,8  24,2   15:52   9,6   05:37   2,4   1,9   0,0   4,9  27,4   15:04     S
23  19,2  24,3   16:07  15,1   06:13   0,9   1,8   0,0   7,6  30,6   16:58     E
24  19,6  23,6   16:11  15,4   04:40   0,7   1,9   0,0  14,5  41,8   11:21   ENE
25  18,9  23,5   16:28  13,9   04:28   1,0   1,6   0,0   9,0  35,4   10:25   ENE
26  20,2  26,5   15:23  12,9   05:22   1,2   3,1   0,0   4,0  20,9   12:53   NNE
27  21,6  27,5   14:43  14,4   05:29   0,6   3,9   3,8   5,7  29,0   17:46     E
28  22,2  27,5   16:13  16,5   05:11   0,2   4,1   0,0  12,0  45,1   15:21     E
29  20,8  27,6   13:12  15,3   05:25   0,4   2,9   1,2   7,9  66,0   15:48    SE
30  22,1  27,1   15:04  16,5   05:34   0,2   4,0   3,8   7,3  35,4   17:33    SE
31  23,4  29,6   16:28  17,4   05:51   0,1   5,0   0,0   4,3  40,2   18:15   ESE
----------------------------------------------------------------------------------
    17,4  29,6    31     7,6     6    71,3  44,4  67,2   9,6  66,0    29     ENE

Max >=  20,0: 22
Max <=  10,0:  0
Min <=   0,0:  0
Min <= -10,0:  0
Max Rain: 16,4 on day 3
Days of Rain: 13 (>= 0,2 mm)  8 (>= 2,0 mm)  0 (>= 20,0 mm)
Heat Base: 18,3  Cool Base: 18,3  Method: Integration