Raporty NOAA

Zaznacz rok lub miesiac

Raport z 2018 Lip
                   Monthly Climatological Summary for lip 2018

Name: Rybnik-Smolna   City: Rybnik-Smolna   State: Slaskie
Elevation: 273 m  Lat: N 50° 05' 14"   Lon: E 018° 31' 39"

                  Temperature (°C), Rain (mm), Wind Speed (km/h)

                                      Heat  Cool        Avg
    Mean                              Deg   Deg         Wind                 Dom
Day Temp  High   Time   Low    Time   Days  Days  Rain  Speed High   Time    Dir
----------------------------------------------------------------------------------
 1  13,0  16,1   15:43   8,5   05:36   5,3   0,0   0,2  10,7  38,6   12:17   NNW
 2  14,2  19,7   16:48   7,9   04:51   4,2   0,2   0,0  10,1  33,8   14:22   WNW
 3  17,6  24,1   18:17   9,8   03:46   2,5   1,8   0,0   9,0  35,4   12:40   WSW
 4  21,3  27,7   18:09  13,2   05:22   1,1   4,1   0,0   7,8  27,4   13:10   WSW
 5  23,9  31,3   17:24  16,4   05:04   0,3   5,9   0,0   8,2  25,7   09:19   SSW
 6  21,4  25,6   15:31  18,3   05:41   0,0   3,1   0,0  10,8  40,2   17:09   WNW
 7  20,1  24,7   17:56  15,2   04:58   0,6   2,4   0,0   9,8  32,2   14:08    NW
 8  19,9  24,7   14:43  14,8   06:15   0,9   2,4   0,0   8,5  32,2   16:48    NW
 9  21,7  26,9   15:43  15,3   04:57   0,6   4,0   0,0   8,1  32,2   16:38   NNW
10  20,0  26,8   12:14  16,9   23:56   0,1   1,9   7,0   6,7  41,8   13:52    NW
11  17,0  18,8   12:42  14,9   23:47   1,3   0,0   1,2   4,2  25,7   22:48   SSW
12  16,5  21,9   13:57  12,0   05:29   2,2   0,4   1,8  12,2  56,3   14:54    SW
13  17,9  23,1   16:13  14,0   07:29   1,5   1,0   3,0  11,7  40,2   17:31     W
14  20,3  25,8   16:20  16,2   04:21   0,5   2,5   0,0  14,9  51,5   16:51   WNW
15  20,3  25,1   18:37  14,5   06:31   0,7   2,6   0,0  11,4  35,4   09:53    NW
16  21,0  26,3   15:05  15,5   04:44   0,5   3,2   0,2   8,7  45,1   15:29    NW
17  17,6  19,9   00:00  16,1   06:29   0,8   0,1  14,2  14,8  45,1   15:33   WNW
18  17,3  17,7   07:40  17,1   18:27   1,0   0,0   7,2  21,8  61,2   07:06    NW
19  18,3  20,8   14:21  16,9   05:16   0,5   0,5   7,0  16,0  43,5   12:36    NW
20  20,2  25,5   18:17  15,8   08:43   0,6   2,5   3,8  11,0  37,0   06:38    NW
21  22,3  29,0   15:33  14,3   05:50   0,7   4,7   0,0   2,9  19,3   15:17     E
22  21,6  28,2   16:05  16,1   05:41   0,2   3,5   0,0   4,5  24,1   17:55   SSW
23  22,4  27,5   16:03  16,5   05:32   0,2   4,3   0,0  12,8  48,3   14:32     N
24  22,5  27,9   16:48  16,2   05:59   0,2   4,4   0,0   9,9  30,6   18:04   NNW
25  22,4  27,8   16:06  16,4   06:14   0,2   4,3   0,0   8,8  32,2   14:00   NNW
26  21,8  26,8   14:49  16,9   05:28   0,1   3,6   0,8   5,5  32,2   11:57     N
27  22,0  26,7   12:32  17,4   05:32   0,1   3,8   0,0   6,6  38,6   15:03    NE
28  23,9  30,2   15:34  17,5   06:05   0,1   5,3   0,0   4,6  25,7   13:25    SE
29  23,9  29,7   15:23  19,6   04:40   0,0   5,6   0,0   8,3  35,4   08:08    NW
30  23,9  29,2   15:16  18,7   05:59   0,0   5,6   0,0   5,7  41,8   16:28   ENE
31  24,6  28,3   16:05  19,6   06:36   0,0   6,3   0,0   9,1  43,5   14:08     E
----------------------------------------------------------------------------------
    20,3  31,3     5     7,9     2    27,0  90,0  46,4   9,5  61,2    18      NW

Max >=  20,0: 26
Max <=  10,0:  0
Min <=   0,0:  0
Min <= -10,0:  0
Max Rain: 14,2 on day 17
Days of Rain: 11 (>= 0,2 mm)  6 (>= 2,0 mm)  0 (>= 20,0 mm)
Heat Base: 18,3  Cool Base: 18,3  Method: Integration