Raporty NOAA

Zaznacz rok lub miesiac

Raport z 2018 Sie
                   Monthly Climatological Summary for sie 2018

Name: Rybnik-Smolna   City: Rybnik-Smolna   State: Slaskie
Elevation: 273 m  Lat: N 50° 05' 14"   Lon: E 018° 31' 39"

                  Temperature (°C), Rain (mm), Wind Speed (km/h)

                                      Heat  Cool        Avg
    Mean                              Deg   Deg         Wind                 Dom
Day Temp  High   Time   Low    Time   Days  Days  Rain  Speed High   Time    Dir
----------------------------------------------------------------------------------
 1  24,8  30,1   15:37  19,4   05:55   0,0   6,5   0,0  10,1  37,0   14:22     E
 2  25,9  31,3   15:30  20,4   04:54   0,0   7,6   0,0   8,4  30,6   18:37     E
 3  25,3  30,2   15:00  19,6   05:28   0,0   7,0   0,0   7,5  32,2   10:04     E
 4  25,2  32,0   16:57  19,6   05:46   0,0   6,8   0,0   5,7  56,3   17:43    SE
 5  23,7  28,1   17:19  20,2   04:45   0,0   5,4   1,2   9,0  33,8   09:55    NW
 6  21,9  26,9   16:42  18,2   05:17   0,0   3,6   0,0   7,0  27,4   14:56   NNW
 7  22,9  29,7   16:36  15,2   05:25   0,5   5,1   0,0   7,7  29,0   14:42   ESE
 8  22,3  27,7   16:14  17,2   05:24   0,1   4,1   4,0  12,2  54,7   21:23    SE
 9  27,0  32,8   16:02  21,4   00:39   0,0   8,6   0,0   7,6  30,6   14:13   SSE
10  24,0  26,4   15:30  18,8   23:53   0,0   5,7   0,8  12,2  37,0   14:52    NW
11  18,5  24,9   18:05  15,2   05:11   1,1   1,4   4,6   6,6  25,7   22:45     N
12  20,6  26,0   15:23  14,6   05:22   0,6   3,0   0,0   4,7  24,1   12:34    SE
13  23,9  30,7   16:56  16,8   05:43   0,2   5,8   0,0  13,4  43,5   14:03     S
14  21,9  25,2   17:39  18,9   11:23   0,0   3,4   0,4   7,8  37,0   09:13    NW
15  20,4  23,3   14:54  17,4   07:24   0,1   2,2   0,0   8,2  32,2   08:34   NNW
16  20,6  25,4   16:38  15,6   05:48   0,5   2,7   0,0   5,5  27,4   12:58   ENE
17  22,4  28,9   16:47  15,6   05:31   0,5   4,6   0,0   7,2  24,1   13:02    SE
18  22,5  28,5   17:30  16,9   06:01   0,1   4,3   0,0   7,3  37,0   07:00    NW
19  24,1  30,6   16:01  16,6   06:03   0,1   6,0   0,0   3,6  22,5   13:09   WNW
20  24,5  30,5   14:16  18,6   06:48   0,0   6,2   0,0   9,3  38,6   14:46   WSW
21  21,8  25,7   15:47  17,9   06:09   0,0   3,5   0,0   7,5  32,2   00:01     N
22  21,5  27,2   15:32  15,9   05:59   0,4   3,6   0,0   6,9  30,6   21:54     E
23  24,4  31,8   16:17  16,1   06:00   0,2   6,4   0,0  10,3  38,6   12:38   SSE
24  23,6  28,9   14:47  18,8   23:52   0,0   5,3   0,2  13,5  49,9   13:15   SSW
25  17,2  19,1   17:36  14,7   08:19   1,2   0,1   4,8   8,6  32,2   06:18   WSW
26  13,6  17,1   00:00  11,3   22:54   4,7   0,0   6,0   9,2  37,0   10:40   NNW
27  14,6  20,2   16:18   8,0   06:46   3,9   0,2   0,0   4,1  22,5   13:44    SE
28  18,1  22,3   13:46  12,9   01:30   1,5   1,3   0,0   9,2  32,2   09:00   WNW
29  18,1  23,2   15:50  12,9   06:17   1,5   1,3   0,0   7,2  25,7   10:00     E
30  19,4  25,9   16:04  13,9   04:39   1,3   2,4   6,8  11,9  51,5   18:17   SSW
31  18,4  23,1   16:22  15,8   06:02   0,9   1,0   0,2   4,6  20,9   10:00   NNE
----------------------------------------------------------------------------------
    21,7  32,8     9     8,0    27    19,4 125,1  29,0   8,2  56,3     4      SE

Max >=  20,0: 29
Max <=  10,0:  0
Min <=   0,0:  0
Min <= -10,0:  0
Max Rain: 6,8 on day 30
Days of Rain: 10 (>= 0,2 mm)  5 (>= 2,0 mm)  0 (>= 20,0 mm)
Heat Base: 18,3  Cool Base: 18,3  Method: Integration