Raporty NOAA

Zaznacz rok lub miesiac

Raport z 2018 Wrz
                   Monthly Climatological Summary for wrz 2018

Name: Rybnik-Smolna   City: Rybnik-Smolna   State: Slaskie
Elevation: 273 m  Lat: N 50° 05' 14"   Lon: E 018° 31' 39"

                  Temperature (°C), Rain (mm), Wind Speed (km/h)

                                      Heat  Cool        Avg
    Mean                              Deg   Deg         Wind                 Dom
Day Temp  High   Time   Low    Time   Days  Days  Rain  Speed High   Time    Dir
----------------------------------------------------------------------------------
 1  19,2  24,9   15:37  15,6   07:30   0,9   1,8   3,4   8,2  30,6   23:18   NNE
 2  17,8  22,7   15:31  15,8   05:29   0,9   0,4   4,0   8,5  41,8   16:58   ENE
 3  20,2  25,0   17:10  15,4   06:33   0,6   2,5   0,0  10,5  38,6   13:07     E
 4  18,4  21,6   16:17  15,9   07:37   0,6   0,7   2,6   3,8  24,1   08:55     N
 5  18,7  24,4   16:32  13,2   06:39   1,2   1,5   0,0   8,9  32,2   15:46   NNW
 6  17,9  23,4   14:30  12,6   06:46   1,8   1,3   0,0   4,4  27,4   13:55     N
 7  18,5  25,4   15:58  11,3   06:28   1,8   2,0   0,0   3,1  14,5   11:24    SW
 8  17,6  20,7   16:10  15,2   11:04   1,1   0,4   0,8   7,3  27,4   10:02    NW
 9  17,0  23,3   17:01  10,6   06:43   2,4   1,1   0,2   2,1  19,3   15:54   ESE
10  18,2  24,9   15:38  10,9   06:32   2,0   1,9   0,0   4,2  17,7   14:32     S
11  18,8  23,7   15:54  14,8   04:44   1,0   1,5   0,0   7,6  33,8   07:40     S
12  21,3  27,7   16:48  14,9   05:37   0,9   3,9   0,0  13,5  43,5   15:03   SSW
13  20,1  26,4   16:38  14,0   07:14   0,6   2,4   0,0   7,5  30,6   21:10     W
14  15,8  18,3   00:04  14,3   23:46   2,5   0,0   5,0   6,9  25,7   23:45    NW
15  16,3  21,1   15:56  14,0   06:21   2,3   0,4   2,6  10,2  30,6   13:46    NW
16  15,7  21,5   15:47   9,5   06:30   3,0   0,4   0,0   4,6  16,1   09:47    SW
17  17,6  24,2   15:06  10,9   06:06   2,5   1,8   0,0   8,3  35,4   12:58   SSW
18  20,1  26,3   15:22  14,4   06:56   1,0   2,8   0,0  11,0  32,2   15:00     S
19  20,1  25,7   15:49  14,8   06:32   0,7   2,5   0,0  12,6  40,2   12:53   SSW
20  20,4  27,0   16:08  14,2   06:43   1,1   3,2   0,0   8,7  25,7   10:48     S
21  20,6  26,6   14:44  13,9   07:06   1,0   3,3   0,0  14,7  48,3   12:57     S
22  14,1  22,1   00:37  11,3   04:16   4,3   0,2   3,2  12,8  53,1   01:59     W
23  13,7  16,3   21:18  11,6   06:44   4,6   0,0   5,6  19,0  64,4   23:43   SSW
24   9,3  15,2   01:42   6,0   23:29   9,0   0,0   6,8  24,5  80,5   02:01   WNW
25   7,2  10,3   16:00   5,4   04:10  11,1   0,0   0,2  13,9  49,9   16:07   WNW
26   8,3  13,4   15:57   2,2   05:58  10,0   0,0   0,0  17,0  54,7   17:35    SW
27  12,5  17,0   17:36   9,8   00:11   5,8   0,0   0,0  15,0  45,1   00:41   SSW
28  14,9  21,1   15:09  11,1   23:57   3,7   0,4   0,0  20,4  48,3   09:35   WSW
29   9,7  13,8   15:49   5,4   07:06   8,6   0,0   0,0   8,2  29,0   13:01   NNW
30   9,0  15,3   15:47   2,1   07:24   9,2   0,0   0,0   7,6  30,6   12:40     S
----------------------------------------------------------------------------------
    16,3  27,7    12     2,1    30    96,2  36,4  34,4  10,2  80,5    24     WSW

Max >=  20,0: 22
Max <=  10,0:  0
Min <=   0,0:  0
Min <= -10,0:  0
Max Rain: 6,8 on day 24
Days of Rain: 11 (>= 0,2 mm)  8 (>= 2,0 mm)  0 (>= 20,0 mm)
Heat Base: 18,3  Cool Base: 18,3  Method: Integration