Raporty NOAA

Zaznacz rok lub miesiac

Raport z 2018 Paz
                   Monthly Climatological Summary for paź 2018

Name: Rybnik-Smolna   City: Rybnik-Smolna   State: Slaskie
Elevation: 273 m  Lat: N 50° 05' 14"   Lon: E 018° 31' 39"

                  Temperature (°C), Rain (mm), Wind Speed (km/h)

                                      Heat  Cool        Avg
    Mean                              Deg   Deg         Wind                 Dom
Day Temp  High   Time   Low    Time   Days  Days  Rain  Speed High   Time    Dir
----------------------------------------------------------------------------------
 1  10,4  14,9   15:48   4,4   07:13   7,9   0,0   0,0  11,2  40,2   20:31    SW
 2   8,4  10,2   15:12   7,1   20:48   9,9   0,0   3,2  13,9  41,8   18:01     W
 3   9,9  13,9   14:45   7,7   01:28   8,4   0,0   1,4  24,1  74,0   16:12     W
 4   9,7  13,2   14:15   7,1   02:11   8,6   0,0   0,0  11,0  38,6   12:28     W
 5  11,1  18,1   15:56   5,1   07:16   7,2   0,0   0,0  10,6  30,6   12:29     S
 6  14,7  22,0   15:59   6,9   07:13   4,3   0,7   0,0  11,1  53,1   14:24   SSW
 7  16,6  20,3   13:42  11,8   23:51   2,0   0,4   0,0  13,6  51,5   20:55   WSW
 8  11,1  15,0   16:04   8,5   23:58   7,2   0,0   0,0   5,4  30,6   00:25    NE
 9  11,4  20,6   15:37   4,6   06:46   7,0   0,1   0,0   2,7  11,3   03:30   ESE
10  15,1  22,4   15:11   8,4   06:50   4,0   0,9   0,0   5,6  22,5   16:57   ESE
11  15,7  23,3   16:02   9,1   07:34   3,7   1,1   0,0   7,2  25,7   14:11    SE
12  16,6  22,3   16:13  10,2   06:03   2,7   1,0   0,0   6,9  29,0   11:42   SSE
13  15,9  23,1   15:05  10,3   07:22   3,4   1,0   0,0   6,7  17,7   20:45   SSE
14  15,8  22,9   15:11   8,3   07:10   3,5   1,0   0,0   8,4  35,4   13:31   SSE
15  16,4  21,9   16:27  10,8   07:55   2,5   0,6   0,0   8,2  32,2   08:53   SSW
16  15,8  22,3   15:32  10,4   07:39   3,1   0,7   0,0   7,4  27,4   12:40   SSE
17  14,8  17,7   13:04  11,7   06:41   3,5   0,0   1,2   3,1  24,1   11:39    SE
18  14,0  17,4   17:08  11,4   23:58   4,3   0,0   0,4   1,7  16,1   01:31   WSW
19   9,9  12,1   00:20   8,6   09:01   8,4   0,0   0,0   5,7  22,5   02:27    NW
20   9,7  12,2   11:00   6,4   23:57   8,6   0,0   1,0   6,2  38,6   13:49    NW
21   7,4   9,9   17:21   5,3   03:31  10,9   0,0   1,2   7,0  25,7   09:03   NNW
22   7,0  12,8   16:51   1,4   07:14  11,2   0,0   0,6   4,6  37,0   23:39   WNW
23   7,3   9,2   15:25   4,7   08:00  10,9   0,0   6,2  22,9  62,8   15:44   WSW
24   7,3   9,4   03:56   3,3   23:46  11,0   0,0   6,8  26,0  75,6   15:40   WNW
25   7,6  11,8   18:08   2,8   03:36  10,7   0,0   2,8  19,0  62,8   17:26   WSW
26   9,8  11,9   13:40   7,7   08:07   8,5   0,0   0,0  11,5  40,2   01:45    SW
27   9,4  11,5   12:23   6,7   22:57   8,9   0,0   3,0  12,4  43,5   10:27   WSW
28   5,2   6,7   00:00   4,2   06:45  14,2   0,0   7,8   9,9  30,6   09:07    NE
29  10,7  17,5   19:13   5,7   04:37   8,2   0,0   0,2   9,1  41,8   23:15   ESE
30  18,2  20,4   06:37  14,7   23:51   0,8   0,7   0,0  30,9  82,1   15:16   SSE
31  13,9  17,5   13:30   9,5   07:37   4,4   0,0   0,0  10,2  38,6   23:30   SSE
----------------------------------------------------------------------------------
    11,8  23,3    11     1,4    22   209,9   8,2  35,8  10,8  82,1    30      SW

Max >=  20,0: 11
Max <=  10,0:  4
Min <=   0,0:  0
Min <= -10,0:  0
Max Rain: 7,8 on day 28
Days of Rain: 13 (>= 0,2 mm)  6 (>= 2,0 mm)  0 (>= 20,0 mm)
Heat Base: 18,3  Cool Base: 18,3  Method: Integration