Raporty NOAA

Zaznacz rok lub miesiac
V/Λ2019 > Sty Lut Mar Kwi Maj Cze Lip Sie Wrz Paz Lis Gru
V/Λ2018 > Sty Lut Mar Kwi Maj Cze Lip Sie Wrz Paz Lis Gru
V/Λ2017 > Sty Lut Mar Kwi Maj Cze Lip Sie Wrz Paz Lis Gru
V/Λ2016 > Sty Lut Mar Kwi Maj Cze Lip Sie Wrz Paz Lis Gru
V/Λ2015 > Sty Lut Mar Kwi Maj Cze Lip Sie Wrz Paz Lis Gru
V/Λ2014 > Sty Lut Mar Kwi Maj Cze Lip Sie Wrz Paz Lis Gru
V/Λ2013 > Sty Lut Mar Kwi Maj Cze Lip Sie Wrz Paz Lis Gru
V/Λ2012 > Sty Lut Mar Kwi Maj Cze Lip Sie Wrz Paz Lis Gru
V/Λ2011 > Sty Lut Mar Kwi Maj Cze Lip Sie Wrz Paz Lis Gru

Raport z 2018 Lis
                   Monthly Climatological Summary for lis 2018

Name: Rybnik-Smolna   City: Rybnik-Smolna   State: Slaskie
Elevation: 273 m  Lat: N 50° 05' 14"   Lon: E 018° 31' 39"

                  Temperature (°C), Rain (mm), Wind Speed (km/h)

                                      Heat  Cool        Avg
    Mean                              Deg   Deg         Wind                 Dom
Day Temp  High   Time   Low    Time   Days  Days  Rain  Speed High   Time    Dir
----------------------------------------------------------------------------------
 1  16,1  20,3   14:11  10,9   03:43   2,4   0,3   0,0  14,8  48,3   12:37    SE
 2  15,6  19,1   14:35  12,2   23:54   2,8   0,0   0,2   6,4  24,1   10:24   WSW
 3  10,0  12,5   00:25   9,2   13:05   8,3   0,0   3,0   6,2  24,1   10:35   NNW
 4  10,1  11,2   13:36   9,2   01:21   8,2   0,0   0,2   9,1  27,4   09:21     E
 5  12,0  18,4   14:26   9,1   08:24   6,3   0,0   0,2   7,1  24,1   05:07    SE
 6  14,9  19,6   13:48  10,7   01:04   3,5   0,1   0,0  14,2  40,2   03:23   SSE
 7  14,3  18,8   13:32  11,2   01:58   4,0   0,0   0,0  12,2  38,6   10:23   SSE
 8  11,2  14,3   13:01   8,0   23:56   7,1   0,0   0,0   7,5  27,4   13:19    SW
 9   9,1  14,8   14:32   4,0   07:20   9,2   0,0   0,0   3,3  12,9   01:13   SSE
10   9,9  14,9   14:48   6,8   07:11   8,4   0,0   0,0   7,4  27,4   23:27   SSE
11  10,2  14,4   13:08   7,3   07:40   8,0   0,0   0,0  11,1  41,8   13:46   SSW
12  11,6  16,7   13:21   6,8   06:47   6,7   0,0   0,0   8,0  25,7   16:25     S
13  11,6  16,4   12:43   8,5   06:36   6,7   0,0   4,0  13,2  43,5   14:07    SW
14   8,7   9,9   12:48   7,6   23:50   9,5   0,0   0,0  10,8  41,8   13:05   WNW
15   7,3   9,2   13:06   3,9   23:50  11,0   0,0   0,0   4,9  22,5   12:14    NE
16   4,0   6,4   12:11   1,9   23:09  14,3   0,0   0,0  13,8  40,2   19:47   ENE
17   0,9   5,1   14:04  -1,8   07:28  17,4   0,0   0,0  13,2  40,2   15:25   ENE
18  -0,4   2,3   14:03  -3,8   07:18  18,7   0,0   0,0   5,2  22,5   04:06   NNE
19  -0,2   0,6   13:07  -1,2   03:15  18,5   0,0   0,0  11,8  43,5   19:22   ENE
20  -0,2   0,3   11:21  -0,8   08:08  18,5   0,0   0,0  16,6  46,7   14:03   ENE
21  -0,1   0,3   10:22  -0,6   03:36  18,4   0,0   0,0  13,2  38,6   14:59   ENE
22   0,0   0,7   15:00  -0,6   04:05  18,3   0,0   0,2   7,5  30,6   00:01   ENE
23   2,1   4,7   14:04   0,3   00:01  16,2   0,0   0,8   4,2  16,1   08:29   ESE
24   4,1   6,8   14:28   0,9   03:13  14,2   0,0   1,2   9,1  32,2   19:54    SW
25   5,3   6,9   14:54   3,9   21:42  13,0   0,0   0,0   6,5  33,8   23:43   SSW
26   3,3   4,9   04:51  -0,4   23:52  15,0   0,0   0,2  11,8  49,9   15:43    NE
27  -1,0   0,3   16:34  -3,1   23:53  19,3   0,0   0,0   9,5  38,6   00:23    NE
28  -1,5   0,3   12:22  -4,3   23:53  19,8   0,0   0,0   8,3  32,2   10:45   ENE
29  -4,2  -1,2   13:40  -6,4   07:14  22,5   0,0   0,0   9,5  29,0   01:50   ESE
30  -2,5   0,6   11:49  -5,4   00:00  20,8   0,0   0,0   6,8  27,4   11:25   SSE
----------------------------------------------------------------------------------
     6,1  20,3     1    -6,4    29   367,0   0,4  10,0   9,4  49,9    26     ESE

Max >=  20,0:  1
Max <=  10,0: 17
Min <=   0,0: 11
Min <= -10,0:  0
Max Rain: 4,0 on day 13
Days of Rain: 9 (>= 0,2 mm)  2 (>= 2,0 mm)  0 (>= 20,0 mm)
Heat Base: 18,3  Cool Base: 18,3  Method: Integration