Raporty NOAA

Zaznacz rok lub miesiac
V/Λ2019 > Sty Lut Mar Kwi Maj Cze Lip Sie Wrz Paz Lis Gru
V/Λ2018 > Sty Lut Mar Kwi Maj Cze Lip Sie Wrz Paz Lis Gru
V/Λ2017 > Sty Lut Mar Kwi Maj Cze Lip Sie Wrz Paz Lis Gru
V/Λ2016 > Sty Lut Mar Kwi Maj Cze Lip Sie Wrz Paz Lis Gru
V/Λ2015 > Sty Lut Mar Kwi Maj Cze Lip Sie Wrz Paz Lis Gru
V/Λ2014 > Sty Lut Mar Kwi Maj Cze Lip Sie Wrz Paz Lis Gru
V/Λ2013 > Sty Lut Mar Kwi Maj Cze Lip Sie Wrz Paz Lis Gru
V/Λ2012 > Sty Lut Mar Kwi Maj Cze Lip Sie Wrz Paz Lis Gru
V/Λ2011 > Sty Lut Mar Kwi Maj Cze Lip Sie Wrz Paz Lis Gru

Raport z 2018 Gru
                   Monthly Climatological Summary for gru 2018

Name: Rybnik-Smolna   City: Rybnik-Smolna   State: Slaskie
Elevation: 273 m  Lat: N 50° 05' 14"   Lon: E 018° 31' 39"

                  Temperature (°C), Rain (mm), Wind Speed (km/h)

                                      Heat  Cool        Avg
    Mean                              Deg   Deg         Wind                 Dom
Day Temp  High   Time   Low    Time   Days  Days  Rain  Speed High   Time    Dir
----------------------------------------------------------------------------------
 1  -3,5  -1,6   19:47  -6,1   04:20  21,8   0,0   0,0  17,2  46,7   09:42   SSW
 2   0,5   2,8   12:35  -2,0   07:34  17,7   0,0   5,8  18,8  48,3   03:39    SW
 3   4,5   6,2   21:04   1,7   00:00  13,8   0,0   2,8  24,1  61,2   02:29   SSW
 4   5,6   7,8   12:39   2,2   23:58  12,7   0,0   4,6  14,9  51,5   12:57   WSW
 5   1,6   4,3   14:32  -1,3   23:57  16,7   0,0   0,0   9,0  25,7   05:13     W
 6  -0,2   2,9   14:01  -3,2   08:21  16,5   0,0   0,2  13,7  56,3   18:50   SSW
 7   4,3   6,8   18:35   0,9   00:00  14,0   0,0   2,2  23,2  51,5   00:13   SSW
 8   6,0   7,7   11:37   4,8   00:13  12,3   0,0   2,0  21,3  51,5   21:33    SW
 9   6,2   7,6   11:29   5,0   02:14  12,1   0,0   4,4  23,4  61,2   11:15   SSW
10   3,3   5,7   00:00   0,9   23:43  14,9   0,0   3,2  18,7  66,0   07:23     W
11   0,6   1,3   00:27   0,0   05:11  17,7   0,0   3,2  13,0  38,6   00:27   WSW
12   0,5   1,2   12:37  -0,9   23:43  17,7   0,0   1,8   8,4  25,7   11:07     N
13  -0,8   0,1   13:59  -1,9   09:06  18,9   0,0   0,0   3,3  17,7   07:18    NW
14  -1,0   0,0   00:31  -1,8   15:06  19,3   0,0   0,2   6,5  29,0   08:18   ENE
15  -1,2  -0,6   03:03  -2,2   22:15  19,4   0,0   0,0  11,2  46,7   11:13    NE
16  -1,9  -1,2   17:48  -2,8   21:59  20,2   0,0   0,0   6,7  29,0   14:12   SSW
17  -1,1   0,4   14:33  -3,3   02:55  19,3   0,0   0,0  11,0  29,0   07:32   SSW
18   0,5   2,2   14:55  -1,6   23:08  17,8   0,0   0,0   6,1  24,1   00:02     S
19  -3,3  -1,3   13:22  -4,4   09:06  21,6   0,0   0,0   5,8  20,9   12:14   ESE
20  -1,3  -0,2   23:44  -3,0   05:20  19,5   0,0   0,0  16,1  51,5   13:20    SW
21   2,1   4,4   22:31  -0,4   00:06  16,2   0,0   1,2  21,1  59,5   21:29   SSW
22   6,3   8,3   12:10   3,8   23:09  12,0   0,0   2,4  25,4  66,0   01:43    SW
23   4,2   5,6   15:40   2,6   03:32  14,1   0,0   2,0  11,9  33,8   22:58    SW
24   1,1   4,9   00:00  -1,8   21:41  17,2   0,0   2,8  17,2  56,3   08:43    NW
25   0,3   2,7   22:38  -1,8   05:19  18,0   0,0   3,2  15,7  48,3   00:12     W
26   3,1   4,0   11:41   2,1   01:39  15,2   0,0   0,6  18,6  46,7   12:28     W
27   3,8   5,6   19:10   2,3   04:27  14,5   0,0   0,8  12,4  29,0   08:52    SW
28   4,1   4,8   00:00   3,4   09:57  14,2   0,0   2,0  11,8  33,8   17:28     W
29   3,4   3,9   00:00   2,5   08:00  14,8   0,0   1,4  11,0  29,0   21:27   WSW
30   3,0   3,9   15:36   1,9   08:53  15,3   0,0   6,0  17,8  53,1   15:37   WSW
31   1,8   2,9   00:00   1,1   22:11  16,5   0,0   1,0  12,5  49,9   00:23    NW
----------------------------------------------------------------------------------
     1,7   8,3    22    -6,1     1   511,9   0,0  53,8  14,5  66,0    10     WSW

Max >=  20,0:  0
Max <=  10,0: 31
Min <=   0,0: 17
Min <= -10,0:  0
Max Rain: 6,0 on day 30
Days of Rain: 22 (>= 0,2 mm)  14 (>= 2,0 mm)  0 (>= 20,0 mm)
Heat Base: 18,3  Cool Base: 18,3  Method: Integration