Raporty NOAA

Zaznacz rok lub miesiac
V/Λ2019 > Sty Lut Mar Kwi Maj Cze Lip Sie Wrz Paz Lis Gru
V/Λ2018 > Sty Lut Mar Kwi Maj Cze Lip Sie Wrz Paz Lis Gru
V/Λ2017 > Sty Lut Mar Kwi Maj Cze Lip Sie Wrz Paz Lis Gru
V/Λ2016 > Sty Lut Mar Kwi Maj Cze Lip Sie Wrz Paz Lis Gru
V/Λ2015 > Sty Lut Mar Kwi Maj Cze Lip Sie Wrz Paz Lis Gru
V/Λ2014 > Sty Lut Mar Kwi Maj Cze Lip Sie Wrz Paz Lis Gru
V/Λ2013 > Sty Lut Mar Kwi Maj Cze Lip Sie Wrz Paz Lis Gru
V/Λ2012 > Sty Lut Mar Kwi Maj Cze Lip Sie Wrz Paz Lis Gru
V/Λ2011 > Sty Lut Mar Kwi Maj Cze Lip Sie Wrz Paz Lis Gru

Raport z 2019 Sty
                   Monthly Climatological Summary for sty 2019

Name: Rybnik-Smolna   City: Rybnik-Smolna   State: Slaskie
Elevation: 273 m  Lat: N 50° 05' 14"   Lon: E 018° 31' 39"

                  Temperature (°C), Rain (mm), Wind Speed (km/h)

                                      Heat  Cool        Avg
    Mean                              Deg   Deg         Wind                 Dom
Day Temp  High   Time   Low    Time   Days  Days  Rain  Speed High   Time    Dir
----------------------------------------------------------------------------------
 1   2,9   6,4   18:51   0,3   23:20  15,4   0,0   2,0  22,3  70,8   19:17    SW
 2   0,0   2,2   01:26  -2,1   23:42  18,3   0,0   0,8  23,4  61,2   02:56    NW
 3  -2,9  -1,4   13:19  -3,9   21:12  21,2   0,0   0,0  19,7  53,1   13:25    NW
 4  -3,4  -2,3   12:59  -4,4   08:30  21,7   0,0   0,0  13,2  53,1   13:25   WSW
 5   0,2   2,2   13:33  -2,4   00:00  17,9   0,0   5,0  16,0  38,6   14:26     W
 6  -2,0   0,6   00:00  -5,3   23:16  20,3   0,0   0,0  14,3  46,7   08:40     N
 7  -5,7  -3,3   13:56  -9,8   06:33  24,0   0,0   0,0   7,4  37,0   23:57     S
 8  -1,0   1,2   19:29  -3,5   01:16  19,3   0,0   1,2  24,2  53,1   05:33   SSW
 9   0,6   1,5   13:21  -0,1   23:55  17,7   0,0   3,0   5,7  33,8   00:01    SW
10  -1,7   0,2   00:05  -4,1   23:26  20,0   0,0   0,0  10,4  33,8   08:52     N
11  -4,1  -2,7   14:37  -5,8   05:33  22,4   0,0   0,0  12,6  46,7   21:01    SW
12   0,5   1,9   21:04  -2,8   00:00  17,8   0,0   2,0  16,7  43,5   23:50    SW
13   1,8   3,1   16:45   0,3   02:47  16,5   0,0   3,8  22,4  57,9   20:03    SW
14   0,8   4,5   04:42  -3,1   21:21  17,5   0,0   0,8  24,6  72,4   10:51   WNW
15  -0,5   1,9   23:25  -2,3   06:38  18,8   0,0   3,2  19,7  51,5   09:50   WSW
16   3,2   4,8   13:19   1,9   00:00  15,1   0,0   3,4  19,1  41,8   01:05    SW
17   5,1   7,2   15:01   2,8   00:04  13,1   0,0   0,0  24,3  56,3   05:33    SW
18   0,8   5,6   00:00  -3,7   23:59  17,5   0,0   0,2  16,3  53,1   01:30     W
19  -2,8   1,6   13:45  -5,9   07:16  21,1   0,0   0,0   5,0  17,7   08:40     S
20  -3,3  -0,3   12:53  -5,4   01:32  21,6   0,0   0,0   3,8  16,1   18:51     N
21  -6,8  -4,7   02:00  -8,6   05:19  25,1   0,0   0,0   2,2  16,1   05:16   ESE
22  -6,6  -1,8   14:48  -9,4   07:20  24,9   0,0   0,0   4,7  24,1   21:36    SE
23  -6,1  -4,3   14:15  -8,3   00:00  24,3   0,0   0,0  15,8  43,5   22:09     E
24  -6,0  -5,4   14:14  -6,6   08:59  24,3   0,0   0,0  14,4  46,7   09:18   ENE
25  -5,8  -5,1   14:45  -6,8   08:13  24,1   0,0   0,0   8,5  35,4   15:49   WNW
26  -3,3  -0,7   22:17  -5,8   05:41  21,5   0,0   0,0  15,2  48,3   10:18   SSW
27   1,8   4,8   14:32  -0,8   00:00  16,5   0,0   0,0  12,0  38,6   17:58   SSW
28   0,5   1,8   01:02  -0,4   23:59  17,8   0,0   3,4   7,7  29,0   07:12   SSW
29   0,4   1,7   11:28  -1,0   02:01  17,8   0,0   0,6  11,9  38,6   04:40    SW
30   0,3   3,8   14:54  -2,0   07:30  18,0   0,0   0,4   3,2  17,7   04:10    SE
31  -0,7   2,3   13:25  -2,8   23:01  19,0   0,0   0,0   6,5  30,6   12:54   SSW
----------------------------------------------------------------------------------
    -1,4   7,2    17    -9,8     7   610,5   0,0  29,8  13,6  72,4    14     WSW

Max >=  20,0:  0
Max <=  10,0: 31
Min <=   0,0: 27
Min <= -10,0:  0
Max Rain: 5,0 on day 5
Days of Rain: 14 (>= 0,2 mm)  8 (>= 2,0 mm)  0 (>= 20,0 mm)
Heat Base: 18,3  Cool Base: 18,3  Method: Integration