Raporty NOAA

Zaznacz rok lub miesiac
V/Λ2019 > Sty Lut Mar Kwi Maj Cze Lip Sie Wrz Paz Lis Gru
V/Λ2018 > Sty Lut Mar Kwi Maj Cze Lip Sie Wrz Paz Lis Gru
V/Λ2017 > Sty Lut Mar Kwi Maj Cze Lip Sie Wrz Paz Lis Gru
V/Λ2016 > Sty Lut Mar Kwi Maj Cze Lip Sie Wrz Paz Lis Gru
V/Λ2015 > Sty Lut Mar Kwi Maj Cze Lip Sie Wrz Paz Lis Gru
V/Λ2014 > Sty Lut Mar Kwi Maj Cze Lip Sie Wrz Paz Lis Gru
V/Λ2013 > Sty Lut Mar Kwi Maj Cze Lip Sie Wrz Paz Lis Gru
V/Λ2012 > Sty Lut Mar Kwi Maj Cze Lip Sie Wrz Paz Lis Gru
V/Λ2011 > Sty Lut Mar Kwi Maj Cze Lip Sie Wrz Paz Lis Gru

Raport z 2019 Lut
                   Monthly Climatological Summary for lut 2019

Name: Rybnik-Smolna   City: Rybnik-Smolna   State: Slaskie
Elevation: 273 m  Lat: N 50° 05' 14"   Lon: E 018° 31' 39"

                  Temperature (°C), Rain (mm), Wind Speed (km/h)

                                      Heat  Cool        Avg
    Mean                              Deg   Deg         Wind                 Dom
Day Temp  High   Time   Low    Time   Days  Days  Rain  Speed High   Time    Dir
----------------------------------------------------------------------------------
 1   2,4   7,9   23:58  -2,7   00:53  15,9   0,0   0,0  10,1  35,4   23:34    SE
 2  10,2  12,8   14:46   7,6   01:37   8,1   0,0   0,2  15,0  64,4   03:27   SSE
 3   2,7   9,0   00:08  -0,3   22:07  15,7   0,0   3,6   9,7  29,0   05:58    NW
 4  -0,6   0,0   18:54  -1,4   23:06  18,9   0,0   0,0   9,7  37,0   02:36   WNW
 5  -2,2   1,2   14:42  -6,7   08:27  20,5   0,0   0,8   8,6  40,2   12:15   SSW
 6  -0,7   3,3   14:08  -3,1   00:00  19,0   0,0   1,2   6,7  24,1   23:49     S
 7   0,8   5,6   15:27  -2,7   05:12  17,5   0,0   0,0  18,6  48,3   20:21   SSW
 8   2,1   5,1   14:35  -0,4   23:49  16,2   0,0   0,0  15,4  38,6   03:26   SSW
 9   2,9   5,8   13:15  -0,9   01:24  15,4   0,0   0,0  18,7  59,5   13:30   SSW
10   5,3   8,4   14:40   1,8   07:22  13,0   0,0   0,2  14,2  45,1   00:22     S
11   4,1   7,2   00:20   1,4   21:55  14,2   0,0   0,8  22,8  59,5   13:41   WSW
12   1,3   3,1   15:45  -0,4   08:39  17,0   0,0   0,2  19,1  54,7   03:14    NW
13   1,6   4,6   23:55  -0,6   01:29  16,7   0,0   0,4  14,5  35,4   16:20   WSW
14   5,2   5,8   14:31   4,4   01:23  13,1   0,0   0,6   8,3  24,1   10:15   WNW
15   6,0   9,8   15:21   3,3   23:55  12,3   0,0   0,0   6,8  22,5   14:14   WSW
16   6,3  13,2   15:34   0,5   06:52  12,0   0,0   0,0  11,3  48,3   22:59   SSW
17   8,0  13,9   13:56   4,2   05:57  10,3   0,0   0,0  11,6  37,0   01:16   SSW
18   7,7  13,8   14:32   3,7   06:14  10,6   0,0   0,0  14,9  33,8   03:29   SSW
19   6,9  10,8   14:36   3,3   07:29  11,4   0,0   0,2  16,5  62,8   11:18    SW
20   5,6   8,2   13:30   3,6   08:33  12,7   0,0   0,0  14,6  51,5   13:49     W
21   5,8   9,2   12:40   3,9   07:11  12,5   0,0   4,2  13,7  33,8   14:25   WSW
22   0,9   6,0   05:21  -4,9   23:58  17,5   0,0   3,6  15,1  53,1   08:15   NNE
23  -3,3  -0,1   15:18  -7,2   07:04  21,5   0,0   0,0   5,8  27,4   03:15    NE
----------------------------------------------------------------------------------
     3,4  13,9    17    -7,2    23   342,0   0,0  16,0  13,1  64,4     2      SW

Max >=  20,0:  0
Max <=  10,0: 18
Min <=   0,0: 12
Min <= -10,0:  0
Max Rain: 4,2 on day 21
Days of Rain: 12 (>= 0,2 mm)  3 (>= 2,0 mm)  0 (>= 20,0 mm)
Heat Base: 18,3  Cool Base: 18,3  Method: Integration